{"id":604038,"date":"2022-11-22T16:21:16","date_gmt":"2022-11-22T16:21:16","guid":{"rendered":"https:\/\/aukinkochile.com\/web\/producto\/juego-coordinacion-joe\/"},"modified":"2025-07-28T16:48:47","modified_gmt":"2025-07-28T16:48:47","slug":"juego-coordinacion-joe","status":"publish","type":"product","link":"https:\/\/aukinkochile.com\/web\/producto\/juego-coordinacion-joe\/","title":{"rendered":"Juego Coordinaci\u00f3n Joe"},"content":{"rendered":"<p>El drag\u00f3n Joe est\u00e1 durmiendo encima de un cofre enorme. \u00bfQuieres descubrir lo que oculta? Elige una carta, realiza la misi\u00f3n y convi\u00e9rtete en el primero o la primera en llegar al cofre. \u00a1Suerte! Estimula la coordinaci\u00f3n, la observaci\u00f3n y la l\u00f3gica.<\/p>\n<p><p><strong>Material : <\/strong> Cart\u00f3n y Espuma<\/p>\n<p><strong>C\u00f3digo Aukinko : <\/strong> 09-783379<\/p>\n<p><strong>C\u00f3digo Convenio Marco : <\/strong> x<\/p>\n","protected":false},"excerpt":{"rendered":"<p>El drag\u00f3n Joe est\u00e1 durmiendo encima de un cofre enorme. \u00bfQuieres descubrir lo que oculta? Elige una carta, realiza la misi\u00f3n y convi\u00e9rtete en el primero o la primera en llegar al cofre. \u00a1Suerte! Estimula la coordinaci\u00f3n, la observaci\u00f3n y la l\u00f3gica. Material : Cart\u00f3n y Espuma C\u00f3digo Aukinko : 09-783379 C\u00f3digo Convenio Marco : [&hellip;]<\/p>\n","protected":false},"featured_media":604037,"comment_status":"open","ping_status":"closed","template":"","meta":{"_et_pb_use_builder":"","_et_pb_old_content":"","_et_gb_content_width":""},"product_brand":[],"product_cat":[20,18],"product_tag":[],"class_list":{"0":"post-604038","1":"product","2":"type-product","3":"status-publish","4":"has-post-thumbnail","6":"product_cat-motricidad-fina","7":"product_cat-motricidad-gruesa","8":"pa_edad-4-a-5-anos","9":"pa_edad-5-a-6-anos","10":"pa_marca-lilliputiens","11":"pa_medidas-10-x-10-x-10-cm","13":"first","14":"instock","15":"shipping-taxable","16":"purchasable","17":"product-type-simple"},"aioseo_notices":[],"_links":{"self":[{"href":"https:\/\/aukinkochile.com\/web\/wp-json\/wp\/v2\/product\/604038","targetHints":{"allow":["GET"]}}],"collection":[{"href":"https:\/\/aukinkochile.com\/web\/wp-json\/wp\/v2\/product"}],"about":[{"href":"https:\/\/aukinkochile.com\/web\/wp-json\/wp\/v2\/types\/product"}],"replies":[{"embeddable":true,"href":"https:\/\/aukinkochile.com\/web\/wp-json\/wp\/v2\/comments?post=604038"}],"wp:featuredmedia":[{"embeddable":true,"href":"https:\/\/aukinkochile.com\/web\/wp-json\/wp\/v2\/media\/604037"}],"wp:attachment":[{"href":"https:\/\/aukinkochile.com\/web\/wp-json\/wp\/v2\/media?parent=604038"}],"wp:term":[{"taxonomy":"product_brand","embeddable":true,"href":"https:\/\/aukinkochile.com\/web\/wp-json\/wp\/v2\/product_brand?post=604038"},{"taxonomy":"product_cat","embeddable":true,"href":"https:\/\/aukinkochile.com\/web\/wp-json\/wp\/v2\/product_cat?post=604038"},{"taxonomy":"product_tag","embeddable":true,"href":"https:\/\/aukinkochile.com\/web\/wp-json\/wp\/v2\/product_tag?post=604038"}],"curies":[{"name":"wp","href":"https:\/\/api.w.org\/{rel}","templated":true}]}}