{"id":603981,"date":"2022-11-22T16:20:49","date_gmt":"2022-11-22T16:20:49","guid":{"rendered":"https:\/\/aukinkochile.com\/web\/producto\/libro-genero-pablo\/"},"modified":"2025-07-28T16:48:18","modified_gmt":"2025-07-28T16:48:18","slug":"libro-genero-pablo","status":"publish","type":"product","link":"https:\/\/aukinkochile.com\/web\/producto\/libro-genero-pablo\/","title":{"rendered":"Libro Genero Pablo"},"content":{"rendered":"<p>\u00bfQui\u00e9n est\u00e1 escondido detr\u00e1s del tuc\u00e1n Pablo? \u00bfY de qui\u00e9n son estas patitas larguiruchas? A lo mejor son del flamenco Ana\u00efs \u00bflo comprobamos? Un libro blandito para los peque\u00f1os m\u00e1s curiosos, que les animar\u00e1 a explorar y descubrir los diferentes animales que se esconden en cada p\u00e1gina. Realizado en material suave y resistente.<\/p>\n<p><p><strong>Material : <\/strong> Genero<\/p>\n<p><strong>C\u00f3digo Aukinko : <\/strong> 09-783212<\/p>\n<p><strong>C\u00f3digo Convenio Marco : <\/strong> x<\/p>\n","protected":false},"excerpt":{"rendered":"<p>\u00bfQui\u00e9n est\u00e1 escondido detr\u00e1s del tuc\u00e1n Pablo? \u00bfY de qui\u00e9n son estas patitas larguiruchas? A lo mejor son del flamenco Ana\u00efs \u00bflo comprobamos? Un libro blandito para los peque\u00f1os m\u00e1s curiosos, que les animar\u00e1 a explorar y descubrir los diferentes animales que se esconden en cada p\u00e1gina. Realizado en material suave y resistente. Material : [&hellip;]<\/p>\n","protected":false},"featured_media":626856,"comment_status":"open","ping_status":"closed","template":"","meta":{"_et_pb_use_builder":"","_et_pb_old_content":"","_et_gb_content_width":""},"product_brand":[],"product_cat":[151,23],"product_tag":[],"class_list":{"0":"post-603981","1":"product","2":"type-product","3":"status-publish","4":"has-post-thumbnail","6":"product_cat-lenguaje","7":"product_cat-primeros-anos","8":"pa_edad-0-a-1-ano","9":"pa_edad-1-a-2-anos","10":"pa_edad-2-a-3-anos","11":"pa_edad-3-a-4-anos","12":"pa_marca-lilliputiens","13":"pa_medidas-24-x-23-x-3-cm","15":"first","16":"instock","17":"shipping-taxable","18":"purchasable","19":"product-type-simple"},"aioseo_notices":[],"_links":{"self":[{"href":"https:\/\/aukinkochile.com\/web\/wp-json\/wp\/v2\/product\/603981","targetHints":{"allow":["GET"]}}],"collection":[{"href":"https:\/\/aukinkochile.com\/web\/wp-json\/wp\/v2\/product"}],"about":[{"href":"https:\/\/aukinkochile.com\/web\/wp-json\/wp\/v2\/types\/product"}],"replies":[{"embeddable":true,"href":"https:\/\/aukinkochile.com\/web\/wp-json\/wp\/v2\/comments?post=603981"}],"wp:featuredmedia":[{"embeddable":true,"href":"https:\/\/aukinkochile.com\/web\/wp-json\/wp\/v2\/media\/626856"}],"wp:attachment":[{"href":"https:\/\/aukinkochile.com\/web\/wp-json\/wp\/v2\/media?parent=603981"}],"wp:term":[{"taxonomy":"product_brand","embeddable":true,"href":"https:\/\/aukinkochile.com\/web\/wp-json\/wp\/v2\/product_brand?post=603981"},{"taxonomy":"product_cat","embeddable":true,"href":"https:\/\/aukinkochile.com\/web\/wp-json\/wp\/v2\/product_cat?post=603981"},{"taxonomy":"product_tag","embeddable":true,"href":"https:\/\/aukinkochile.com\/web\/wp-json\/wp\/v2\/product_tag?post=603981"}],"curies":[{"name":"wp","href":"https:\/\/api.w.org\/{rel}","templated":true}]}}