{"id":603943,"date":"2022-11-22T16:20:16","date_gmt":"2022-11-22T16:20:16","guid":{"rendered":"https:\/\/aukinkochile.com\/web\/producto\/encaje-genero-piramide-marius\/"},"modified":"2025-07-28T16:47:43","modified_gmt":"2025-07-28T16:47:43","slug":"encaje-genero-piramide-marius","status":"publish","type":"product","link":"https:\/\/aukinkochile.com\/web\/producto\/encaje-genero-piramide-marius\/","title":{"rendered":"Encaje Genero Pir\u00e1mide Marius"},"content":{"rendered":"<p>A tu beb\u00e9 le encantar\u00e1 descubrir la pir\u00e1mide de Marius, que esconde un mont\u00f3n de formas, colores y personajes conocidos. A trav\u00e9s de peque\u00f1os escondites, los ni\u00f1os y ni\u00f1as se divertir\u00e1n buscando sonajeros y coloc\u00e1ndolos en sitios distintos. Este juguete le ayudar\u00e1 a mejorar su coordinaci\u00f3n entre las manos y la vista al buscar d\u00f3nde encaja cada elemento. No solo es bonito y divertido, sino que es extraordinario para desarrollar sus habilidades motrices.<\/p>\n<p><p><strong>Material : <\/strong> Genero<\/p>\n<p><strong>C\u00f3digo Aukinko : <\/strong> 09-783067<\/p>\n<p><strong>C\u00f3digo Convenio Marco : <\/strong> x<\/p>\n","protected":false},"excerpt":{"rendered":"<p>A tu beb\u00e9 le encantar\u00e1 descubrir la pir\u00e1mide de Marius, que esconde un mont\u00f3n de formas, colores y personajes conocidos. A trav\u00e9s de peque\u00f1os escondites, los ni\u00f1os y ni\u00f1as se divertir\u00e1n buscando sonajeros y coloc\u00e1ndolos en sitios distintos. Este juguete le ayudar\u00e1 a mejorar su coordinaci\u00f3n entre las manos y la vista al buscar d\u00f3nde [&hellip;]<\/p>\n","protected":false},"featured_media":626825,"comment_status":"open","ping_status":"closed","template":"","meta":{"_et_pb_use_builder":"","_et_pb_old_content":"","_et_gb_content_width":""},"product_brand":[],"product_cat":[150,19,20,23],"product_tag":[],"class_list":{"0":"post-603943","1":"product","2":"type-product","3":"status-publish","4":"has-post-thumbnail","6":"product_cat-asociacion-y-logica","7":"product_cat-construccion","8":"product_cat-motricidad-fina","9":"product_cat-primeros-anos","10":"pa_edad-0-a-1-ano","11":"pa_edad-1-a-2-anos","12":"pa_marca-lilliputiens","13":"pa_medidas-19-x-19-x-19-cm","15":"first","16":"instock","17":"shipping-taxable","18":"purchasable","19":"product-type-simple"},"aioseo_notices":[],"_links":{"self":[{"href":"https:\/\/aukinkochile.com\/web\/wp-json\/wp\/v2\/product\/603943","targetHints":{"allow":["GET"]}}],"collection":[{"href":"https:\/\/aukinkochile.com\/web\/wp-json\/wp\/v2\/product"}],"about":[{"href":"https:\/\/aukinkochile.com\/web\/wp-json\/wp\/v2\/types\/product"}],"replies":[{"embeddable":true,"href":"https:\/\/aukinkochile.com\/web\/wp-json\/wp\/v2\/comments?post=603943"}],"wp:featuredmedia":[{"embeddable":true,"href":"https:\/\/aukinkochile.com\/web\/wp-json\/wp\/v2\/media\/626825"}],"wp:attachment":[{"href":"https:\/\/aukinkochile.com\/web\/wp-json\/wp\/v2\/media?parent=603943"}],"wp:term":[{"taxonomy":"product_brand","embeddable":true,"href":"https:\/\/aukinkochile.com\/web\/wp-json\/wp\/v2\/product_brand?post=603943"},{"taxonomy":"product_cat","embeddable":true,"href":"https:\/\/aukinkochile.com\/web\/wp-json\/wp\/v2\/product_cat?post=603943"},{"taxonomy":"product_tag","embeddable":true,"href":"https:\/\/aukinkochile.com\/web\/wp-json\/wp\/v2\/product_tag?post=603943"}],"curies":[{"name":"wp","href":"https:\/\/api.w.org\/{rel}","templated":true}]}}