{"id":600058,"date":"2022-10-14T15:41:33","date_gmt":"2022-10-14T15:41:33","guid":{"rendered":"https:\/\/aukinkochile.com\/web\/producto\/manualidades-telar-madera\/"},"modified":"2025-11-06T20:10:13","modified_gmt":"2025-11-06T20:10:13","slug":"manualidades-telar-madera","status":"publish","type":"product","link":"https:\/\/aukinkochile.com\/web\/producto\/manualidades-telar-madera\/","title":{"rendered":"Telar Madera"},"content":{"rendered":"<p> Hermoso telar de madera de excelente calidad y dise\u00f1o. Incluye 2 enhebradores grandes de madera con 2 lanas de colores y un peine pl\u00e1stico para apretar el tejido. El telar ya viene hilado. Una manera f\u00e1cil de aprender a telar y divertirse con las manualidades. Un juego ideal para estimular el desarrollo de las habilidades motoras finas y la creatividad de los m\u00e1s peque\u00f1os. Fabricado en material suave y resistente. <\/p>\n<p><p><strong>Material : <\/strong> Madera<\/p>\n<p><strong>C\u00f3digo Aukinko : <\/strong> 18-258392<\/p>\n<p><strong>C\u00f3digo Convenio Marco : <\/strong> x<\/p>\n","protected":false},"excerpt":{"rendered":"<p>Hermoso telar de madera de excelente calidad y dise\u00f1o. Incluye 2 enhebradores grandes de madera con 2 lanas de colores y un peine pl\u00e1stico para apretar el tejido. El telar ya viene hilado. Una manera f\u00e1cil de aprender a telar y divertirse con las manualidades. Un juego ideal para estimular el desarrollo de las habilidades [&hellip;]<\/p>\n","protected":false},"featured_media":625121,"comment_status":"open","ping_status":"closed","template":"","meta":{"_et_pb_use_builder":"","_et_pb_old_content":"","_et_gb_content_width":""},"product_brand":[],"product_cat":[91,21,20],"product_tag":[],"class_list":{"0":"post-600058","1":"product","2":"type-product","3":"status-publish","4":"has-post-thumbnail","6":"product_cat-accesorios-sala","7":"product_cat-arte-y-manipulacion","8":"product_cat-motricidad-fina","9":"pa_edad-10-anos","10":"pa_edad-3-a-4-anos","11":"pa_edad-4-a-5-anos","12":"pa_edad-5-a-6-anos","13":"pa_edad-6-a-8-anos","14":"pa_edad-8-a-10-anos","15":"pa_marca-viga","16":"pa_medidas-35-x-3","17":"pa_medidas-4-cm","18":"pa_medidas-5-x-41","20":"first","21":"instock","22":"shipping-taxable","23":"purchasable","24":"product-type-simple"},"aioseo_notices":[],"_links":{"self":[{"href":"https:\/\/aukinkochile.com\/web\/wp-json\/wp\/v2\/product\/600058","targetHints":{"allow":["GET"]}}],"collection":[{"href":"https:\/\/aukinkochile.com\/web\/wp-json\/wp\/v2\/product"}],"about":[{"href":"https:\/\/aukinkochile.com\/web\/wp-json\/wp\/v2\/types\/product"}],"replies":[{"embeddable":true,"href":"https:\/\/aukinkochile.com\/web\/wp-json\/wp\/v2\/comments?post=600058"}],"wp:featuredmedia":[{"embeddable":true,"href":"https:\/\/aukinkochile.com\/web\/wp-json\/wp\/v2\/media\/625121"}],"wp:attachment":[{"href":"https:\/\/aukinkochile.com\/web\/wp-json\/wp\/v2\/media?parent=600058"}],"wp:term":[{"taxonomy":"product_brand","embeddable":true,"href":"https:\/\/aukinkochile.com\/web\/wp-json\/wp\/v2\/product_brand?post=600058"},{"taxonomy":"product_cat","embeddable":true,"href":"https:\/\/aukinkochile.com\/web\/wp-json\/wp\/v2\/product_cat?post=600058"},{"taxonomy":"product_tag","embeddable":true,"href":"https:\/\/aukinkochile.com\/web\/wp-json\/wp\/v2\/product_tag?post=600058"}],"curies":[{"name":"wp","href":"https:\/\/api.w.org\/{rel}","templated":true}]}}