{"id":598665,"date":"2022-10-04T19:11:48","date_gmt":"2022-10-04T19:11:48","guid":{"rendered":"https:\/\/aukinkochile.com\/web\/producto\/magnetico-viste-a-emma\/"},"modified":"2024-11-11T21:10:56","modified_gmt":"2024-11-11T21:10:56","slug":"magnetico-viste-a-emma","status":"publish","type":"product","link":"https:\/\/aukinkochile.com\/web\/producto\/magnetico-viste-a-emma\/","title":{"rendered":"Magn\u00e9tico Viste a Emma"},"content":{"rendered":"<p>Preciosa mu\u00f1eca magn\u00e9tica de gran tama\u00f1o para jugar a vestirla. Este juego cl\u00e1sico y f\u00e1cil de jugar cuenta con un dise\u00f1o atractivo y dulce que recuerda a los recortables de siempre. Es apto para ni\u00f1as y ni\u00f1os de diferentes edades y favorece el desarrollo de la sensibilidad est\u00e9tica. La mu\u00f1eca mide 35 cm de alto e incluye 6 l\u00e1minas de vestidos y accesorios magn\u00e9ticos. Est\u00e1 hecha de material suave y resistente.<\/p>\n<p><p><strong>Material : <\/strong> Cart\u00f3n Grueso<\/p>\n<p><strong>C\u00f3digo Aukinko : <\/strong> 05-763209<\/p>\n<p><strong>C\u00f3digo Convenio Marco : <\/strong> x<\/p>\n","protected":false},"excerpt":{"rendered":"<p>Preciosa mu\u00f1eca magn\u00e9tica de gran tama\u00f1o para jugar a vestirla. Este juego cl\u00e1sico y f\u00e1cil de jugar cuenta con un dise\u00f1o atractivo y dulce que recuerda a los recortables de siempre. Es apto para ni\u00f1as y ni\u00f1os de diferentes edades y favorece el desarrollo de la sensibilidad est\u00e9tica. La mu\u00f1eca mide 35 cm de alto [&hellip;]<\/p>\n","protected":false},"featured_media":623521,"comment_status":"open","ping_status":"closed","template":"","meta":{"_et_pb_use_builder":"","_et_pb_old_content":"","_et_gb_content_width":""},"product_brand":[],"product_cat":[21,20],"product_tag":[],"class_list":{"0":"post-598665","1":"product","2":"type-product","3":"status-publish","4":"has-post-thumbnail","6":"product_cat-arte-y-manipulacion","7":"product_cat-motricidad-fina","8":"pa_edad-3-a-4-anos","9":"pa_edad-4-a-5-anos","10":"pa_edad-5-a-6-anos","11":"pa_edad-6-a-8-anos","12":"pa_marca-diset","13":"pa_medidas-4410","14":"pa_medidas-3-x-33-cm","15":"pa_medidas-5-x-5","17":"first","18":"instock","19":"shipping-taxable","20":"purchasable","21":"product-type-simple"},"aioseo_notices":[],"_links":{"self":[{"href":"https:\/\/aukinkochile.com\/web\/wp-json\/wp\/v2\/product\/598665","targetHints":{"allow":["GET"]}}],"collection":[{"href":"https:\/\/aukinkochile.com\/web\/wp-json\/wp\/v2\/product"}],"about":[{"href":"https:\/\/aukinkochile.com\/web\/wp-json\/wp\/v2\/types\/product"}],"replies":[{"embeddable":true,"href":"https:\/\/aukinkochile.com\/web\/wp-json\/wp\/v2\/comments?post=598665"}],"wp:featuredmedia":[{"embeddable":true,"href":"https:\/\/aukinkochile.com\/web\/wp-json\/wp\/v2\/media\/623521"}],"wp:attachment":[{"href":"https:\/\/aukinkochile.com\/web\/wp-json\/wp\/v2\/media?parent=598665"}],"wp:term":[{"taxonomy":"product_brand","embeddable":true,"href":"https:\/\/aukinkochile.com\/web\/wp-json\/wp\/v2\/product_brand?post=598665"},{"taxonomy":"product_cat","embeddable":true,"href":"https:\/\/aukinkochile.com\/web\/wp-json\/wp\/v2\/product_cat?post=598665"},{"taxonomy":"product_tag","embeddable":true,"href":"https:\/\/aukinkochile.com\/web\/wp-json\/wp\/v2\/product_tag?post=598665"}],"curies":[{"name":"wp","href":"https:\/\/api.w.org\/{rel}","templated":true}]}}