{"id":598593,"date":"2022-10-04T19:11:02","date_gmt":"2022-10-04T19:11:02","guid":{"rendered":"https:\/\/aukinkochile.com\/web\/producto\/muneca-acc-cama-de-viaje-estrellas\/"},"modified":"2024-11-11T21:10:17","modified_gmt":"2024-11-11T21:10:17","slug":"muneca-acc-cama-de-viaje-estrellas","status":"publish","type":"product","link":"https:\/\/aukinkochile.com\/web\/producto\/muneca-acc-cama-de-viaje-estrellas\/","title":{"rendered":"Cama de Viaje Estrellas"},"content":{"rendered":"<p>Ya puedes llevarte de vacaciones a tus mu\u00f1ecas con esta hermosa cama de viaje plegable y muy pr\u00e1ctica. Incluye bolsa para guardarla y facilitar su transporte. Ideal para mu\u00f1ecas de 30 a 52 cm. Estructura de pl\u00e1stico rosa, con acabado de calidad, muy s\u00f3lida y estable.<\/p>\n<p><p><strong>Material : <\/strong> Genero y Pl\u00e1stico<\/p>\n<p><strong>C\u00f3digo Aukinko : <\/strong> 05-760408<\/p>\n<p><strong>C\u00f3digo Convenio Marco : <\/strong> x<\/p>\n","protected":false},"excerpt":{"rendered":"<p>Ya puedes llevarte de vacaciones a tus mu\u00f1ecas con esta hermosa cama de viaje plegable y muy pr\u00e1ctica. Incluye bolsa para guardarla y facilitar su transporte. Ideal para mu\u00f1ecas de 30 a 52 cm. Estructura de pl\u00e1stico rosa, con acabado de calidad, muy s\u00f3lida y estable. Material : Genero y Pl\u00e1stico C\u00f3digo Aukinko : 05-760408 [&hellip;]<\/p>\n","protected":false},"featured_media":623467,"comment_status":"open","ping_status":"closed","template":"","meta":{"_et_pb_use_builder":"","_et_pb_old_content":"","_et_gb_content_width":""},"product_brand":[],"product_cat":[17],"product_tag":[],"class_list":{"0":"post-598593","1":"product","2":"type-product","3":"status-publish","4":"has-post-thumbnail","6":"product_cat-juegos-de-rol","7":"pa_edad-2-a-3-anos","8":"pa_edad-3-a-4-anos","9":"pa_edad-4-a-5-anos","10":"pa_edad-5-a-6-anos","11":"pa_marca-diset","12":"pa_medidas-53-x-32-x-32-cm","14":"first","15":"instock","16":"shipping-taxable","17":"purchasable","18":"product-type-simple"},"aioseo_notices":[],"_links":{"self":[{"href":"https:\/\/aukinkochile.com\/web\/wp-json\/wp\/v2\/product\/598593","targetHints":{"allow":["GET"]}}],"collection":[{"href":"https:\/\/aukinkochile.com\/web\/wp-json\/wp\/v2\/product"}],"about":[{"href":"https:\/\/aukinkochile.com\/web\/wp-json\/wp\/v2\/types\/product"}],"replies":[{"embeddable":true,"href":"https:\/\/aukinkochile.com\/web\/wp-json\/wp\/v2\/comments?post=598593"}],"wp:featuredmedia":[{"embeddable":true,"href":"https:\/\/aukinkochile.com\/web\/wp-json\/wp\/v2\/media\/623467"}],"wp:attachment":[{"href":"https:\/\/aukinkochile.com\/web\/wp-json\/wp\/v2\/media?parent=598593"}],"wp:term":[{"taxonomy":"product_brand","embeddable":true,"href":"https:\/\/aukinkochile.com\/web\/wp-json\/wp\/v2\/product_brand?post=598593"},{"taxonomy":"product_cat","embeddable":true,"href":"https:\/\/aukinkochile.com\/web\/wp-json\/wp\/v2\/product_cat?post=598593"},{"taxonomy":"product_tag","embeddable":true,"href":"https:\/\/aukinkochile.com\/web\/wp-json\/wp\/v2\/product_tag?post=598593"}],"curies":[{"name":"wp","href":"https:\/\/api.w.org\/{rel}","templated":true}]}}