{"id":598557,"date":"2022-10-04T19:10:44","date_gmt":"2022-10-04T19:10:44","guid":{"rendered":"https:\/\/aukinkochile.com\/web\/producto\/puzle-madera-3-animales-granja\/"},"modified":"2024-11-11T21:09:59","modified_gmt":"2024-11-11T21:09:59","slug":"puzle-madera-3-animales-granja","status":"publish","type":"product","link":"https:\/\/aukinkochile.com\/web\/producto\/puzle-madera-3-animales-granja\/","title":{"rendered":"Puzle Madera 3 Animales Granja"},"content":{"rendered":"<p>Puzle de 3 piezas de madera con asa para facilitar al bebe el manejo de el transporte de el juguete. Las piezas est\u00e1n sujetas a la base por cuerdas, para que est\u00e9n siempre al alcance del bebe cuando este quiera jugar.<\/p>\n<p><p><strong>Material : <\/strong> Madera<\/p>\n<p><strong>C\u00f3digo Aukinko : <\/strong> 05-753452<\/p>\n<p><strong>C\u00f3digo Convenio Marco : <\/strong> x<\/p>\n","protected":false},"excerpt":{"rendered":"<p>Puzle de 3 piezas de madera con asa para facilitar al bebe el manejo de el transporte de el juguete. Las piezas est\u00e1n sujetas a la base por cuerdas, para que est\u00e9n siempre al alcance del bebe cuando este quiera jugar. Material : Madera C\u00f3digo Aukinko : 05-753452 C\u00f3digo Convenio Marco : x<\/p>\n","protected":false},"featured_media":623452,"comment_status":"open","ping_status":"closed","template":"","meta":{"_et_pb_use_builder":"","_et_pb_old_content":"","_et_gb_content_width":""},"product_brand":[],"product_cat":[20,22],"product_tag":[],"class_list":{"0":"post-598557","1":"product","2":"type-product","3":"status-publish","4":"has-post-thumbnail","6":"product_cat-motricidad-fina","7":"product_cat-puzzles","8":"pa_edad-1-a-2-anos","9":"pa_edad-2-a-3-anos","10":"pa_marca-diset","11":"pa_medidas-23-x-20-x-2","12":"pa_medidas-5-cm","14":"first","15":"instock","16":"shipping-taxable","17":"purchasable","18":"product-type-simple"},"aioseo_notices":[],"_links":{"self":[{"href":"https:\/\/aukinkochile.com\/web\/wp-json\/wp\/v2\/product\/598557","targetHints":{"allow":["GET"]}}],"collection":[{"href":"https:\/\/aukinkochile.com\/web\/wp-json\/wp\/v2\/product"}],"about":[{"href":"https:\/\/aukinkochile.com\/web\/wp-json\/wp\/v2\/types\/product"}],"replies":[{"embeddable":true,"href":"https:\/\/aukinkochile.com\/web\/wp-json\/wp\/v2\/comments?post=598557"}],"wp:featuredmedia":[{"embeddable":true,"href":"https:\/\/aukinkochile.com\/web\/wp-json\/wp\/v2\/media\/623452"}],"wp:attachment":[{"href":"https:\/\/aukinkochile.com\/web\/wp-json\/wp\/v2\/media?parent=598557"}],"wp:term":[{"taxonomy":"product_brand","embeddable":true,"href":"https:\/\/aukinkochile.com\/web\/wp-json\/wp\/v2\/product_brand?post=598557"},{"taxonomy":"product_cat","embeddable":true,"href":"https:\/\/aukinkochile.com\/web\/wp-json\/wp\/v2\/product_cat?post=598557"},{"taxonomy":"product_tag","embeddable":true,"href":"https:\/\/aukinkochile.com\/web\/wp-json\/wp\/v2\/product_tag?post=598557"}],"curies":[{"name":"wp","href":"https:\/\/api.w.org\/{rel}","templated":true}]}}