{"id":598550,"date":"2022-10-04T19:10:39","date_gmt":"2022-10-04T19:10:39","guid":{"rendered":"https:\/\/aukinkochile.com\/web\/producto\/puzle-xxl-16-pz-dia-de-campo\/"},"modified":"2024-11-11T21:09:54","modified_gmt":"2024-11-11T21:09:54","slug":"puzle-xxl-16-pz-dia-de-campo","status":"publish","type":"product","link":"https:\/\/aukinkochile.com\/web\/producto\/puzle-xxl-16-pz-dia-de-campo\/","title":{"rendered":"Puzle XXL, 16 pz D\u00eda De Campo"},"content":{"rendered":"<p>Puzle de cart\u00f3n de 16 pza. Gigantes de un d\u00eda de campo. Piezas grandes que facilitan el agarre para los mas peque\u00f1os. Resistentes, colores y personajes hermosas. Tama\u00f1o Puzle montado 55 x 60 cm<\/p>\n<p><p><strong>Material : <\/strong> Cart\u00f3n Duro<\/p>\n<p><strong>C\u00f3digo Aukinko : <\/strong> 05-753427<\/p>\n<p><strong>C\u00f3digo Convenio Marco : <\/strong> x<\/p>\n","protected":false},"excerpt":{"rendered":"<p>Puzle de cart\u00f3n de 16 pza. Gigantes de un d\u00eda de campo. Piezas grandes que facilitan el agarre para los mas peque\u00f1os. Resistentes, colores y personajes hermosas. Tama\u00f1o Puzle montado 55 x 60 cm Material : Cart\u00f3n Duro C\u00f3digo Aukinko : 05-753427 C\u00f3digo Convenio Marco : x<\/p>\n","protected":false},"featured_media":623444,"comment_status":"open","ping_status":"closed","template":"","meta":{"_et_pb_use_builder":"","_et_pb_old_content":"","_et_gb_content_width":""},"product_brand":[],"product_cat":[20,22],"product_tag":[],"class_list":{"0":"post-598550","1":"product","2":"type-product","3":"status-publish","4":"has-post-thumbnail","6":"product_cat-motricidad-fina","7":"product_cat-puzzles","8":"pa_edad-5-a-6-anos","9":"pa_edad-6-a-8-anos","10":"pa_marca-diset","11":"pa_medidas-22-x-30-x-5-cm","13":"first","14":"instock","15":"shipping-taxable","16":"purchasable","17":"product-type-simple"},"aioseo_notices":[],"_links":{"self":[{"href":"https:\/\/aukinkochile.com\/web\/wp-json\/wp\/v2\/product\/598550","targetHints":{"allow":["GET"]}}],"collection":[{"href":"https:\/\/aukinkochile.com\/web\/wp-json\/wp\/v2\/product"}],"about":[{"href":"https:\/\/aukinkochile.com\/web\/wp-json\/wp\/v2\/types\/product"}],"replies":[{"embeddable":true,"href":"https:\/\/aukinkochile.com\/web\/wp-json\/wp\/v2\/comments?post=598550"}],"wp:featuredmedia":[{"embeddable":true,"href":"https:\/\/aukinkochile.com\/web\/wp-json\/wp\/v2\/media\/623444"}],"wp:attachment":[{"href":"https:\/\/aukinkochile.com\/web\/wp-json\/wp\/v2\/media?parent=598550"}],"wp:term":[{"taxonomy":"product_brand","embeddable":true,"href":"https:\/\/aukinkochile.com\/web\/wp-json\/wp\/v2\/product_brand?post=598550"},{"taxonomy":"product_cat","embeddable":true,"href":"https:\/\/aukinkochile.com\/web\/wp-json\/wp\/v2\/product_cat?post=598550"},{"taxonomy":"product_tag","embeddable":true,"href":"https:\/\/aukinkochile.com\/web\/wp-json\/wp\/v2\/product_tag?post=598550"}],"curies":[{"name":"wp","href":"https:\/\/api.w.org\/{rel}","templated":true}]}}