{"id":598496,"date":"2022-10-04T19:10:04","date_gmt":"2022-10-04T19:10:04","guid":{"rendered":"https:\/\/aukinkochile.com\/web\/producto\/juego-de-mesa-bresk\/"},"modified":"2024-11-11T21:09:19","modified_gmt":"2024-11-11T21:09:19","slug":"juego-de-mesa-bresk","status":"publish","type":"product","link":"https:\/\/aukinkochile.com\/web\/producto\/juego-de-mesa-bresk\/","title":{"rendered":"Juego de Mesa Bresk"},"content":{"rendered":"<p>Bresk es un buen juego para aquellos que les gusten los juegos de palabras. Tira el dado y comprueba cuantas letras puedes introducir en tu hoja para poder formar palabras. Adem\u00e1s de ti, cada jugador tambi\u00e9n tiene que colocar tu misma letra as\u00ed que tu decides qu\u00e9 letras son necesarias para ti y innecesarias para los otros jugadores. Como m\u00e1s larga sea la palabra m\u00e1s puntos obtendr\u00e1s. Aseg\u00farate de completar la palabra antes de que acabe el juego, sino, no ser\u00e1 v\u00e1lida. Juego de palabras y f\u00e1cil de jugar. Caja peque\u00f1a f\u00e1cil de transportar.<\/p>\n<p><p><strong>Material : <\/strong> Pl\u00e1stico y Cart\u00f3n Duro<\/p>\n<p><strong>C\u00f3digo Aukinko : <\/strong> 05-719784<\/p>\n<p><strong>C\u00f3digo Convenio Marco : <\/strong> x<\/p>\n","protected":false},"excerpt":{"rendered":"<p>Bresk es un buen juego para aquellos que les gusten los juegos de palabras. Tira el dado y comprueba cuantas letras puedes introducir en tu hoja para poder formar palabras. Adem\u00e1s de ti, cada jugador tambi\u00e9n tiene que colocar tu misma letra as\u00ed que tu decides qu\u00e9 letras son necesarias para ti y innecesarias para [&hellip;]<\/p>\n","protected":false},"featured_media":623404,"comment_status":"open","ping_status":"closed","template":"","meta":{"_et_pb_use_builder":"","_et_pb_old_content":"","_et_gb_content_width":""},"product_brand":[],"product_cat":[149],"product_tag":[],"class_list":{"0":"post-598496","1":"product","2":"type-product","3":"status-publish","4":"has-post-thumbnail","6":"product_cat-juegos-de-mesa","7":"pa_edad-6-a-8-anos","8":"pa_edad-8-a-10-anos","9":"pa_marca-diset","10":"pa_medidas-4481","11":"pa_medidas-2-cm","12":"pa_medidas-3-x-4","13":"pa_medidas-5-x-18","15":"first","16":"instock","17":"shipping-taxable","18":"purchasable","19":"product-type-simple"},"aioseo_notices":[],"_links":{"self":[{"href":"https:\/\/aukinkochile.com\/web\/wp-json\/wp\/v2\/product\/598496","targetHints":{"allow":["GET"]}}],"collection":[{"href":"https:\/\/aukinkochile.com\/web\/wp-json\/wp\/v2\/product"}],"about":[{"href":"https:\/\/aukinkochile.com\/web\/wp-json\/wp\/v2\/types\/product"}],"replies":[{"embeddable":true,"href":"https:\/\/aukinkochile.com\/web\/wp-json\/wp\/v2\/comments?post=598496"}],"wp:featuredmedia":[{"embeddable":true,"href":"https:\/\/aukinkochile.com\/web\/wp-json\/wp\/v2\/media\/623404"}],"wp:attachment":[{"href":"https:\/\/aukinkochile.com\/web\/wp-json\/wp\/v2\/media?parent=598496"}],"wp:term":[{"taxonomy":"product_brand","embeddable":true,"href":"https:\/\/aukinkochile.com\/web\/wp-json\/wp\/v2\/product_brand?post=598496"},{"taxonomy":"product_cat","embeddable":true,"href":"https:\/\/aukinkochile.com\/web\/wp-json\/wp\/v2\/product_cat?post=598496"},{"taxonomy":"product_tag","embeddable":true,"href":"https:\/\/aukinkochile.com\/web\/wp-json\/wp\/v2\/product_tag?post=598496"}],"curies":[{"name":"wp","href":"https:\/\/api.w.org\/{rel}","templated":true}]}}