{"id":597830,"date":"2022-09-28T17:30:47","date_gmt":"2022-09-28T17:30:47","guid":{"rendered":"https:\/\/aukinkochile.com\/web\/producto\/fichas-4-colores-2-cm-set-40\/"},"modified":"2025-04-17T19:00:55","modified_gmt":"2025-04-17T19:00:55","slug":"fichas-4-colores-2-cm-set-40","status":"publish","type":"product","link":"https:\/\/aukinkochile.com\/web\/producto\/fichas-4-colores-2-cm-set-40\/","title":{"rendered":"Fichas 4 Colores 2 cm set 40 pz"},"content":{"rendered":"<p>Set de 40 fichas pl\u00e1sticas de 2 cm de di\u00e1metro de 4 colores diferente. Amarillo, verde, rojo y azul. De gran calidad.<\/p>\n<p><strong>Material : <\/strong> PLASTICO<\/p>\n<p><strong>C\u00f3digo Aukinko : <\/strong> 16-4110<\/p>\n<p><strong>C\u00f3digo Convenio Marco : <\/strong><\/p>\n","protected":false},"excerpt":{"rendered":"<p>Set de 40 fichas pl\u00e1sticas de 2 cm de di\u00e1metro de 4 colores diferente. Amarillo, verde, rojo y azul. De gran calidad. Material : PLASTICO C\u00f3digo Aukinko : 16-4110 C\u00f3digo Convenio Marco :<\/p>\n","protected":false},"featured_media":631295,"comment_status":"open","ping_status":"closed","template":"","meta":{"_et_pb_use_builder":"","_et_pb_old_content":"","_et_gb_content_width":""},"product_brand":[],"product_cat":[91,149,90],"product_tag":[],"class_list":{"0":"post-597830","1":"product","2":"type-product","3":"status-publish","4":"has-post-thumbnail","6":"product_cat-accesorios-sala","7":"product_cat-juegos-de-mesa","8":"product_cat-matematicas","9":"pa_edad-3-a-4-anos","10":"pa_edad-4-a-5-anos","11":"pa_edad-5-a-6-anos","12":"pa_edad-6-a-8-anos","13":"pa_marca-aukinko","14":"pa_medidas-2-cm-diametro","16":"first","17":"instock","18":"sale","19":"shipping-taxable","20":"purchasable","21":"product-type-simple"},"aioseo_notices":[],"_links":{"self":[{"href":"https:\/\/aukinkochile.com\/web\/wp-json\/wp\/v2\/product\/597830","targetHints":{"allow":["GET"]}}],"collection":[{"href":"https:\/\/aukinkochile.com\/web\/wp-json\/wp\/v2\/product"}],"about":[{"href":"https:\/\/aukinkochile.com\/web\/wp-json\/wp\/v2\/types\/product"}],"replies":[{"embeddable":true,"href":"https:\/\/aukinkochile.com\/web\/wp-json\/wp\/v2\/comments?post=597830"}],"wp:featuredmedia":[{"embeddable":true,"href":"https:\/\/aukinkochile.com\/web\/wp-json\/wp\/v2\/media\/631295"}],"wp:attachment":[{"href":"https:\/\/aukinkochile.com\/web\/wp-json\/wp\/v2\/media?parent=597830"}],"wp:term":[{"taxonomy":"product_brand","embeddable":true,"href":"https:\/\/aukinkochile.com\/web\/wp-json\/wp\/v2\/product_brand?post=597830"},{"taxonomy":"product_cat","embeddable":true,"href":"https:\/\/aukinkochile.com\/web\/wp-json\/wp\/v2\/product_cat?post=597830"},{"taxonomy":"product_tag","embeddable":true,"href":"https:\/\/aukinkochile.com\/web\/wp-json\/wp\/v2\/product_tag?post=597830"}],"curies":[{"name":"wp","href":"https:\/\/api.w.org\/{rel}","templated":true}]}}