{"id":596329,"date":"2022-09-13T17:49:22","date_gmt":"2022-09-13T17:49:22","guid":{"rendered":"https:\/\/aukinkochile.com\/web\/producto\/modulo-apoyo-espalda-azul-beige\/"},"modified":"2024-04-29T20:51:39","modified_gmt":"2024-04-29T20:51:39","slug":"modulo-apoyo-espalda-azul-beige","status":"publish","type":"product","link":"https:\/\/aukinkochile.com\/web\/producto\/modulo-apoyo-espalda-azul-beige\/","title":{"rendered":"Modulo Espuma Apoyo Espalda"},"content":{"rendered":"<p>Modulo apoya espalda que ayuda a l@s ni\u00f1@s a encontrar el equilibrio cuando empieza a sentarse. Los bebes se sienten seguros cuando est\u00e1n rodeados por el coj\u00edn. Este coj\u00edn se apoya de forma segura. Revestido en vinyl muy resistente, de f\u00e1cil mantenimiento. Espuma de 24 kg\/m\u00b3: fijaci\u00f3n y longevidad. Cosidos y sin cremalleras para no lastimar a los ni\u00f1os, estas costuras estilo \u00abtapicero\u00bb las hacen herm\u00e9ticas y evitan que los ni\u00f1os accedan al interior. De f\u00e1cil lavado con un pa\u00f1o suave en agua jabonosa fr\u00eda. Color azul\/beige. (Stock limitado, preguntar por si necesita mas de una unidad)<\/p>\n<p><p><strong>Material : <\/strong> Espuma alta densidad cubierta Vinyl<\/p>\n<p><strong>C\u00f3digo Aukinko : <\/strong> 08-7157288<\/p>\n<p><strong>C\u00f3digo Convenio Marco : <\/strong> x<\/p>\n","protected":false},"excerpt":{"rendered":"<p>Modulo apoya espalda que ayuda a l@s ni\u00f1@s a encontrar el equilibrio cuando empieza a sentarse. Los bebes se sienten seguros cuando est\u00e1n rodeados por el coj\u00edn. Este coj\u00edn se apoya de forma segura. Revestido en vinyl muy resistente, de f\u00e1cil mantenimiento. Espuma de 24 kg\/m\u00b3: fijaci\u00f3n y longevidad. Cosidos y sin cremalleras para no [&hellip;]<\/p>\n","protected":false},"featured_media":596328,"comment_status":"open","ping_status":"closed","template":"","meta":{"_et_pb_use_builder":"","_et_pb_old_content":"","_et_gb_content_width":""},"product_brand":[],"product_cat":[91,18,23],"product_tag":[],"class_list":{"0":"post-596329","1":"product","2":"type-product","3":"status-publish","4":"has-post-thumbnail","6":"product_cat-accesorios-sala","7":"product_cat-motricidad-gruesa","8":"product_cat-primeros-anos","9":"pa_edad-0-a-1-ano","10":"pa_edad-1-a-2-anos","11":"pa_marca-wesco","12":"pa_medidas-4481","13":"pa_medidas-5-cm-x-50-cm-diametro","15":"first","16":"instock","17":"shipping-taxable","18":"purchasable","19":"product-type-simple"},"aioseo_notices":[],"_links":{"self":[{"href":"https:\/\/aukinkochile.com\/web\/wp-json\/wp\/v2\/product\/596329","targetHints":{"allow":["GET"]}}],"collection":[{"href":"https:\/\/aukinkochile.com\/web\/wp-json\/wp\/v2\/product"}],"about":[{"href":"https:\/\/aukinkochile.com\/web\/wp-json\/wp\/v2\/types\/product"}],"replies":[{"embeddable":true,"href":"https:\/\/aukinkochile.com\/web\/wp-json\/wp\/v2\/comments?post=596329"}],"wp:featuredmedia":[{"embeddable":true,"href":"https:\/\/aukinkochile.com\/web\/wp-json\/wp\/v2\/media\/596328"}],"wp:attachment":[{"href":"https:\/\/aukinkochile.com\/web\/wp-json\/wp\/v2\/media?parent=596329"}],"wp:term":[{"taxonomy":"product_brand","embeddable":true,"href":"https:\/\/aukinkochile.com\/web\/wp-json\/wp\/v2\/product_brand?post=596329"},{"taxonomy":"product_cat","embeddable":true,"href":"https:\/\/aukinkochile.com\/web\/wp-json\/wp\/v2\/product_cat?post=596329"},{"taxonomy":"product_tag","embeddable":true,"href":"https:\/\/aukinkochile.com\/web\/wp-json\/wp\/v2\/product_tag?post=596329"}],"curies":[{"name":"wp","href":"https:\/\/api.w.org\/{rel}","templated":true}]}}