{"id":596307,"date":"2022-09-13T17:41:57","date_gmt":"2022-09-13T17:41:57","guid":{"rendered":"https:\/\/aukinkochile.com\/web\/producto\/piscina-esquina-pelotas-gris-azul\/"},"modified":"2024-04-29T20:51:42","modified_gmt":"2024-04-29T20:51:42","slug":"piscina-esquina-pelotas-gris-azul","status":"publish","type":"product","link":"https:\/\/aukinkochile.com\/web\/producto\/piscina-esquina-pelotas-gris-azul\/","title":{"rendered":"Piscina Espuma Esquina c\/ Pelotas"},"content":{"rendered":"<p>Un lugar propicio para el juego y la relajaci\u00f3n. A los ni\u00f1os les encanta jugar, jugar y relajarse en nuestras piscinas de pelotas.\u00a0A trav\u00e9s del juego toman conciencia de su cuerpo, desarrollan su motricidad y lo viven juntos. Fabricados, cosidos y ensamblados en Francia, estas piscinas de bolas de Wesco son el resultado de un saber hacer \u00fanico, que garantiza una calidad y una seguridad \u00f3ptimas para los ni\u00f1os. Lona revestida muy resistente. Espuma de 24 kg\/m\u00b3: fijaci\u00f3n y longevidad. Su tejido se limpia f\u00e1cilmente con agua jabonosa. Incluye 3 elementos, 1 fondo, 250 pelotas transparentes y 250 pelotas opacas. Color piscina gris\/celeste. (Stock limitado, preguntar por si necesita mas de una unidad)<\/p>\n<p><p><strong>Material : <\/strong> Espuma alta densidad cubierta Vinyl<\/p>\n<p><strong>C\u00f3digo Aukinko : <\/strong> 08-7161265<\/p>\n<p><strong>C\u00f3digo Convenio Marco : <\/strong> x<\/p>\n","protected":false},"excerpt":{"rendered":"<p>Un lugar propicio para el juego y la relajaci\u00f3n. A los ni\u00f1os les encanta jugar, jugar y relajarse en nuestras piscinas de pelotas.\u00a0A trav\u00e9s del juego toman conciencia de su cuerpo, desarrollan su motricidad y lo viven juntos. Fabricados, cosidos y ensamblados en Francia, estas piscinas de bolas de Wesco son el resultado de un [&hellip;]<\/p>\n","protected":false},"featured_media":625876,"comment_status":"open","ping_status":"closed","template":"","meta":{"_et_pb_use_builder":"","_et_pb_old_content":"","_et_gb_content_width":""},"product_brand":[],"product_cat":[91,18],"product_tag":[],"class_list":{"0":"post-596307","1":"product","2":"type-product","3":"status-publish","4":"has-post-thumbnail","6":"product_cat-accesorios-sala","7":"product_cat-motricidad-gruesa","8":"pa_edad-1-a-2-anos","9":"pa_edad-2-a-3-anos","10":"pa_edad-3-a-4-anos","11":"pa_edad-4-a-5-anos","12":"pa_edad-5-a-6-anos","13":"pa_marca-wesco","14":"pa_medidas-195-x-30-x-15-cm","16":"first","17":"instock","18":"shipping-taxable","19":"purchasable","20":"product-type-simple"},"aioseo_notices":[],"_links":{"self":[{"href":"https:\/\/aukinkochile.com\/web\/wp-json\/wp\/v2\/product\/596307","targetHints":{"allow":["GET"]}}],"collection":[{"href":"https:\/\/aukinkochile.com\/web\/wp-json\/wp\/v2\/product"}],"about":[{"href":"https:\/\/aukinkochile.com\/web\/wp-json\/wp\/v2\/types\/product"}],"replies":[{"embeddable":true,"href":"https:\/\/aukinkochile.com\/web\/wp-json\/wp\/v2\/comments?post=596307"}],"wp:featuredmedia":[{"embeddable":true,"href":"https:\/\/aukinkochile.com\/web\/wp-json\/wp\/v2\/media\/625876"}],"wp:attachment":[{"href":"https:\/\/aukinkochile.com\/web\/wp-json\/wp\/v2\/media?parent=596307"}],"wp:term":[{"taxonomy":"product_brand","embeddable":true,"href":"https:\/\/aukinkochile.com\/web\/wp-json\/wp\/v2\/product_brand?post=596307"},{"taxonomy":"product_cat","embeddable":true,"href":"https:\/\/aukinkochile.com\/web\/wp-json\/wp\/v2\/product_cat?post=596307"},{"taxonomy":"product_tag","embeddable":true,"href":"https:\/\/aukinkochile.com\/web\/wp-json\/wp\/v2\/product_tag?post=596307"}],"curies":[{"name":"wp","href":"https:\/\/api.w.org\/{rel}","templated":true}]}}