{"id":596297,"date":"2022-09-13T17:41:53","date_gmt":"2022-09-13T17:41:53","guid":{"rendered":"https:\/\/aukinkochile.com\/web\/producto\/espejo-marco-celeste\/"},"modified":"2024-04-29T20:51:40","modified_gmt":"2024-04-29T20:51:40","slug":"espejo-marco-celeste","status":"publish","type":"product","link":"https:\/\/aukinkochile.com\/web\/producto\/espejo-marco-celeste\/","title":{"rendered":"Espejo Marco Celeste"},"content":{"rendered":"<p>Con este hermoso espejo promueve la conciencia de la imagen corporal. Los ni\u00f1os disfrutan mir\u00e1ndose y jugando con su reflejo en este espejo.\u00a0Fabricado en madera de alta calidad, decora y ampl\u00eda tu espacio. Seguridad \u00f3ptima: bordes redondeados, fijaci\u00f3n segura: 4 puntos de fijaci\u00f3n, resistente a los impactos, alternativa segura a los espejos de cristal, educativo, divertido y decorativo. (Stock limitado, preguntar por si necesita mas de una unidad)<\/p>\n<p><p><strong>Material : <\/strong> Madera<\/p>\n<p><strong>C\u00f3digo Aukinko : <\/strong> 08-7157358<\/p>\n<p><strong>C\u00f3digo Convenio Marco : <\/strong> x<\/p>\n","protected":false},"excerpt":{"rendered":"<p>Con este hermoso espejo promueve la conciencia de la imagen corporal. Los ni\u00f1os disfrutan mir\u00e1ndose y jugando con su reflejo en este espejo.\u00a0Fabricado en madera de alta calidad, decora y ampl\u00eda tu espacio. Seguridad \u00f3ptima: bordes redondeados, fijaci\u00f3n segura: 4 puntos de fijaci\u00f3n, resistente a los impactos, alternativa segura a los espejos de cristal, educativo, [&hellip;]<\/p>\n","protected":false},"featured_media":596296,"comment_status":"open","ping_status":"closed","template":"","meta":{"_et_pb_use_builder":"","_et_pb_old_content":"","_et_gb_content_width":""},"product_brand":[],"product_cat":[91],"product_tag":[],"class_list":{"0":"post-596297","1":"product","2":"type-product","3":"status-publish","4":"has-post-thumbnail","6":"product_cat-accesorios-sala","7":"pa_edad-0-a-1-ano","8":"pa_edad-1-a-2-anos","9":"pa_edad-2-a-3-anos","10":"pa_edad-3-a-4-anos","11":"pa_edad-4-a-5-anos","12":"pa_edad-5-a-6-anos","13":"pa_marca-wesco","14":"pa_medidas-110-x-55-x-1","15":"pa_medidas-8-cm","17":"first","18":"instock","19":"shipping-taxable","20":"purchasable","21":"product-type-simple"},"aioseo_notices":[],"_links":{"self":[{"href":"https:\/\/aukinkochile.com\/web\/wp-json\/wp\/v2\/product\/596297","targetHints":{"allow":["GET"]}}],"collection":[{"href":"https:\/\/aukinkochile.com\/web\/wp-json\/wp\/v2\/product"}],"about":[{"href":"https:\/\/aukinkochile.com\/web\/wp-json\/wp\/v2\/types\/product"}],"replies":[{"embeddable":true,"href":"https:\/\/aukinkochile.com\/web\/wp-json\/wp\/v2\/comments?post=596297"}],"wp:featuredmedia":[{"embeddable":true,"href":"https:\/\/aukinkochile.com\/web\/wp-json\/wp\/v2\/media\/596296"}],"wp:attachment":[{"href":"https:\/\/aukinkochile.com\/web\/wp-json\/wp\/v2\/media?parent=596297"}],"wp:term":[{"taxonomy":"product_brand","embeddable":true,"href":"https:\/\/aukinkochile.com\/web\/wp-json\/wp\/v2\/product_brand?post=596297"},{"taxonomy":"product_cat","embeddable":true,"href":"https:\/\/aukinkochile.com\/web\/wp-json\/wp\/v2\/product_cat?post=596297"},{"taxonomy":"product_tag","embeddable":true,"href":"https:\/\/aukinkochile.com\/web\/wp-json\/wp\/v2\/product_tag?post=596297"}],"curies":[{"name":"wp","href":"https:\/\/api.w.org\/{rel}","templated":true}]}}