{"id":596293,"date":"2022-09-13T17:41:51","date_gmt":"2022-09-13T17:41:51","guid":{"rendered":"https:\/\/aukinkochile.com\/web\/producto\/mat-grupal-genero-y-4-apoya-espalda\/"},"modified":"2024-04-29T20:51:39","modified_gmt":"2024-04-29T20:51:39","slug":"mat-grupal-genero-y-4-apoya-espalda","status":"publish","type":"product","link":"https:\/\/aukinkochile.com\/web\/producto\/mat-grupal-genero-y-4-apoya-espalda\/","title":{"rendered":"Mat Grupal Genero y 4 Apoya Espalda"},"content":{"rendered":"<p>Perfectamente seguro, este coj\u00edn ayuda a ni\u00f1os y ni\u00f1as a encontrar el equilibrio cuando empiezan a sentarse.\u00a0Por lo tanto, pueden observar f\u00e1cilmente su entorno o manipular juegos. Desmontable: gracias a una cremallera. Robusto: cu\u00f1a de beb\u00e9 cosida de forma segura a la colchoneta, seguro: sin riesgo de resbalar, c\u00f3modo: colchoneta suave. (Stock limitado, preguntar por si necesita mas de una unidad)<\/p>\n<p><p><strong>Material : <\/strong> Poliester<\/p>\n<p><strong>C\u00f3digo Aukinko : <\/strong> 08-7157245<\/p>\n<p><strong>C\u00f3digo Convenio Marco : <\/strong> x<\/p>\n","protected":false},"excerpt":{"rendered":"<p>Perfectamente seguro, este coj\u00edn ayuda a ni\u00f1os y ni\u00f1as a encontrar el equilibrio cuando empiezan a sentarse.\u00a0Por lo tanto, pueden observar f\u00e1cilmente su entorno o manipular juegos. Desmontable: gracias a una cremallera. Robusto: cu\u00f1a de beb\u00e9 cosida de forma segura a la colchoneta, seguro: sin riesgo de resbalar, c\u00f3modo: colchoneta suave. (Stock limitado, preguntar por [&hellip;]<\/p>\n","protected":false},"featured_media":625833,"comment_status":"open","ping_status":"closed","template":"","meta":{"_et_pb_use_builder":"","_et_pb_old_content":"","_et_gb_content_width":""},"product_brand":[],"product_cat":[91,23],"product_tag":[],"class_list":{"0":"post-596293","1":"product","2":"type-product","3":"status-publish","4":"has-post-thumbnail","6":"product_cat-accesorios-sala","7":"product_cat-primeros-anos","8":"pa_edad-0-a-1-ano","9":"pa_edad-1-a-2-anos","10":"pa_marca-wesco","11":"pa_medidas-140-cm-diametro","12":"pa_medidas-almohadon-bebe-37-x-42-x-12-cm","14":"first","15":"instock","16":"shipping-taxable","17":"purchasable","18":"product-type-simple"},"aioseo_notices":[],"_links":{"self":[{"href":"https:\/\/aukinkochile.com\/web\/wp-json\/wp\/v2\/product\/596293","targetHints":{"allow":["GET"]}}],"collection":[{"href":"https:\/\/aukinkochile.com\/web\/wp-json\/wp\/v2\/product"}],"about":[{"href":"https:\/\/aukinkochile.com\/web\/wp-json\/wp\/v2\/types\/product"}],"replies":[{"embeddable":true,"href":"https:\/\/aukinkochile.com\/web\/wp-json\/wp\/v2\/comments?post=596293"}],"wp:featuredmedia":[{"embeddable":true,"href":"https:\/\/aukinkochile.com\/web\/wp-json\/wp\/v2\/media\/625833"}],"wp:attachment":[{"href":"https:\/\/aukinkochile.com\/web\/wp-json\/wp\/v2\/media?parent=596293"}],"wp:term":[{"taxonomy":"product_brand","embeddable":true,"href":"https:\/\/aukinkochile.com\/web\/wp-json\/wp\/v2\/product_brand?post=596293"},{"taxonomy":"product_cat","embeddable":true,"href":"https:\/\/aukinkochile.com\/web\/wp-json\/wp\/v2\/product_cat?post=596293"},{"taxonomy":"product_tag","embeddable":true,"href":"https:\/\/aukinkochile.com\/web\/wp-json\/wp\/v2\/product_tag?post=596293"}],"curies":[{"name":"wp","href":"https:\/\/api.w.org\/{rel}","templated":true}]}}