{"id":596271,"date":"2022-09-13T17:41:41","date_gmt":"2022-09-13T17:41:41","guid":{"rendered":"https:\/\/aukinkochile.com\/web\/producto\/lampara-disco-colores\/"},"modified":"2024-04-29T20:50:08","modified_gmt":"2024-04-29T20:50:08","slug":"lampara-disco-colores","status":"publish","type":"product","link":"https:\/\/aukinkochile.com\/web\/producto\/lampara-disco-colores\/","title":{"rendered":"L\u00e1mpara Disco Colores"},"content":{"rendered":"<p>Este mueble sensorial alivia y aporta toques de color a una habitaci\u00f3n o espacio delicado. Es posible variar los modos de distribuci\u00f3n del color (continuo, intermitente, intensidad progresiva, etc\u00e9tera) la duraci\u00f3n y la selecci\u00f3n del color. Producto recargable de red para una autonom\u00eda superior a 8 horas. Mando a distancia suministrado para cambiar el color, la velocidad y la intensidad de la luz. Posible programaci\u00f3n de varios elementos con 1 solo mando a distancia. (Stock limitado, preguntar por si necesita mas de una unidad)<\/p>\n<p><p><strong>Material : <\/strong> Plastico<\/p>\n<p><strong>C\u00f3digo Aukinko : <\/strong> 08-7153338<\/p>\n<p><strong>C\u00f3digo Convenio Marco : <\/strong> x<\/p>\n","protected":false},"excerpt":{"rendered":"<p>Este mueble sensorial alivia y aporta toques de color a una habitaci\u00f3n o espacio delicado. Es posible variar los modos de distribuci\u00f3n del color (continuo, intermitente, intensidad progresiva, etc\u00e9tera) la duraci\u00f3n y la selecci\u00f3n del color. Producto recargable de red para una autonom\u00eda superior a 8 horas. Mando a distancia suministrado para cambiar el color, [&hellip;]<\/p>\n","protected":false},"featured_media":625828,"comment_status":"open","ping_status":"closed","template":"","meta":{"_et_pb_use_builder":"","_et_pb_old_content":"","_et_gb_content_width":""},"product_brand":[],"product_cat":[91,21,23],"product_tag":[],"class_list":{"0":"post-596271","1":"product","2":"type-product","3":"status-publish","4":"has-post-thumbnail","6":"product_cat-accesorios-sala","7":"product_cat-arte-y-manipulacion","8":"product_cat-primeros-anos","9":"pa_edad-10-anos","10":"pa_edad-3-a-4-anos","11":"pa_edad-4-a-5-anos","12":"pa_edad-5-a-6-anos","13":"pa_edad-6-a-8-anos","14":"pa_edad-8-a-10-anos","15":"pa_marca-wesco","16":"pa_medidas-37-cm-diametro","18":"first","19":"instock","20":"shipping-taxable","21":"purchasable","22":"product-type-simple"},"aioseo_notices":[],"_links":{"self":[{"href":"https:\/\/aukinkochile.com\/web\/wp-json\/wp\/v2\/product\/596271","targetHints":{"allow":["GET"]}}],"collection":[{"href":"https:\/\/aukinkochile.com\/web\/wp-json\/wp\/v2\/product"}],"about":[{"href":"https:\/\/aukinkochile.com\/web\/wp-json\/wp\/v2\/types\/product"}],"replies":[{"embeddable":true,"href":"https:\/\/aukinkochile.com\/web\/wp-json\/wp\/v2\/comments?post=596271"}],"wp:featuredmedia":[{"embeddable":true,"href":"https:\/\/aukinkochile.com\/web\/wp-json\/wp\/v2\/media\/625828"}],"wp:attachment":[{"href":"https:\/\/aukinkochile.com\/web\/wp-json\/wp\/v2\/media?parent=596271"}],"wp:term":[{"taxonomy":"product_brand","embeddable":true,"href":"https:\/\/aukinkochile.com\/web\/wp-json\/wp\/v2\/product_brand?post=596271"},{"taxonomy":"product_cat","embeddable":true,"href":"https:\/\/aukinkochile.com\/web\/wp-json\/wp\/v2\/product_cat?post=596271"},{"taxonomy":"product_tag","embeddable":true,"href":"https:\/\/aukinkochile.com\/web\/wp-json\/wp\/v2\/product_tag?post=596271"}],"curies":[{"name":"wp","href":"https:\/\/api.w.org\/{rel}","templated":true}]}}