{"id":596249,"date":"2022-09-13T17:41:31","date_gmt":"2022-09-13T17:41:31","guid":{"rendered":"https:\/\/aukinkochile.com\/web\/producto\/cuatriciclo-verde-pushalo\/"},"modified":"2024-04-29T20:48:25","modified_gmt":"2024-04-29T20:48:25","slug":"cuatriciclo-verde-pushalo","status":"publish","type":"product","link":"https:\/\/aukinkochile.com\/web\/producto\/cuatriciclo-verde-pushalo\/","title":{"rendered":"Cuatriciclo Met\u00e1lico Verde P\u00e1salo"},"content":{"rendered":"<p>Hermoso cuatriciclo para estimular la motricidad gruesa de los m\u00e1s peque\u00f1os. Adaptados a la edad y capacidad de los ni\u00f1os y ni\u00f1as, estos rodados dise\u00f1ados por Wesco permiten un aprendizaje progresivo, desde el dominio del equilibrio hasta las primeras pedaleadas del futuro ciclista. Est\u00e1n hechos de material resistente y cuentan con un mango antideslizante con absorci\u00f3n de impactos, protector bucal en el manillar, almohadillas antideslizantes, gran estabilidad gracias a las 4 ruedas, manillares de 46 cm, ruedas a prueba de pinchazos con alta resistencia, y coj\u00edn y tapa antioxidante. (Stock limitado, preguntar por si necesita m\u00e1s de una unidad)<\/p>\n<p><p><strong>Material : <\/strong> Metal y Goma<\/p>\n<p><strong>C\u00f3digo Aukinko : <\/strong> 08-7129961<\/p>\n<p><strong>C\u00f3digo Convenio Marco : <\/strong> x<\/p>\n","protected":false},"excerpt":{"rendered":"<p>Hermoso cuatriciclo para estimular la motricidad gruesa de los m\u00e1s peque\u00f1os. Adaptados a la edad y capacidad de los ni\u00f1os y ni\u00f1as, estos rodados dise\u00f1ados por Wesco permiten un aprendizaje progresivo, desde el dominio del equilibrio hasta las primeras pedaleadas del futuro ciclista. Est\u00e1n hechos de material resistente y cuentan con un mango antideslizante con [&hellip;]<\/p>\n","protected":false},"featured_media":625794,"comment_status":"open","ping_status":"closed","template":"","meta":{"_et_pb_use_builder":"","_et_pb_old_content":"","_et_gb_content_width":""},"product_brand":[],"product_cat":[1005,18],"product_tag":[],"class_list":{"0":"post-596249","1":"product","2":"type-product","3":"status-publish","4":"has-post-thumbnail","6":"product_cat-accesorios-patio","7":"product_cat-motricidad-gruesa","8":"pa_edad-1-a-2-anos","9":"pa_edad-2-a-3-anos","10":"pa_marca-wesco","11":"pa_medidas-53-x-43-x-24-cm","13":"first","14":"instock","15":"shipping-taxable","16":"purchasable","17":"product-type-simple"},"aioseo_notices":[],"_links":{"self":[{"href":"https:\/\/aukinkochile.com\/web\/wp-json\/wp\/v2\/product\/596249","targetHints":{"allow":["GET"]}}],"collection":[{"href":"https:\/\/aukinkochile.com\/web\/wp-json\/wp\/v2\/product"}],"about":[{"href":"https:\/\/aukinkochile.com\/web\/wp-json\/wp\/v2\/types\/product"}],"replies":[{"embeddable":true,"href":"https:\/\/aukinkochile.com\/web\/wp-json\/wp\/v2\/comments?post=596249"}],"wp:featuredmedia":[{"embeddable":true,"href":"https:\/\/aukinkochile.com\/web\/wp-json\/wp\/v2\/media\/625794"}],"wp:attachment":[{"href":"https:\/\/aukinkochile.com\/web\/wp-json\/wp\/v2\/media?parent=596249"}],"wp:term":[{"taxonomy":"product_brand","embeddable":true,"href":"https:\/\/aukinkochile.com\/web\/wp-json\/wp\/v2\/product_brand?post=596249"},{"taxonomy":"product_cat","embeddable":true,"href":"https:\/\/aukinkochile.com\/web\/wp-json\/wp\/v2\/product_cat?post=596249"},{"taxonomy":"product_tag","embeddable":true,"href":"https:\/\/aukinkochile.com\/web\/wp-json\/wp\/v2\/product_tag?post=596249"}],"curies":[{"name":"wp","href":"https:\/\/api.w.org\/{rel}","templated":true}]}}