{"id":595485,"date":"2022-09-01T21:58:18","date_gmt":"2022-09-01T21:58:18","guid":{"rendered":"https:\/\/aukinkochile.com\/web\/producto\/pizarra-magnetica-magnetizo\/"},"modified":"2025-04-14T17:38:21","modified_gmt":"2025-04-14T17:38:21","slug":"pizarra-magnetica-magnetizo","status":"publish","type":"product","link":"https:\/\/aukinkochile.com\/web\/producto\/pizarra-magnetica-magnetizo\/","title":{"rendered":"Pizarra Magn\u00e9tica Magnetizo 58 pz"},"content":{"rendered":"<p>Pizarra magn\u00e9tica de 23 x 29 cm. cuadriculada. Para escribir con plum\u00f3n. contiene un plum\u00f3n, una esponja, 1 pizarra imantada para poder poner las letras con im\u00e1n, 2 atriles peque\u00f1os para inclinar la pizarra, 12 figuras de animales imantadas y 48 letras imantadas.<\/p>\n<p><p><strong>Material : <\/strong> Pl\u00e1stico<\/p>\n<p><strong>C\u00f3digo Aukinko : <\/strong> 07-55241<\/p>\n<p><strong>C\u00f3digo Convenio Marco : <\/strong> <\/p>\n","protected":false},"excerpt":{"rendered":"<p>Pizarra magn\u00e9tica de 23 x 29 cm. cuadriculada. Para escribir con plum\u00f3n. contiene un plum\u00f3n, una esponja, 1 pizarra imantada para poder poner las letras con im\u00e1n, 2 atriles peque\u00f1os para inclinar la pizarra, 12 figuras de animales imantadas y 48 letras imantadas. Material : Pl\u00e1stico C\u00f3digo Aukinko : 07-55241 C\u00f3digo Convenio Marco :<\/p>\n","protected":false},"featured_media":626510,"comment_status":"open","ping_status":"closed","template":"","meta":{"_et_pb_use_builder":"","_et_pb_old_content":"","_et_gb_content_width":""},"product_brand":[],"product_cat":[21],"product_tag":[],"class_list":{"0":"post-595485","1":"product","2":"type-product","3":"status-publish","4":"has-post-thumbnail","6":"product_cat-arte-y-manipulacion","7":"pa_edad-4-a-5-anos","8":"pa_edad-5-a-6-anos","9":"pa_edad-6-a-8-anos","10":"pa_edad-8-a-10-anos","11":"pa_marca-quercetti","12":"pa_medidas-39-x-29-x-6-cm","14":"first","15":"instock","16":"shipping-taxable","17":"purchasable","18":"product-type-simple"},"aioseo_notices":[],"_links":{"self":[{"href":"https:\/\/aukinkochile.com\/web\/wp-json\/wp\/v2\/product\/595485","targetHints":{"allow":["GET"]}}],"collection":[{"href":"https:\/\/aukinkochile.com\/web\/wp-json\/wp\/v2\/product"}],"about":[{"href":"https:\/\/aukinkochile.com\/web\/wp-json\/wp\/v2\/types\/product"}],"replies":[{"embeddable":true,"href":"https:\/\/aukinkochile.com\/web\/wp-json\/wp\/v2\/comments?post=595485"}],"wp:featuredmedia":[{"embeddable":true,"href":"https:\/\/aukinkochile.com\/web\/wp-json\/wp\/v2\/media\/626510"}],"wp:attachment":[{"href":"https:\/\/aukinkochile.com\/web\/wp-json\/wp\/v2\/media?parent=595485"}],"wp:term":[{"taxonomy":"product_brand","embeddable":true,"href":"https:\/\/aukinkochile.com\/web\/wp-json\/wp\/v2\/product_brand?post=595485"},{"taxonomy":"product_cat","embeddable":true,"href":"https:\/\/aukinkochile.com\/web\/wp-json\/wp\/v2\/product_cat?post=595485"},{"taxonomy":"product_tag","embeddable":true,"href":"https:\/\/aukinkochile.com\/web\/wp-json\/wp\/v2\/product_tag?post=595485"}],"curies":[{"name":"wp","href":"https:\/\/api.w.org\/{rel}","templated":true}]}}