{"id":595460,"date":"2022-09-01T21:58:05","date_gmt":"2022-09-01T21:58:05","guid":{"rendered":"https:\/\/aukinkochile.com\/web\/producto\/juego-rami-code\/"},"modified":"2025-04-14T17:36:23","modified_gmt":"2025-04-14T17:36:23","slug":"juego-rami-code","status":"publish","type":"product","link":"https:\/\/aukinkochile.com\/web\/producto\/juego-rami-code\/","title":{"rendered":"Juego Rami Code"},"content":{"rendered":"<p>Este incre\u00edble juego celebra 40 a\u00f1os. Ganador del premio al mejor juguete educativo del a\u00f1o en m\u00faltiples competiciones internacionales, incomparable en t\u00e9rminos de juego y valor educativo, este juguete ayuda a los ni\u00f1os peque\u00f1os a pensar creativamente y resolver problemas aplicando la l\u00f3gica paso a paso. Esta nueva versi\u00f3n \u00abRami Code\u00bb brinda a los ni\u00f1os su primera experiencia de codificaci\u00f3n o programaci\u00f3n, es decir, escribir instrucciones que hacen que el objeto haga lo que hace. Esta habilidad es cada vez m\u00e1s importante en el entorno educativo porque estimula el pensamiento computacional de los ni\u00f1os, la capacidad de dividir un problema complejo en partes individuales que son m\u00e1s f\u00e1ciles de resolver.<\/p>\n<p><p><strong>Material : <\/strong> Pl\u00e1stico<\/p>\n<p><strong>C\u00f3digo Aukinko : <\/strong> 07-51015<\/p>\n<p><strong>C\u00f3digo Convenio Marco : <\/strong> <\/p>\n","protected":false},"excerpt":{"rendered":"<p>Este incre\u00edble juego celebra 40 a\u00f1os. Ganador del premio al mejor juguete educativo del a\u00f1o en m\u00faltiples competiciones internacionales, incomparable en t\u00e9rminos de juego y valor educativo, este juguete ayuda a los ni\u00f1os peque\u00f1os a pensar creativamente y resolver problemas aplicando la l\u00f3gica paso a paso. Esta nueva versi\u00f3n \u00abRami Code\u00bb brinda a los ni\u00f1os [&hellip;]<\/p>\n","protected":false},"featured_media":626439,"comment_status":"open","ping_status":"closed","template":"","meta":{"_et_pb_use_builder":"","_et_pb_old_content":"","_et_gb_content_width":""},"product_brand":[],"product_cat":[149,20],"product_tag":[],"class_list":{"0":"post-595460","1":"product","2":"type-product","3":"status-publish","4":"has-post-thumbnail","6":"product_cat-juegos-de-mesa","7":"product_cat-motricidad-fina","8":"pa_edad-10-anos","9":"pa_edad-5-a-6-anos","10":"pa_edad-6-a-8-anos","11":"pa_edad-8-a-10-anos","12":"pa_marca-quercetti","13":"pa_medidas-40-x-4-x-33-cm","15":"first","16":"instock","17":"shipping-taxable","18":"purchasable","19":"product-type-simple"},"aioseo_notices":[],"_links":{"self":[{"href":"https:\/\/aukinkochile.com\/web\/wp-json\/wp\/v2\/product\/595460","targetHints":{"allow":["GET"]}}],"collection":[{"href":"https:\/\/aukinkochile.com\/web\/wp-json\/wp\/v2\/product"}],"about":[{"href":"https:\/\/aukinkochile.com\/web\/wp-json\/wp\/v2\/types\/product"}],"replies":[{"embeddable":true,"href":"https:\/\/aukinkochile.com\/web\/wp-json\/wp\/v2\/comments?post=595460"}],"wp:featuredmedia":[{"embeddable":true,"href":"https:\/\/aukinkochile.com\/web\/wp-json\/wp\/v2\/media\/626439"}],"wp:attachment":[{"href":"https:\/\/aukinkochile.com\/web\/wp-json\/wp\/v2\/media?parent=595460"}],"wp:term":[{"taxonomy":"product_brand","embeddable":true,"href":"https:\/\/aukinkochile.com\/web\/wp-json\/wp\/v2\/product_brand?post=595460"},{"taxonomy":"product_cat","embeddable":true,"href":"https:\/\/aukinkochile.com\/web\/wp-json\/wp\/v2\/product_cat?post=595460"},{"taxonomy":"product_tag","embeddable":true,"href":"https:\/\/aukinkochile.com\/web\/wp-json\/wp\/v2\/product_tag?post=595460"}],"curies":[{"name":"wp","href":"https:\/\/api.w.org\/{rel}","templated":true}]}}