{"id":595322,"date":"2022-09-01T21:56:52","date_gmt":"2022-09-01T21:56:52","guid":{"rendered":"https:\/\/aukinkochile.com\/web\/producto\/tunel-nylon-transparente-180-cm\/"},"modified":"2023-10-20T19:16:30","modified_gmt":"2023-10-20T19:16:30","slug":"tunel-nylon-transparente-180-cm","status":"publish","type":"product","link":"https:\/\/aukinkochile.com\/web\/producto\/tunel-nylon-transparente-180-cm\/","title":{"rendered":"T\u00fanel Nylon Transparente 180 cm"},"content":{"rendered":"<p>Divertido t\u00fanel de nylon para crear variadas actividades f\u00edsicas que estimulen la motricidad gruesa de una forma muy entretenida. Este tipo de implementos son ideales para juegos corporales. De material suave y resistente y colores vivos.<\/p>\n<p><p><strong>Material : <\/strong> NYLON<\/p>\n<p><strong>C\u00f3digo Aukinko : <\/strong> 17-340427<\/p>\n<p><strong>C\u00f3digo Convenio Marco : <\/strong> <\/p>\n","protected":false},"excerpt":{"rendered":"<p>Divertido t\u00fanel de nylon para crear variadas actividades f\u00edsicas que estimulen la motricidad gruesa de una forma muy entretenida. Este tipo de implementos son ideales para juegos corporales. De material suave y resistente y colores vivos. Material : NYLON C\u00f3digo Aukinko : 17-340427 C\u00f3digo Convenio Marco :<\/p>\n","protected":false},"featured_media":624662,"comment_status":"open","ping_status":"closed","template":"","meta":{"_et_pb_use_builder":"","_et_pb_old_content":"","_et_gb_content_width":""},"product_brand":[],"product_cat":[91,18],"product_tag":[],"class_list":{"0":"post-595322","1":"product","2":"type-product","3":"status-publish","4":"has-post-thumbnail","6":"product_cat-accesorios-sala","7":"product_cat-motricidad-gruesa","8":"pa_edad-3-a-4-anos","9":"pa_edad-4-a-5-anos","10":"pa_edad-5-a-6-anos","11":"pa_edad-6-a-8-anos","12":"pa_edad-8-a-10-anos","13":"pa_marca-lap","14":"pa_medidas-180-x-60-x-60-cm","16":"first","17":"instock","18":"shipping-taxable","19":"purchasable","20":"product-type-simple"},"aioseo_notices":[],"_links":{"self":[{"href":"https:\/\/aukinkochile.com\/web\/wp-json\/wp\/v2\/product\/595322","targetHints":{"allow":["GET"]}}],"collection":[{"href":"https:\/\/aukinkochile.com\/web\/wp-json\/wp\/v2\/product"}],"about":[{"href":"https:\/\/aukinkochile.com\/web\/wp-json\/wp\/v2\/types\/product"}],"replies":[{"embeddable":true,"href":"https:\/\/aukinkochile.com\/web\/wp-json\/wp\/v2\/comments?post=595322"}],"wp:featuredmedia":[{"embeddable":true,"href":"https:\/\/aukinkochile.com\/web\/wp-json\/wp\/v2\/media\/624662"}],"wp:attachment":[{"href":"https:\/\/aukinkochile.com\/web\/wp-json\/wp\/v2\/media?parent=595322"}],"wp:term":[{"taxonomy":"product_brand","embeddable":true,"href":"https:\/\/aukinkochile.com\/web\/wp-json\/wp\/v2\/product_brand?post=595322"},{"taxonomy":"product_cat","embeddable":true,"href":"https:\/\/aukinkochile.com\/web\/wp-json\/wp\/v2\/product_cat?post=595322"},{"taxonomy":"product_tag","embeddable":true,"href":"https:\/\/aukinkochile.com\/web\/wp-json\/wp\/v2\/product_tag?post=595322"}],"curies":[{"name":"wp","href":"https:\/\/api.w.org\/{rel}","templated":true}]}}