{"id":595263,"date":"2022-09-01T13:38:56","date_gmt":"2022-09-01T13:38:56","guid":{"rendered":"https:\/\/aukinkochile.com\/web\/producto\/reloj-demostracion-30-cm\/"},"modified":"2024-12-05T16:16:19","modified_gmt":"2024-12-05T16:16:19","slug":"reloj-demostracion-30-cm","status":"publish","type":"product","link":"https:\/\/aukinkochile.com\/web\/producto\/reloj-demostracion-30-cm\/","title":{"rendered":"Reloj Demostraci\u00f3n 30 cm"},"content":{"rendered":"<p>Un reloj de demostraci\u00f3n para que el profesor ense\u00f1e claramente a los estudiante. De excelente calidad y dise\u00f1o. Presentaci\u00f3n en bolsa pl\u00e1stica.<\/p>\n<p><p><strong>Material : <\/strong> Pl\u00e1stico<\/p>\n<p><strong>C\u00f3digo Aukinko : <\/strong> 14-925822<\/p>\n<p><strong>C\u00f3digo Convenio Marco : <\/strong> x<\/p>\n","protected":false},"excerpt":{"rendered":"<p>Un reloj de demostraci\u00f3n para que el profesor ense\u00f1e claramente a los estudiante. De excelente calidad y dise\u00f1o. Presentaci\u00f3n en bolsa pl\u00e1stica. Material : Pl\u00e1stico C\u00f3digo Aukinko : 14-925822 C\u00f3digo Convenio Marco : x<\/p>\n","protected":false},"featured_media":627890,"comment_status":"open","ping_status":"closed","template":"","meta":{"_et_pb_use_builder":"","_et_pb_old_content":"","_et_gb_content_width":""},"product_brand":[],"product_cat":[91,90],"product_tag":[],"class_list":{"0":"post-595263","1":"product","2":"type-product","3":"status-publish","4":"has-post-thumbnail","6":"product_cat-accesorios-sala","7":"product_cat-matematicas","8":"pa_edad-6-a-8-anos","9":"pa_edad-8-a-10-anos","10":"pa_marca-edx","11":"pa_medidas-30-cm","13":"first","14":"instock","15":"shipping-taxable","16":"purchasable","17":"product-type-simple"},"aioseo_notices":[],"_links":{"self":[{"href":"https:\/\/aukinkochile.com\/web\/wp-json\/wp\/v2\/product\/595263","targetHints":{"allow":["GET"]}}],"collection":[{"href":"https:\/\/aukinkochile.com\/web\/wp-json\/wp\/v2\/product"}],"about":[{"href":"https:\/\/aukinkochile.com\/web\/wp-json\/wp\/v2\/types\/product"}],"replies":[{"embeddable":true,"href":"https:\/\/aukinkochile.com\/web\/wp-json\/wp\/v2\/comments?post=595263"}],"wp:featuredmedia":[{"embeddable":true,"href":"https:\/\/aukinkochile.com\/web\/wp-json\/wp\/v2\/media\/627890"}],"wp:attachment":[{"href":"https:\/\/aukinkochile.com\/web\/wp-json\/wp\/v2\/media?parent=595263"}],"wp:term":[{"taxonomy":"product_brand","embeddable":true,"href":"https:\/\/aukinkochile.com\/web\/wp-json\/wp\/v2\/product_brand?post=595263"},{"taxonomy":"product_cat","embeddable":true,"href":"https:\/\/aukinkochile.com\/web\/wp-json\/wp\/v2\/product_cat?post=595263"},{"taxonomy":"product_tag","embeddable":true,"href":"https:\/\/aukinkochile.com\/web\/wp-json\/wp\/v2\/product_tag?post=595263"}],"curies":[{"name":"wp","href":"https:\/\/api.w.org\/{rel}","templated":true}]}}