{"id":595231,"date":"2022-09-01T13:38:37","date_gmt":"2022-09-01T13:38:37","guid":{"rendered":"https:\/\/aukinkochile.com\/web\/producto\/bloques-sonoros-set-4\/"},"modified":"2025-11-26T21:59:02","modified_gmt":"2025-11-26T21:59:02","slug":"bloques-sonoros-set-4","status":"publish","type":"product","link":"https:\/\/aukinkochile.com\/web\/producto\/bloques-sonoros-set-4\/","title":{"rendered":"Sonajero Bloques Sonoros 4 pz"},"content":{"rendered":"<p>Los bloques sonoros son fant\u00e1sticos para ayudar a los ni\u00f1os a mejorar sus habilidades musicales y sentidos t\u00e1ctiles a trav\u00e9s del juego. Prep\u00e1rate para horas de diversi\u00f3n con este divertido set de bloques sonoros, los instrumentos musicales educativos integrados perfectos para el aula. Los instrumentos son ideales para acercar a los ni\u00f1os y ni\u00f1as a la m\u00fasica y as\u00ed desarrollar sus sensibilidad y creatividad. Fabricado en pl\u00e1stico, de material suave y resistente y colores vivos. <\/p>\n<p><p><strong>Material : <\/strong> Pl\u00e1stico<\/p>\n<p><strong>C\u00f3digo Aukinko : <\/strong> 12-642080<\/p>\n<p><strong>C\u00f3digo Convenio Marco : <\/strong> x<\/p>\n","protected":false},"excerpt":{"rendered":"<p>Los bloques sonoros son fant\u00e1sticos para ayudar a los ni\u00f1os a mejorar sus habilidades musicales y sentidos t\u00e1ctiles a trav\u00e9s del juego. Prep\u00e1rate para horas de diversi\u00f3n con este divertido set de bloques sonoros, los instrumentos musicales educativos integrados perfectos para el aula. Los instrumentos son ideales para acercar a los ni\u00f1os y ni\u00f1as a [&hellip;]<\/p>\n","protected":false},"featured_media":595230,"comment_status":"open","ping_status":"closed","template":"","meta":{"_et_pb_use_builder":"","_et_pb_old_content":"","_et_gb_content_width":""},"product_brand":[],"product_cat":[91,392],"product_tag":[],"class_list":{"0":"post-595231","1":"product","2":"type-product","3":"status-publish","4":"has-post-thumbnail","6":"product_cat-accesorios-sala","7":"product_cat-musica","8":"pa_edad-10-anos","9":"pa_edad-5-a-6-anos","10":"pa_edad-6-a-8-anos","11":"pa_edad-8-a-10-anos","12":"pa_marca-halilit","13":"pa_medidas-4460","14":"pa_medidas-5-cm","15":"pa_medidas-5-x-5-x-15","17":"first","18":"instock","19":"shipping-taxable","20":"purchasable","21":"product-type-simple"},"aioseo_notices":[],"_links":{"self":[{"href":"https:\/\/aukinkochile.com\/web\/wp-json\/wp\/v2\/product\/595231","targetHints":{"allow":["GET"]}}],"collection":[{"href":"https:\/\/aukinkochile.com\/web\/wp-json\/wp\/v2\/product"}],"about":[{"href":"https:\/\/aukinkochile.com\/web\/wp-json\/wp\/v2\/types\/product"}],"replies":[{"embeddable":true,"href":"https:\/\/aukinkochile.com\/web\/wp-json\/wp\/v2\/comments?post=595231"}],"wp:featuredmedia":[{"embeddable":true,"href":"https:\/\/aukinkochile.com\/web\/wp-json\/wp\/v2\/media\/595230"}],"wp:attachment":[{"href":"https:\/\/aukinkochile.com\/web\/wp-json\/wp\/v2\/media?parent=595231"}],"wp:term":[{"taxonomy":"product_brand","embeddable":true,"href":"https:\/\/aukinkochile.com\/web\/wp-json\/wp\/v2\/product_brand?post=595231"},{"taxonomy":"product_cat","embeddable":true,"href":"https:\/\/aukinkochile.com\/web\/wp-json\/wp\/v2\/product_cat?post=595231"},{"taxonomy":"product_tag","embeddable":true,"href":"https:\/\/aukinkochile.com\/web\/wp-json\/wp\/v2\/product_tag?post=595231"}],"curies":[{"name":"wp","href":"https:\/\/api.w.org\/{rel}","templated":true}]}}