{"id":593695,"date":"2022-08-16T16:44:23","date_gmt":"2022-08-16T16:44:23","guid":{"rendered":"https:\/\/aukinkochile.com\/web\/producto\/juego-de-mesa-flying-kiwis\/"},"modified":"2023-10-20T19:16:34","modified_gmt":"2023-10-20T19:16:34","slug":"juego-de-mesa-flying-kiwis","status":"publish","type":"product","link":"https:\/\/aukinkochile.com\/web\/producto\/juego-de-mesa-flying-kiwis\/","title":{"rendered":"Juego de Mesa Flying Kiwis"},"content":{"rendered":"<p>\u00a1Los Kiwis andan sueltos!\u00a0desafortunadamente, aunque los Kiwis son p\u00e1jaros, no pueden volar.\u00a0Despu\u00e9s de todo, para poder despegar, decides pasar de contrabando al espacio en un transporte de frutas.\u00a0Despu\u00e9s de todo, \u00bfQu\u00e9 mejor lugar para volar que en gravedad cero?\u00a0As\u00ed que s\u00fabete a las rampas, prep\u00e1rate, \u00a1adelante!\u00a0Divertido juego para toda la familia. Recomendado a partir de 5 a 99 a\u00f1os. Para jugar entre 2 a 4 jugadores, duraci\u00f3n aproximada 15 minutos.<\/p>\n<p><p><strong>Material : <\/strong> CARTON GRUESO<\/p>\n<p><strong>C\u00f3digo Aukinko : <\/strong> 18-1880963<\/p>\n<p><strong>C\u00f3digo Convenio Marco : <\/strong> <\/p>\n","protected":false},"excerpt":{"rendered":"<p>\u00a1Los Kiwis andan sueltos!\u00a0desafortunadamente, aunque los Kiwis son p\u00e1jaros, no pueden volar.\u00a0Despu\u00e9s de todo, para poder despegar, decides pasar de contrabando al espacio en un transporte de frutas.\u00a0Despu\u00e9s de todo, \u00bfQu\u00e9 mejor lugar para volar que en gravedad cero?\u00a0As\u00ed que s\u00fabete a las rampas, prep\u00e1rate, \u00a1adelante!\u00a0Divertido juego para toda la familia. Recomendado a partir de [&hellip;]<\/p>\n","protected":false},"featured_media":624697,"comment_status":"open","ping_status":"closed","template":"","meta":{"_et_pb_use_builder":"","_et_pb_old_content":"","_et_gb_content_width":""},"product_brand":[],"product_cat":[149],"product_tag":[],"class_list":{"0":"post-593695","1":"product","2":"type-product","3":"status-publish","4":"has-post-thumbnail","6":"product_cat-juegos-de-mesa","7":"pa_edad-10-anos","8":"pa_edad-5-a-6-anos","9":"pa_edad-6-a-8-anos","10":"pa_edad-8-a-10-anos","11":"pa_marca-huch","12":"pa_medidas-24-x-24-x-5","13":"pa_medidas-5-cm","15":"first","16":"instock","17":"shipping-taxable","18":"purchasable","19":"product-type-simple"},"aioseo_notices":[],"_links":{"self":[{"href":"https:\/\/aukinkochile.com\/web\/wp-json\/wp\/v2\/product\/593695","targetHints":{"allow":["GET"]}}],"collection":[{"href":"https:\/\/aukinkochile.com\/web\/wp-json\/wp\/v2\/product"}],"about":[{"href":"https:\/\/aukinkochile.com\/web\/wp-json\/wp\/v2\/types\/product"}],"replies":[{"embeddable":true,"href":"https:\/\/aukinkochile.com\/web\/wp-json\/wp\/v2\/comments?post=593695"}],"wp:featuredmedia":[{"embeddable":true,"href":"https:\/\/aukinkochile.com\/web\/wp-json\/wp\/v2\/media\/624697"}],"wp:attachment":[{"href":"https:\/\/aukinkochile.com\/web\/wp-json\/wp\/v2\/media?parent=593695"}],"wp:term":[{"taxonomy":"product_brand","embeddable":true,"href":"https:\/\/aukinkochile.com\/web\/wp-json\/wp\/v2\/product_brand?post=593695"},{"taxonomy":"product_cat","embeddable":true,"href":"https:\/\/aukinkochile.com\/web\/wp-json\/wp\/v2\/product_cat?post=593695"},{"taxonomy":"product_tag","embeddable":true,"href":"https:\/\/aukinkochile.com\/web\/wp-json\/wp\/v2\/product_tag?post=593695"}],"curies":[{"name":"wp","href":"https:\/\/api.w.org\/{rel}","templated":true}]}}