{"id":593666,"date":"2022-08-16T16:44:02","date_gmt":"2022-08-16T16:44:02","guid":{"rendered":"https:\/\/aukinkochile.com\/web\/producto\/juego-de-mesa-mille-fiori\/"},"modified":"2024-08-06T19:41:39","modified_gmt":"2024-08-06T19:41:39","slug":"juego-de-mesa-mille-fiori","status":"publish","type":"product","link":"https:\/\/aukinkochile.com\/web\/producto\/juego-de-mesa-mille-fiori\/","title":{"rendered":"Juego de Mesa Mille Fiori"},"content":{"rendered":"<p>Divertido juego de mesa para pasar horas de diversi\u00f3n. La fabricaci\u00f3n de vidrio siempre ha sido uno de los secretos mejor guardados. originalmente, los hornos de vidrio se trasladaron a una isla vecina por razones de seguridad contra incendios. pero poco tiempo despu\u00e9s, la isla, que hasta entonces hab\u00eda sido relativamente insignificante, se convirti\u00f3 en uno de los centros m\u00e1s famosos de producci\u00f3n y arte del vidrio. A los artesanos se les prohibi\u00f3, bajo amenaza de muerte, revelar los secretos de su oficio. Uno de estos secretos es la producci\u00f3n del vidrio mille fiori. El papel de fabricantes y distribuidores de vidrio, se convierte en parte de esta historia. Fabrica cristaler\u00eda, comercia y obt\u00e9n el apoyo de los residentes de Lagoon. Un divertido juego que combina estrategia y t\u00e1ctica. Recomendado a partir de 10 a\u00f1os, para jugar de 2 a 4 jugadores.<\/p>\n<p><p><strong>Material : <\/strong> Cart\u00f3n Grueso<\/p>\n<p><strong>C\u00f3digo Aukinko : <\/strong> 13-288399<\/p>\n<p><strong>C\u00f3digo Convenio Marco : <\/strong> x<\/p>\n","protected":false},"excerpt":{"rendered":"<p>Divertido juego de mesa para pasar horas de diversi\u00f3n. La fabricaci\u00f3n de vidrio siempre ha sido uno de los secretos mejor guardados. originalmente, los hornos de vidrio se trasladaron a una isla vecina por razones de seguridad contra incendios. pero poco tiempo despu\u00e9s, la isla, que hasta entonces hab\u00eda sido relativamente insignificante, se convirti\u00f3 en [&hellip;]<\/p>\n","protected":false},"featured_media":627360,"comment_status":"open","ping_status":"closed","template":"","meta":{"_et_pb_use_builder":"","_et_pb_old_content":"","_et_gb_content_width":""},"product_brand":[],"product_cat":[149],"product_tag":[],"class_list":{"0":"post-593666","1":"product","2":"type-product","3":"status-publish","4":"has-post-thumbnail","6":"product_cat-juegos-de-mesa","7":"pa_edad-10-anos","8":"pa_marca-schmidt","9":"pa_medidas-4569","10":"pa_medidas-5-x-29","11":"pa_medidas-5-x-7-cm","13":"first","14":"instock","15":"shipping-taxable","16":"purchasable","17":"product-type-simple"},"aioseo_notices":[],"_links":{"self":[{"href":"https:\/\/aukinkochile.com\/web\/wp-json\/wp\/v2\/product\/593666","targetHints":{"allow":["GET"]}}],"collection":[{"href":"https:\/\/aukinkochile.com\/web\/wp-json\/wp\/v2\/product"}],"about":[{"href":"https:\/\/aukinkochile.com\/web\/wp-json\/wp\/v2\/types\/product"}],"replies":[{"embeddable":true,"href":"https:\/\/aukinkochile.com\/web\/wp-json\/wp\/v2\/comments?post=593666"}],"wp:featuredmedia":[{"embeddable":true,"href":"https:\/\/aukinkochile.com\/web\/wp-json\/wp\/v2\/media\/627360"}],"wp:attachment":[{"href":"https:\/\/aukinkochile.com\/web\/wp-json\/wp\/v2\/media?parent=593666"}],"wp:term":[{"taxonomy":"product_brand","embeddable":true,"href":"https:\/\/aukinkochile.com\/web\/wp-json\/wp\/v2\/product_brand?post=593666"},{"taxonomy":"product_cat","embeddable":true,"href":"https:\/\/aukinkochile.com\/web\/wp-json\/wp\/v2\/product_cat?post=593666"},{"taxonomy":"product_tag","embeddable":true,"href":"https:\/\/aukinkochile.com\/web\/wp-json\/wp\/v2\/product_tag?post=593666"}],"curies":[{"name":"wp","href":"https:\/\/api.w.org\/{rel}","templated":true}]}}