{"id":593660,"date":"2022-08-16T16:43:56","date_gmt":"2022-08-16T16:43:56","guid":{"rendered":"https:\/\/aukinkochile.com\/web\/producto\/juego-de-mesa-damas-classic\/"},"modified":"2024-08-06T19:41:32","modified_gmt":"2024-08-06T19:41:32","slug":"juego-de-mesa-damas-classic","status":"publish","type":"product","link":"https:\/\/aukinkochile.com\/web\/producto\/juego-de-mesa-damas-classic\/","title":{"rendered":"Juego de Mesa Damas Classic"},"content":{"rendered":"<p>Dos de los juegos cl\u00e1sicos de estrategias m\u00e1s antiguos y populares del mundo. Cada partida demostrar\u00e1 qu\u00e9 jugador logra las mejores t\u00e1cticas. Juegos de mesa cl\u00e1sicos para dos jugadores, material de la mejor calidad y grandes piezas de madera. <\/p>\n<p><p><strong>Material : <\/strong> Madera<\/p>\n<p><strong>C\u00f3digo Aukinko : <\/strong> 13-288110<\/p>\n<p><strong>C\u00f3digo Convenio Marco : <\/strong> x<\/p>\n","protected":false},"excerpt":{"rendered":"<p>Dos de los juegos cl\u00e1sicos de estrategias m\u00e1s antiguos y populares del mundo. Cada partida demostrar\u00e1 qu\u00e9 jugador logra las mejores t\u00e1cticas. Juegos de mesa cl\u00e1sicos para dos jugadores, material de la mejor calidad y grandes piezas de madera. Material : Madera C\u00f3digo Aukinko : 13-288110 C\u00f3digo Convenio Marco : x<\/p>\n","protected":false},"featured_media":627352,"comment_status":"open","ping_status":"closed","template":"","meta":{"_et_pb_use_builder":"","_et_pb_old_content":"","_et_gb_content_width":""},"product_brand":[],"product_cat":[149],"product_tag":[],"class_list":{"0":"post-593660","1":"product","2":"type-product","3":"status-publish","4":"has-post-thumbnail","6":"product_cat-juegos-de-mesa","7":"pa_edad-10-anos","8":"pa_edad-6-a-8-anos","9":"pa_edad-8-a-10-anos","10":"pa_marca-schmidt","11":"pa_medidas-19-x-27","12":"pa_medidas-5-x-6","13":"pa_medidas-7-cm","15":"first","16":"instock","17":"shipping-taxable","18":"purchasable","19":"product-type-simple"},"aioseo_notices":[],"_links":{"self":[{"href":"https:\/\/aukinkochile.com\/web\/wp-json\/wp\/v2\/product\/593660","targetHints":{"allow":["GET"]}}],"collection":[{"href":"https:\/\/aukinkochile.com\/web\/wp-json\/wp\/v2\/product"}],"about":[{"href":"https:\/\/aukinkochile.com\/web\/wp-json\/wp\/v2\/types\/product"}],"replies":[{"embeddable":true,"href":"https:\/\/aukinkochile.com\/web\/wp-json\/wp\/v2\/comments?post=593660"}],"wp:featuredmedia":[{"embeddable":true,"href":"https:\/\/aukinkochile.com\/web\/wp-json\/wp\/v2\/media\/627352"}],"wp:attachment":[{"href":"https:\/\/aukinkochile.com\/web\/wp-json\/wp\/v2\/media?parent=593660"}],"wp:term":[{"taxonomy":"product_brand","embeddable":true,"href":"https:\/\/aukinkochile.com\/web\/wp-json\/wp\/v2\/product_brand?post=593660"},{"taxonomy":"product_cat","embeddable":true,"href":"https:\/\/aukinkochile.com\/web\/wp-json\/wp\/v2\/product_cat?post=593660"},{"taxonomy":"product_tag","embeddable":true,"href":"https:\/\/aukinkochile.com\/web\/wp-json\/wp\/v2\/product_tag?post=593660"}],"curies":[{"name":"wp","href":"https:\/\/api.w.org\/{rel}","templated":true}]}}