{"id":593629,"date":"2022-08-16T16:43:25","date_gmt":"2022-08-16T16:43:25","guid":{"rendered":"https:\/\/aukinkochile.com\/web\/producto\/puzle-1-500-pz-hadas-magicas\/"},"modified":"2024-08-06T19:41:11","modified_gmt":"2024-08-06T19:41:11","slug":"puzle-1-500-pz-hadas-magicas","status":"publish","type":"product","link":"https:\/\/aukinkochile.com\/web\/producto\/puzle-1-500-pz-hadas-magicas\/","title":{"rendered":"Puzle 1.500 pz Hadas M\u00e1gicas"},"content":{"rendered":"<p>Puzles de 1.500 piezas con hermosas ilustraciones. De material suave y resistente. Dimensiones puzle armado 84,6 x 59,8 cm.<\/p>\n<p><p><strong>Material : <\/strong> Cart\u00f3n Grueso<\/p>\n<p><strong>C\u00f3digo Aukinko : <\/strong> 13-258994<\/p>\n<p><strong>C\u00f3digo Convenio Marco : <\/strong> x<\/p>\n","protected":false},"excerpt":{"rendered":"<p>Puzles de 1.500 piezas con hermosas ilustraciones. De material suave y resistente. Dimensiones puzle armado 84,6 x 59,8 cm. Material : Cart\u00f3n Grueso C\u00f3digo Aukinko : 13-258994 C\u00f3digo Convenio Marco : x<\/p>\n","protected":false},"featured_media":627328,"comment_status":"open","ping_status":"closed","template":"","meta":{"_et_pb_use_builder":"","_et_pb_old_content":"","_et_gb_content_width":""},"product_brand":[],"product_cat":[22],"product_tag":[],"class_list":{"0":"post-593629","1":"product","2":"type-product","3":"status-publish","4":"has-post-thumbnail","6":"product_cat-puzzles","7":"pa_edad-10-anos","8":"pa_marca-schmidt","9":"pa_medidas-2-x-5","10":"pa_medidas-3-x-27","11":"pa_medidas-4364","12":"pa_medidas-7-cm","14":"first","15":"instock","16":"shipping-taxable","17":"purchasable","18":"product-type-simple"},"aioseo_notices":[],"_links":{"self":[{"href":"https:\/\/aukinkochile.com\/web\/wp-json\/wp\/v2\/product\/593629","targetHints":{"allow":["GET"]}}],"collection":[{"href":"https:\/\/aukinkochile.com\/web\/wp-json\/wp\/v2\/product"}],"about":[{"href":"https:\/\/aukinkochile.com\/web\/wp-json\/wp\/v2\/types\/product"}],"replies":[{"embeddable":true,"href":"https:\/\/aukinkochile.com\/web\/wp-json\/wp\/v2\/comments?post=593629"}],"wp:featuredmedia":[{"embeddable":true,"href":"https:\/\/aukinkochile.com\/web\/wp-json\/wp\/v2\/media\/627328"}],"wp:attachment":[{"href":"https:\/\/aukinkochile.com\/web\/wp-json\/wp\/v2\/media?parent=593629"}],"wp:term":[{"taxonomy":"product_brand","embeddable":true,"href":"https:\/\/aukinkochile.com\/web\/wp-json\/wp\/v2\/product_brand?post=593629"},{"taxonomy":"product_cat","embeddable":true,"href":"https:\/\/aukinkochile.com\/web\/wp-json\/wp\/v2\/product_cat?post=593629"},{"taxonomy":"product_tag","embeddable":true,"href":"https:\/\/aukinkochile.com\/web\/wp-json\/wp\/v2\/product_tag?post=593629"}],"curies":[{"name":"wp","href":"https:\/\/api.w.org\/{rel}","templated":true}]}}