{"id":593508,"date":"2022-08-16T16:41:56","date_gmt":"2022-08-16T16:41:56","guid":{"rendered":"https:\/\/aukinkochile.com\/web\/producto\/puzle-200-pz-caballos-en-el-agua\/"},"modified":"2024-08-06T19:39:11","modified_gmt":"2024-08-06T19:39:11","slug":"puzle-200-pz-caballos-en-el-agua","status":"publish","type":"product","link":"https:\/\/aukinkochile.com\/web\/producto\/puzle-200-pz-caballos-en-el-agua\/","title":{"rendered":"Puzle 200 pz Caballos en el Agua"},"content":{"rendered":"<p>Divertido puzle de 200 piezas con hermosas ilustraciones. Recomendado a partir de 8 a\u00f1os. Medidas del puzle armado 43,1 x 29,1 cm.<\/p>\n<p><p><strong>Material : <\/strong> Cart\u00f3n Grueso<\/p>\n<p><strong>C\u00f3digo Aukinko : <\/strong> 13-256356<\/p>\n<p><strong>C\u00f3digo Convenio Marco : <\/strong> x<\/p>\n","protected":false},"excerpt":{"rendered":"<p>Divertido puzle de 200 piezas con hermosas ilustraciones. Recomendado a partir de 8 a\u00f1os. Medidas del puzle armado 43,1 x 29,1 cm. Material : Cart\u00f3n Grueso C\u00f3digo Aukinko : 13-256356 C\u00f3digo Convenio Marco : x<\/p>\n","protected":false},"featured_media":627259,"comment_status":"open","ping_status":"closed","template":"","meta":{"_et_pb_use_builder":"","_et_pb_old_content":"","_et_gb_content_width":""},"product_brand":[],"product_cat":[20,22],"product_tag":[],"class_list":{"0":"post-593508","1":"product","2":"type-product","3":"status-publish","4":"has-post-thumbnail","6":"product_cat-motricidad-fina","7":"product_cat-puzzles","8":"pa_edad-10-anos","9":"pa_edad-8-a-10-anos","10":"pa_marca-schmidt","11":"pa_medidas-1-x-3","12":"pa_medidas-4394","13":"pa_medidas-5-x-19","14":"pa_medidas-6-cm","16":"first","17":"instock","18":"shipping-taxable","19":"purchasable","20":"product-type-simple"},"aioseo_notices":[],"_links":{"self":[{"href":"https:\/\/aukinkochile.com\/web\/wp-json\/wp\/v2\/product\/593508","targetHints":{"allow":["GET"]}}],"collection":[{"href":"https:\/\/aukinkochile.com\/web\/wp-json\/wp\/v2\/product"}],"about":[{"href":"https:\/\/aukinkochile.com\/web\/wp-json\/wp\/v2\/types\/product"}],"replies":[{"embeddable":true,"href":"https:\/\/aukinkochile.com\/web\/wp-json\/wp\/v2\/comments?post=593508"}],"wp:featuredmedia":[{"embeddable":true,"href":"https:\/\/aukinkochile.com\/web\/wp-json\/wp\/v2\/media\/627259"}],"wp:attachment":[{"href":"https:\/\/aukinkochile.com\/web\/wp-json\/wp\/v2\/media?parent=593508"}],"wp:term":[{"taxonomy":"product_brand","embeddable":true,"href":"https:\/\/aukinkochile.com\/web\/wp-json\/wp\/v2\/product_brand?post=593508"},{"taxonomy":"product_cat","embeddable":true,"href":"https:\/\/aukinkochile.com\/web\/wp-json\/wp\/v2\/product_cat?post=593508"},{"taxonomy":"product_tag","embeddable":true,"href":"https:\/\/aukinkochile.com\/web\/wp-json\/wp\/v2\/product_tag?post=593508"}],"curies":[{"name":"wp","href":"https:\/\/api.w.org\/{rel}","templated":true}]}}