{"id":593415,"date":"2022-08-16T16:41:06","date_gmt":"2022-08-16T16:41:06","guid":{"rendered":"https:\/\/aukinkochile.com\/web\/producto\/juego-de-mesa-perro-compact\/"},"modified":"2024-08-06T19:38:20","modified_gmt":"2024-08-06T19:38:20","slug":"juego-de-mesa-perro-compact","status":"publish","type":"product","link":"https:\/\/aukinkochile.com\/web\/producto\/juego-de-mesa-perro-compact\/","title":{"rendered":"Juego de Mesa Perro Compact"},"content":{"rendered":"<p>Divertido juego de ingenio para pasar horas de diversi\u00f3n. El material del juego est\u00e1 embalado a prueba de golpes en la caja de cart\u00f3n gruesa para llevar a todas partes. A pesar del viento y el clima, ya no tienes que prescindir de tu amado Dog\u00ae. Porque una vez que hayas jugado a Dog\u00ae, no podr\u00e1s deshacerte de este ingenioso juego. Recomendado a partir de 8 a\u00f1os, para jugar de 2 a 4 jugadores.<\/p>\n<p><p><strong>Material : <\/strong> Cart\u00f3n Grueso<\/p>\n<p><strong>C\u00f3digo Aukinko : <\/strong> 13-249216<\/p>\n<p><strong>C\u00f3digo Convenio Marco : <\/strong> x<\/p>\n","protected":false},"excerpt":{"rendered":"<p>Divertido juego de ingenio para pasar horas de diversi\u00f3n. El material del juego est\u00e1 embalado a prueba de golpes en la caja de cart\u00f3n gruesa para llevar a todas partes. A pesar del viento y el clima, ya no tienes que prescindir de tu amado Dog\u00ae. Porque una vez que hayas jugado a Dog\u00ae, no [&hellip;]<\/p>\n","protected":false},"featured_media":627185,"comment_status":"open","ping_status":"closed","template":"","meta":{"_et_pb_use_builder":"","_et_pb_old_content":"","_et_gb_content_width":""},"product_brand":[],"product_cat":[149],"product_tag":[],"class_list":{"0":"post-593415","1":"product","2":"type-product","3":"status-publish","4":"has-post-thumbnail","6":"product_cat-juegos-de-mesa","7":"pa_edad-10-anos","8":"pa_edad-8-a-10-anos","9":"pa_marca-schmidt","10":"pa_medidas-4478","11":"pa_medidas-5-x-18","12":"pa_medidas-5-x-7-cm","14":"first","15":"instock","16":"shipping-taxable","17":"purchasable","18":"product-type-simple"},"aioseo_notices":[],"_links":{"self":[{"href":"https:\/\/aukinkochile.com\/web\/wp-json\/wp\/v2\/product\/593415","targetHints":{"allow":["GET"]}}],"collection":[{"href":"https:\/\/aukinkochile.com\/web\/wp-json\/wp\/v2\/product"}],"about":[{"href":"https:\/\/aukinkochile.com\/web\/wp-json\/wp\/v2\/types\/product"}],"replies":[{"embeddable":true,"href":"https:\/\/aukinkochile.com\/web\/wp-json\/wp\/v2\/comments?post=593415"}],"wp:featuredmedia":[{"embeddable":true,"href":"https:\/\/aukinkochile.com\/web\/wp-json\/wp\/v2\/media\/627185"}],"wp:attachment":[{"href":"https:\/\/aukinkochile.com\/web\/wp-json\/wp\/v2\/media?parent=593415"}],"wp:term":[{"taxonomy":"product_brand","embeddable":true,"href":"https:\/\/aukinkochile.com\/web\/wp-json\/wp\/v2\/product_brand?post=593415"},{"taxonomy":"product_cat","embeddable":true,"href":"https:\/\/aukinkochile.com\/web\/wp-json\/wp\/v2\/product_cat?post=593415"},{"taxonomy":"product_tag","embeddable":true,"href":"https:\/\/aukinkochile.com\/web\/wp-json\/wp\/v2\/product_tag?post=593415"}],"curies":[{"name":"wp","href":"https:\/\/api.w.org\/{rel}","templated":true}]}}