{"id":593388,"date":"2022-08-16T16:40:48","date_gmt":"2022-08-16T16:40:48","guid":{"rendered":"https:\/\/aukinkochile.com\/web\/producto\/juego-de-mesa-my-rummy-junior\/"},"modified":"2024-08-06T19:37:56","modified_gmt":"2024-08-06T19:37:56","slug":"juego-de-mesa-my-rummy-junior","status":"publish","type":"product","link":"https:\/\/aukinkochile.com\/web\/producto\/juego-de-mesa-my-rummy-junior\/","title":{"rendered":"Juego de Mesa My Rummy Junior"},"content":{"rendered":"<p>Entretenido juego donde los jugadores colocan h\u00e1bilmente sus cartas en series y as\u00ed sucesivamente, para finalmente deshacerse de la \u00faltima carta propia. Si has ganado tres fichas de My Rummy despu\u00e9s de varias rondas de juego, eres el ganador. Contiene 54 tarjetas, 4 bancos de tarjetas m\u00e1s 8 pies, 10 fichas, 1 bolsa de tela y gu\u00eda de instrucciones. Se puede jugar de 2 a 4 jugadores, con una duraci\u00f3n aproximada de 15 minutos por juego.<\/p>\n<p><p><strong>Material : <\/strong> Cart\u00f3n Grueso<\/p>\n<p><strong>C\u00f3digo Aukinko : <\/strong> 13-240544<\/p>\n<p><strong>C\u00f3digo Convenio Marco : <\/strong> x<\/p>\n","protected":false},"excerpt":{"rendered":"<p>Entretenido juego donde los jugadores colocan h\u00e1bilmente sus cartas en series y as\u00ed sucesivamente, para finalmente deshacerse de la \u00faltima carta propia. Si has ganado tres fichas de My Rummy despu\u00e9s de varias rondas de juego, eres el ganador. Contiene 54 tarjetas, 4 bancos de tarjetas m\u00e1s 8 pies, 10 fichas, 1 bolsa de tela [&hellip;]<\/p>\n","protected":false},"featured_media":627158,"comment_status":"open","ping_status":"closed","template":"","meta":{"_et_pb_use_builder":"","_et_pb_old_content":"","_et_gb_content_width":""},"product_brand":[],"product_cat":[149],"product_tag":[],"class_list":{"0":"post-593388","1":"product","2":"type-product","3":"status-publish","4":"has-post-thumbnail","6":"product_cat-juegos-de-mesa","7":"pa_edad-10-anos","8":"pa_edad-5-a-6-anos","9":"pa_edad-6-a-8-anos","10":"pa_edad-8-a-10-anos","11":"pa_marca-schmidt","12":"pa_medidas-1-x-27","13":"pa_medidas-19-x-7","14":"pa_medidas-7-cm","16":"first","17":"instock","18":"shipping-taxable","19":"purchasable","20":"product-type-simple"},"aioseo_notices":[],"_links":{"self":[{"href":"https:\/\/aukinkochile.com\/web\/wp-json\/wp\/v2\/product\/593388","targetHints":{"allow":["GET"]}}],"collection":[{"href":"https:\/\/aukinkochile.com\/web\/wp-json\/wp\/v2\/product"}],"about":[{"href":"https:\/\/aukinkochile.com\/web\/wp-json\/wp\/v2\/types\/product"}],"replies":[{"embeddable":true,"href":"https:\/\/aukinkochile.com\/web\/wp-json\/wp\/v2\/comments?post=593388"}],"wp:featuredmedia":[{"embeddable":true,"href":"https:\/\/aukinkochile.com\/web\/wp-json\/wp\/v2\/media\/627158"}],"wp:attachment":[{"href":"https:\/\/aukinkochile.com\/web\/wp-json\/wp\/v2\/media?parent=593388"}],"wp:term":[{"taxonomy":"product_brand","embeddable":true,"href":"https:\/\/aukinkochile.com\/web\/wp-json\/wp\/v2\/product_brand?post=593388"},{"taxonomy":"product_cat","embeddable":true,"href":"https:\/\/aukinkochile.com\/web\/wp-json\/wp\/v2\/product_cat?post=593388"},{"taxonomy":"product_tag","embeddable":true,"href":"https:\/\/aukinkochile.com\/web\/wp-json\/wp\/v2\/product_tag?post=593388"}],"curies":[{"name":"wp","href":"https:\/\/api.w.org\/{rel}","templated":true}]}}