{"id":589792,"date":"2022-07-11T22:06:11","date_gmt":"2022-07-11T22:06:11","guid":{"rendered":"https:\/\/aukinkochile.com\/web\/producto\/magneticos-madera-jardin-20-pz\/"},"modified":"2024-01-03T19:20:39","modified_gmt":"2024-01-03T19:20:39","slug":"magneticos-madera-jardin-20-pz","status":"publish","type":"product","link":"https:\/\/aukinkochile.com\/web\/producto\/magneticos-madera-jardin-20-pz\/","title":{"rendered":"Magn\u00e9ticos Madera Jard\u00edn 20 Pz"},"content":{"rendered":"<p>Divertido juego magn\u00e9tico para pasar horas de diversi\u00f3n. Incluye veinte imanes de madera con variados elementos del jard\u00edn. Con este juego, los ni\u00f1os podr\u00e1n imaginar muchas historias. De material suave y resistente.<\/p>\n<p><p><strong>Material : <\/strong> MADERA<\/p>\n<p><strong>C\u00f3digo Aukinko : <\/strong> 10-28026<\/p>\n<p><strong>C\u00f3digo Convenio Marco : <\/strong> <\/p>\n","protected":false},"excerpt":{"rendered":"<p>Divertido juego magn\u00e9tico para pasar horas de diversi\u00f3n. Incluye veinte imanes de madera con variados elementos del jard\u00edn. Con este juego, los ni\u00f1os podr\u00e1n imaginar muchas historias. De material suave y resistente. Material : MADERA C\u00f3digo Aukinko : 10-28026 C\u00f3digo Convenio Marco :<\/p>\n","protected":false},"featured_media":626943,"comment_status":"open","ping_status":"closed","template":"","meta":{"_et_pb_use_builder":"","_et_pb_old_content":"","_et_gb_content_width":""},"product_brand":[],"product_cat":[21],"product_tag":[],"class_list":{"0":"post-589792","1":"product","2":"type-product","3":"status-publish","4":"has-post-thumbnail","6":"product_cat-arte-y-manipulacion","7":"pa_edad-2-a-3-anos","8":"pa_edad-3-a-4-anos","9":"pa_edad-4-a-5-anos","10":"pa_edad-5-a-6-anos","11":"pa_marca-vilac","12":"pa_medidas-15-x-14-x-6-cm","14":"first","15":"instock","16":"shipping-taxable","17":"purchasable","18":"product-type-simple"},"aioseo_notices":[],"_links":{"self":[{"href":"https:\/\/aukinkochile.com\/web\/wp-json\/wp\/v2\/product\/589792","targetHints":{"allow":["GET"]}}],"collection":[{"href":"https:\/\/aukinkochile.com\/web\/wp-json\/wp\/v2\/product"}],"about":[{"href":"https:\/\/aukinkochile.com\/web\/wp-json\/wp\/v2\/types\/product"}],"replies":[{"embeddable":true,"href":"https:\/\/aukinkochile.com\/web\/wp-json\/wp\/v2\/comments?post=589792"}],"wp:featuredmedia":[{"embeddable":true,"href":"https:\/\/aukinkochile.com\/web\/wp-json\/wp\/v2\/media\/626943"}],"wp:attachment":[{"href":"https:\/\/aukinkochile.com\/web\/wp-json\/wp\/v2\/media?parent=589792"}],"wp:term":[{"taxonomy":"product_brand","embeddable":true,"href":"https:\/\/aukinkochile.com\/web\/wp-json\/wp\/v2\/product_brand?post=589792"},{"taxonomy":"product_cat","embeddable":true,"href":"https:\/\/aukinkochile.com\/web\/wp-json\/wp\/v2\/product_cat?post=589792"},{"taxonomy":"product_tag","embeddable":true,"href":"https:\/\/aukinkochile.com\/web\/wp-json\/wp\/v2\/product_tag?post=589792"}],"curies":[{"name":"wp","href":"https:\/\/api.w.org\/{rel}","templated":true}]}}