{"id":589762,"date":"2022-07-11T22:05:57","date_gmt":"2022-07-11T22:05:57","guid":{"rendered":"https:\/\/aukinkochile.com\/web\/producto\/muneca-nick-con-cama-2\/"},"modified":"2024-01-03T19:20:28","modified_gmt":"2024-01-03T19:20:28","slug":"muneca-nick-con-cama-2","status":"publish","type":"product","link":"https:\/\/aukinkochile.com\/web\/producto\/muneca-nick-con-cama-2\/","title":{"rendered":"Mu\u00f1eca Colecci\u00f3n Nick con Cama"},"content":{"rendered":"<p>Mu\u00f1eco de vinilo de 35 cm dise\u00f1ado por Sylvia Natterer, con las caras pintadas a mano. La caja se convierte en una firme cama de cart\u00f3n duro con patas de madera. Ropa hecha a mano. De excelente calidad y precioso dise\u00f1o.<\/p>\n<p><p><strong>Material : <\/strong> VINYL Y GENERO<\/p>\n<p><strong>C\u00f3digo Aukinko : <\/strong> 10-2673504<\/p>\n<p><strong>C\u00f3digo Convenio Marco : <\/strong> <\/p>\n","protected":false},"excerpt":{"rendered":"<p>Mu\u00f1eco de vinilo de 35 cm dise\u00f1ado por Sylvia Natterer, con las caras pintadas a mano. La caja se convierte en una firme cama de cart\u00f3n duro con patas de madera. Ropa hecha a mano. De excelente calidad y precioso dise\u00f1o. Material : VINYL Y GENERO C\u00f3digo Aukinko : 10-2673504 C\u00f3digo Convenio Marco :<\/p>\n","protected":false},"featured_media":626927,"comment_status":"open","ping_status":"closed","template":"","meta":{"_et_pb_use_builder":"","_et_pb_old_content":"","_et_gb_content_width":""},"product_brand":[],"product_cat":[17,212],"product_tag":[],"class_list":{"0":"post-589762","1":"product","2":"type-product","3":"status-publish","4":"has-post-thumbnail","6":"product_cat-juegos-de-rol","7":"product_cat-munecos-y-figuras","8":"pa_edad-3-a-4-anos","9":"pa_edad-4-a-5-anos","10":"pa_edad-5-a-6-anos","11":"pa_edad-6-a-8-anos","12":"pa_edad-8-a-10-anos","13":"pa_marca-vilac","14":"pa_medidas-35-cm","16":"first","17":"instock","18":"shipping-taxable","19":"purchasable","20":"product-type-simple"},"aioseo_notices":[],"_links":{"self":[{"href":"https:\/\/aukinkochile.com\/web\/wp-json\/wp\/v2\/product\/589762","targetHints":{"allow":["GET"]}}],"collection":[{"href":"https:\/\/aukinkochile.com\/web\/wp-json\/wp\/v2\/product"}],"about":[{"href":"https:\/\/aukinkochile.com\/web\/wp-json\/wp\/v2\/types\/product"}],"replies":[{"embeddable":true,"href":"https:\/\/aukinkochile.com\/web\/wp-json\/wp\/v2\/comments?post=589762"}],"wp:featuredmedia":[{"embeddable":true,"href":"https:\/\/aukinkochile.com\/web\/wp-json\/wp\/v2\/media\/626927"}],"wp:attachment":[{"href":"https:\/\/aukinkochile.com\/web\/wp-json\/wp\/v2\/media?parent=589762"}],"wp:term":[{"taxonomy":"product_brand","embeddable":true,"href":"https:\/\/aukinkochile.com\/web\/wp-json\/wp\/v2\/product_brand?post=589762"},{"taxonomy":"product_cat","embeddable":true,"href":"https:\/\/aukinkochile.com\/web\/wp-json\/wp\/v2\/product_cat?post=589762"},{"taxonomy":"product_tag","embeddable":true,"href":"https:\/\/aukinkochile.com\/web\/wp-json\/wp\/v2\/product_tag?post=589762"}],"curies":[{"name":"wp","href":"https:\/\/api.w.org\/{rel}","templated":true}]}}