{"id":589758,"date":"2022-07-11T22:05:53","date_gmt":"2022-07-11T22:05:53","guid":{"rendered":"https:\/\/aukinkochile.com\/web\/producto\/atril-madera-doble\/"},"modified":"2024-01-03T19:20:27","modified_gmt":"2024-01-03T19:20:27","slug":"atril-madera-doble","status":"publish","type":"product","link":"https:\/\/aukinkochile.com\/web\/producto\/atril-madera-doble\/","title":{"rendered":"Atril Madera Doble"},"content":{"rendered":"<p>Esta es una gran pizarra de madera con un lado para l\u00edneas de tiza y otro lado blanco magn\u00e9tico para marcadores e imanes. Esta mesa tambi\u00e9n tiene un rollo de papel para dibujar. Incluye rollo de papel, imanes, pincel para pizarra, tizas y rotuladores. De material suave y resistente.<\/p>\n<p><p><strong>Material : <\/strong> MADERA<\/p>\n<p><strong>C\u00f3digo Aukinko : <\/strong> 10-26709<\/p>\n<p><strong>C\u00f3digo Convenio Marco : <\/strong> <\/p>\n","protected":false},"excerpt":{"rendered":"<p>Esta es una gran pizarra de madera con un lado para l\u00edneas de tiza y otro lado blanco magn\u00e9tico para marcadores e imanes. Esta mesa tambi\u00e9n tiene un rollo de papel para dibujar. Incluye rollo de papel, imanes, pincel para pizarra, tizas y rotuladores. De material suave y resistente. Material : MADERA C\u00f3digo Aukinko : [&hellip;]<\/p>\n","protected":false},"featured_media":626925,"comment_status":"open","ping_status":"closed","template":"","meta":{"_et_pb_use_builder":"","_et_pb_old_content":"","_et_gb_content_width":""},"product_brand":[],"product_cat":[21],"product_tag":[],"class_list":{"0":"post-589758","1":"product","2":"type-product","3":"status-publish","4":"has-post-thumbnail","6":"product_cat-arte-y-manipulacion","7":"pa_edad-3-a-4-anos","8":"pa_edad-4-a-5-anos","9":"pa_edad-5-a-6-anos","10":"pa_edad-6-a-8-anos","11":"pa_edad-8-a-10-anos","12":"pa_marca-vilac","13":"pa_medidas-88-x-120-x-44-cm","15":"first","16":"instock","17":"shipping-taxable","18":"purchasable","19":"product-type-simple"},"aioseo_notices":[],"_links":{"self":[{"href":"https:\/\/aukinkochile.com\/web\/wp-json\/wp\/v2\/product\/589758","targetHints":{"allow":["GET"]}}],"collection":[{"href":"https:\/\/aukinkochile.com\/web\/wp-json\/wp\/v2\/product"}],"about":[{"href":"https:\/\/aukinkochile.com\/web\/wp-json\/wp\/v2\/types\/product"}],"replies":[{"embeddable":true,"href":"https:\/\/aukinkochile.com\/web\/wp-json\/wp\/v2\/comments?post=589758"}],"wp:featuredmedia":[{"embeddable":true,"href":"https:\/\/aukinkochile.com\/web\/wp-json\/wp\/v2\/media\/626925"}],"wp:attachment":[{"href":"https:\/\/aukinkochile.com\/web\/wp-json\/wp\/v2\/media?parent=589758"}],"wp:term":[{"taxonomy":"product_brand","embeddable":true,"href":"https:\/\/aukinkochile.com\/web\/wp-json\/wp\/v2\/product_brand?post=589758"},{"taxonomy":"product_cat","embeddable":true,"href":"https:\/\/aukinkochile.com\/web\/wp-json\/wp\/v2\/product_cat?post=589758"},{"taxonomy":"product_tag","embeddable":true,"href":"https:\/\/aukinkochile.com\/web\/wp-json\/wp\/v2\/product_tag?post=589758"}],"curies":[{"name":"wp","href":"https:\/\/api.w.org\/{rel}","templated":true}]}}