{"id":588350,"date":"2022-06-22T20:30:11","date_gmt":"2022-06-22T20:30:11","guid":{"rendered":"https:\/\/aukinkochile.com\/web\/producto\/jardin-rastrillo-plastico-25-cm-c-u\/"},"modified":"2024-04-26T17:54:46","modified_gmt":"2024-04-26T17:54:46","slug":"jardin-rastrillo-plastico-25-cm-c-u","status":"publish","type":"product","link":"https:\/\/aukinkochile.com\/web\/producto\/jardin-rastrillo-plastico-25-cm-c-u\/","title":{"rendered":"Rastrillo Pl\u00e1stico 25 cm c\/u"},"content":{"rendered":"<p>Hermoso rastrillo pl\u00e1stico de 25 cm de largo para juegos de imitaci\u00f3n, paseos por la playa y jardiner\u00eda. De material suave y resistente y colores vivos. Precio por unidad.<\/p>\n<p><p><strong>Material : <\/strong> Pl\u00e1stico  <\/p>\n<p><strong>C\u00f3digo Aukinko : <\/strong> 06-7807<\/p>\n<p><strong>C\u00f3digo Convenio Marco : <\/strong> x<\/p>\n","protected":false},"excerpt":{"rendered":"<p>Hermoso rastrillo pl\u00e1stico de 25 cm de largo para juegos de imitaci\u00f3n, paseos por la playa y jardiner\u00eda. De material suave y resistente y colores vivos. Precio por unidad. Material : Pl\u00e1stico C\u00f3digo Aukinko : 06-7807 C\u00f3digo Convenio Marco : x<\/p>\n","protected":false},"featured_media":623197,"comment_status":"open","ping_status":"closed","template":"","meta":{"_et_pb_use_builder":"","_et_pb_old_content":"","_et_gb_content_width":""},"product_brand":[],"product_cat":[1005,17],"product_tag":[],"class_list":{"0":"post-588350","1":"product","2":"type-product","3":"status-publish","4":"has-post-thumbnail","6":"product_cat-accesorios-patio","7":"product_cat-juegos-de-rol","8":"pa_edad-2-a-3-anos","9":"pa_edad-3-a-4-anos","10":"pa_edad-4-a-5-anos","11":"pa_edad-5-a-6-anos","12":"pa_marca-nyby","13":"pa_medidas-25-cm","15":"first","16":"instock","17":"shipping-taxable","18":"purchasable","19":"product-type-simple"},"aioseo_notices":[],"_links":{"self":[{"href":"https:\/\/aukinkochile.com\/web\/wp-json\/wp\/v2\/product\/588350","targetHints":{"allow":["GET"]}}],"collection":[{"href":"https:\/\/aukinkochile.com\/web\/wp-json\/wp\/v2\/product"}],"about":[{"href":"https:\/\/aukinkochile.com\/web\/wp-json\/wp\/v2\/types\/product"}],"replies":[{"embeddable":true,"href":"https:\/\/aukinkochile.com\/web\/wp-json\/wp\/v2\/comments?post=588350"}],"wp:featuredmedia":[{"embeddable":true,"href":"https:\/\/aukinkochile.com\/web\/wp-json\/wp\/v2\/media\/623197"}],"wp:attachment":[{"href":"https:\/\/aukinkochile.com\/web\/wp-json\/wp\/v2\/media?parent=588350"}],"wp:term":[{"taxonomy":"product_brand","embeddable":true,"href":"https:\/\/aukinkochile.com\/web\/wp-json\/wp\/v2\/product_brand?post=588350"},{"taxonomy":"product_cat","embeddable":true,"href":"https:\/\/aukinkochile.com\/web\/wp-json\/wp\/v2\/product_cat?post=588350"},{"taxonomy":"product_tag","embeddable":true,"href":"https:\/\/aukinkochile.com\/web\/wp-json\/wp\/v2\/product_tag?post=588350"}],"curies":[{"name":"wp","href":"https:\/\/api.w.org\/{rel}","templated":true}]}}