{"id":588342,"date":"2022-06-22T20:30:08","date_gmt":"2022-06-22T20:30:08","guid":{"rendered":"https:\/\/aukinkochile.com\/web\/producto\/jardin-balde-metalico-2\/"},"modified":"2024-04-26T17:54:45","modified_gmt":"2024-04-26T17:54:45","slug":"jardin-balde-metalico-2","status":"publish","type":"product","link":"https:\/\/aukinkochile.com\/web\/producto\/jardin-balde-metalico-2\/","title":{"rendered":"Balde Met\u00e1lico"},"content":{"rendered":"<p>Precioso balde de metal de alta resistencia. Con mango de metal y empu\u00f1adura de madera. Para 2 litros.<\/p>\n<p><p><strong>Material : <\/strong> Metal<\/p>\n<p><strong>C\u00f3digo Aukinko : <\/strong> 06-7766<\/p>\n<p><strong>C\u00f3digo Convenio Marco : <\/strong> x<\/p>\n","protected":false},"excerpt":{"rendered":"<p>Precioso balde de metal de alta resistencia. Con mango de metal y empu\u00f1adura de madera. Para 2 litros. Material : Metal C\u00f3digo Aukinko : 06-7766 C\u00f3digo Convenio Marco : x<\/p>\n","protected":false},"featured_media":623193,"comment_status":"open","ping_status":"closed","template":"","meta":{"_et_pb_use_builder":"","_et_pb_old_content":"","_et_gb_content_width":""},"product_brand":[],"product_cat":[1005,17],"product_tag":[],"class_list":{"0":"post-588342","1":"product","2":"type-product","3":"status-publish","4":"has-post-thumbnail","6":"product_cat-accesorios-patio","7":"product_cat-juegos-de-rol","8":"pa_edad-10-anos","9":"pa_edad-3-a-4-anos","10":"pa_edad-4-a-5-anos","11":"pa_edad-5-a-6-anos","12":"pa_edad-6-a-8-anos","13":"pa_edad-8-a-10-anos","14":"pa_marca-nyby","15":"pa_medidas-17-cm-diametro-x-15-cm","17":"first","18":"instock","19":"shipping-taxable","20":"purchasable","21":"product-type-simple"},"aioseo_notices":[],"_links":{"self":[{"href":"https:\/\/aukinkochile.com\/web\/wp-json\/wp\/v2\/product\/588342","targetHints":{"allow":["GET"]}}],"collection":[{"href":"https:\/\/aukinkochile.com\/web\/wp-json\/wp\/v2\/product"}],"about":[{"href":"https:\/\/aukinkochile.com\/web\/wp-json\/wp\/v2\/types\/product"}],"replies":[{"embeddable":true,"href":"https:\/\/aukinkochile.com\/web\/wp-json\/wp\/v2\/comments?post=588342"}],"wp:featuredmedia":[{"embeddable":true,"href":"https:\/\/aukinkochile.com\/web\/wp-json\/wp\/v2\/media\/623193"}],"wp:attachment":[{"href":"https:\/\/aukinkochile.com\/web\/wp-json\/wp\/v2\/media?parent=588342"}],"wp:term":[{"taxonomy":"product_brand","embeddable":true,"href":"https:\/\/aukinkochile.com\/web\/wp-json\/wp\/v2\/product_brand?post=588342"},{"taxonomy":"product_cat","embeddable":true,"href":"https:\/\/aukinkochile.com\/web\/wp-json\/wp\/v2\/product_cat?post=588342"},{"taxonomy":"product_tag","embeddable":true,"href":"https:\/\/aukinkochile.com\/web\/wp-json\/wp\/v2\/product_tag?post=588342"}],"curies":[{"name":"wp","href":"https:\/\/api.w.org\/{rel}","templated":true}]}}