{"id":586320,"date":"2022-05-31T19:30:01","date_gmt":"2022-05-31T19:30:01","guid":{"rendered":"https:\/\/aukinkochile.com\/web\/producto\/juego-de-mesa-beppo-la-cabra\/"},"modified":"2024-12-09T16:24:16","modified_gmt":"2024-12-09T16:24:16","slug":"juego-de-mesa-beppo-la-cabra","status":"publish","type":"product","link":"https:\/\/aukinkochile.com\/web\/producto\/juego-de-mesa-beppo-la-cabra\/","title":{"rendered":"Juego de Mesa Beppo La Cabra"},"content":{"rendered":"<p>En su camino a casa los ni\u00f1os se encuentran con Beppo la cabra. En realidad, Beppo es bastante buena y no da\u00f1ar\u00eda ni a una mosca. Sin embargo, si se molesta durante su siesta despu\u00e9s del almuerzo, puede reaccionar de mala manera. Galardonado como\u00bb juego infantil del a\u00f1o 2007&#8243;. 2 a 4 jugadores. 15 minutos de juego.<\/p>\n<p><strong>Material : <\/strong> MADERA Y CARTON<\/p>\n<p><strong>C\u00f3digo Aukinko : <\/strong> 18-1875518<\/p>\n<p><strong>C\u00f3digo Convenio Marco : <\/strong><\/p>\n","protected":false},"excerpt":{"rendered":"<p>En su camino a casa los ni\u00f1os se encuentran con Beppo la cabra. En realidad, Beppo es bastante buena y no da\u00f1ar\u00eda ni a una mosca. Sin embargo, si se molesta durante su siesta despu\u00e9s del almuerzo, puede reaccionar de mala manera. Galardonado como\u00bb juego infantil del a\u00f1o 2007&#8243;. 2 a 4 jugadores. 15 minutos [&hellip;]<\/p>\n","protected":false},"featured_media":624677,"comment_status":"open","ping_status":"closed","template":"","meta":{"_et_pb_use_builder":"","_et_pb_old_content":"","_et_gb_content_width":""},"product_brand":[],"product_cat":[149],"product_tag":[],"class_list":{"0":"post-586320","1":"product","2":"type-product","3":"status-publish","4":"has-post-thumbnail","6":"product_cat-juegos-de-mesa","7":"pa_edad-10-anos","8":"pa_edad-5-a-6-anos","9":"pa_edad-6-a-8-anos","10":"pa_edad-8-a-10-anos","11":"pa_marca-huch","12":"pa_medidas-4666","13":"pa_medidas-5-cm","14":"pa_medidas-5-x-34","15":"pa_medidas-5-x-6","17":"first","18":"instock","19":"shipping-taxable","20":"purchasable","21":"product-type-simple"},"aioseo_notices":[],"_links":{"self":[{"href":"https:\/\/aukinkochile.com\/web\/wp-json\/wp\/v2\/product\/586320","targetHints":{"allow":["GET"]}}],"collection":[{"href":"https:\/\/aukinkochile.com\/web\/wp-json\/wp\/v2\/product"}],"about":[{"href":"https:\/\/aukinkochile.com\/web\/wp-json\/wp\/v2\/types\/product"}],"replies":[{"embeddable":true,"href":"https:\/\/aukinkochile.com\/web\/wp-json\/wp\/v2\/comments?post=586320"}],"wp:featuredmedia":[{"embeddable":true,"href":"https:\/\/aukinkochile.com\/web\/wp-json\/wp\/v2\/media\/624677"}],"wp:attachment":[{"href":"https:\/\/aukinkochile.com\/web\/wp-json\/wp\/v2\/media?parent=586320"}],"wp:term":[{"taxonomy":"product_brand","embeddable":true,"href":"https:\/\/aukinkochile.com\/web\/wp-json\/wp\/v2\/product_brand?post=586320"},{"taxonomy":"product_cat","embeddable":true,"href":"https:\/\/aukinkochile.com\/web\/wp-json\/wp\/v2\/product_cat?post=586320"},{"taxonomy":"product_tag","embeddable":true,"href":"https:\/\/aukinkochile.com\/web\/wp-json\/wp\/v2\/product_tag?post=586320"}],"curies":[{"name":"wp","href":"https:\/\/api.w.org\/{rel}","templated":true}]}}