{"id":583477,"date":"2022-04-29T21:24:44","date_gmt":"2022-04-29T21:24:44","guid":{"rendered":"https:\/\/aukinkochile.com\/web\/producto\/bloques-creativos-de-madera-250-pz\/"},"modified":"2025-11-06T20:08:29","modified_gmt":"2025-11-06T20:08:29","slug":"bloques-creativos-de-madera-250-pz","status":"publish","type":"product","link":"https:\/\/aukinkochile.com\/web\/producto\/bloques-creativos-de-madera-250-pz\/","title":{"rendered":"Bloques Madera Creativos 250 pz"},"content":{"rendered":"<p>Divertido juego de construcci\u00f3n para pasar horas de diversi\u00f3n dejando volar la imaginaci\u00f3n de los m\u00e1s peque\u00f1os. Incluye 250 piezas de bloques, 150 de madera cl\u00e1sicos de color natural y 100 de colores brillantes. Ofrece infinitas posibilidades para la realizaci\u00f3n de ideas creativas para ni\u00f1os y ni\u00f1as. Contiene un folleto con propuestas de construcci\u00f3n y un contenedor para almacenar las piezas f\u00e1cilmente. Fabricado en material suave y resistente. <\/p>\n<p><p><strong>Material : <\/strong> Madera<\/p>\n<p><strong>C\u00f3digo Aukinko : <\/strong> 18-250956<\/p>\n<p><strong>C\u00f3digo Convenio Marco : <\/strong> x<\/p>\n","protected":false},"excerpt":{"rendered":"<p>Divertido juego de construcci\u00f3n para pasar horas de diversi\u00f3n dejando volar la imaginaci\u00f3n de los m\u00e1s peque\u00f1os. Incluye 250 piezas de bloques, 150 de madera cl\u00e1sicos de color natural y 100 de colores brillantes. Ofrece infinitas posibilidades para la realizaci\u00f3n de ideas creativas para ni\u00f1os y ni\u00f1as. Contiene un folleto con propuestas de construcci\u00f3n y [&hellip;]<\/p>\n","protected":false},"featured_media":625040,"comment_status":"open","ping_status":"closed","template":"","meta":{"_et_pb_use_builder":"","_et_pb_old_content":"","_et_gb_content_width":""},"product_brand":[],"product_cat":[91,19,20],"product_tag":[],"class_list":{"0":"post-583477","1":"product","2":"type-product","3":"status-publish","4":"has-post-thumbnail","6":"product_cat-accesorios-sala","7":"product_cat-construccion","8":"product_cat-motricidad-fina","9":"pa_edad-3-a-4-anos","10":"pa_edad-4-a-5-anos","11":"pa_edad-5-a-6-anos","12":"pa_marca-viga","13":"pa_medidas-21-x-21-x-22","14":"pa_medidas-9-cm-tonel","16":"first","17":"instock","18":"shipping-taxable","19":"purchasable","20":"product-type-simple"},"aioseo_notices":[],"_links":{"self":[{"href":"https:\/\/aukinkochile.com\/web\/wp-json\/wp\/v2\/product\/583477","targetHints":{"allow":["GET"]}}],"collection":[{"href":"https:\/\/aukinkochile.com\/web\/wp-json\/wp\/v2\/product"}],"about":[{"href":"https:\/\/aukinkochile.com\/web\/wp-json\/wp\/v2\/types\/product"}],"replies":[{"embeddable":true,"href":"https:\/\/aukinkochile.com\/web\/wp-json\/wp\/v2\/comments?post=583477"}],"wp:featuredmedia":[{"embeddable":true,"href":"https:\/\/aukinkochile.com\/web\/wp-json\/wp\/v2\/media\/625040"}],"wp:attachment":[{"href":"https:\/\/aukinkochile.com\/web\/wp-json\/wp\/v2\/media?parent=583477"}],"wp:term":[{"taxonomy":"product_brand","embeddable":true,"href":"https:\/\/aukinkochile.com\/web\/wp-json\/wp\/v2\/product_brand?post=583477"},{"taxonomy":"product_cat","embeddable":true,"href":"https:\/\/aukinkochile.com\/web\/wp-json\/wp\/v2\/product_cat?post=583477"},{"taxonomy":"product_tag","embeddable":true,"href":"https:\/\/aukinkochile.com\/web\/wp-json\/wp\/v2\/product_tag?post=583477"}],"curies":[{"name":"wp","href":"https:\/\/api.w.org\/{rel}","templated":true}]}}