{"id":583436,"date":"2022-04-29T21:24:24","date_gmt":"2022-04-29T21:24:24","guid":{"rendered":"https:\/\/aukinkochile.com\/web\/producto\/juego-mesa-carnaval-animales\/"},"modified":"2025-11-06T20:07:46","modified_gmt":"2025-11-06T20:07:46","slug":"juego-mesa-carnaval-animales","status":"publish","type":"product","link":"https:\/\/aukinkochile.com\/web\/producto\/juego-mesa-carnaval-animales\/","title":{"rendered":"Juego Mesa Madera Carnaval Animales"},"content":{"rendered":"<p>Divertido juego de madera que contiene 4 paneles, 36 bloques de animales y 2 dados. Ayuda al desarrollo de las habilidades de los ni\u00f1os y ni\u00f1as para reconocer diferentes animales y colores y estimular la reacci\u00f3n r\u00e1pida, as\u00ed como la capacidad de trabajo en equipo. Incluye gu\u00eda de juego. Fabricado en material suave y resistente. <\/p>\n<p><p><strong>Material : <\/strong> Madera<\/p>\n<p><strong>C\u00f3digo Aukinko : <\/strong> 18-250450<\/p>\n<p><strong>C\u00f3digo Convenio Marco : <\/strong> x<\/p>\n","protected":false},"excerpt":{"rendered":"<p>Divertido juego de madera que contiene 4 paneles, 36 bloques de animales y 2 dados. Ayuda al desarrollo de las habilidades de los ni\u00f1os y ni\u00f1as para reconocer diferentes animales y colores y estimular la reacci\u00f3n r\u00e1pida, as\u00ed como la capacidad de trabajo en equipo. Incluye gu\u00eda de juego. Fabricado en material suave y resistente. [&hellip;]<\/p>\n","protected":false},"featured_media":624981,"comment_status":"open","ping_status":"closed","template":"","meta":{"_et_pb_use_builder":"","_et_pb_old_content":"","_et_gb_content_width":""},"product_brand":[],"product_cat":[149],"product_tag":[],"class_list":{"0":"post-583436","1":"product","2":"type-product","3":"status-publish","4":"has-post-thumbnail","6":"product_cat-juegos-de-mesa","7":"pa_edad-3-a-4-anos","8":"pa_edad-4-a-5-anos","9":"pa_edad-5-a-6-anos","10":"pa_edad-6-a-8-anos","11":"pa_marca-viga","12":"pa_medidas-4336","13":"pa_medidas-5-x-21-x-4-cm-caja","15":"first","16":"instock","17":"shipping-taxable","18":"purchasable","19":"product-type-simple"},"aioseo_notices":[],"_links":{"self":[{"href":"https:\/\/aukinkochile.com\/web\/wp-json\/wp\/v2\/product\/583436","targetHints":{"allow":["GET"]}}],"collection":[{"href":"https:\/\/aukinkochile.com\/web\/wp-json\/wp\/v2\/product"}],"about":[{"href":"https:\/\/aukinkochile.com\/web\/wp-json\/wp\/v2\/types\/product"}],"replies":[{"embeddable":true,"href":"https:\/\/aukinkochile.com\/web\/wp-json\/wp\/v2\/comments?post=583436"}],"wp:featuredmedia":[{"embeddable":true,"href":"https:\/\/aukinkochile.com\/web\/wp-json\/wp\/v2\/media\/624981"}],"wp:attachment":[{"href":"https:\/\/aukinkochile.com\/web\/wp-json\/wp\/v2\/media?parent=583436"}],"wp:term":[{"taxonomy":"product_brand","embeddable":true,"href":"https:\/\/aukinkochile.com\/web\/wp-json\/wp\/v2\/product_brand?post=583436"},{"taxonomy":"product_cat","embeddable":true,"href":"https:\/\/aukinkochile.com\/web\/wp-json\/wp\/v2\/product_cat?post=583436"},{"taxonomy":"product_tag","embeddable":true,"href":"https:\/\/aukinkochile.com\/web\/wp-json\/wp\/v2\/product_tag?post=583436"}],"curies":[{"name":"wp","href":"https:\/\/api.w.org\/{rel}","templated":true}]}}