{"id":583365,"date":"2022-04-29T21:23:47","date_gmt":"2022-04-29T21:23:47","guid":{"rendered":"https:\/\/aukinkochile.com\/web\/producto\/pizarra-doble-con-accesorios-81-pz\/"},"modified":"2025-04-22T14:24:34","modified_gmt":"2025-04-22T14:24:34","slug":"pizarra-doble-con-accesorios-81-pz","status":"publish","type":"product","link":"https:\/\/aukinkochile.com\/web\/producto\/pizarra-doble-con-accesorios-81-pz\/","title":{"rendered":"Pizarra Doble Madera con Accesorios 81 pz"},"content":{"rendered":"<p>Esta hermosa pizarra magn\u00e9tica incluye 26 piezas del alfabeto magn\u00e9ticas (5 cm aprox), 10 piezas de n\u00fameros magn\u00e9ticos (5 cm aprox) y 29 figuras geom\u00e9tricas magn\u00e9ticas (5 cm aprox) para utilizar en ella. Adem\u00e1s incluye 10 tarjetas de instrucciones (10 x 8 cm aprox), una caja de tizas, un borrador, un plum\u00f3n de pizarra, un rollo de papel y una bolsa de genero para guardar todos los accesorios magn\u00e9ticos. El rollo de papel permitir\u00e1 a los ni\u00f1os desarrollar su creatividad dibujando de forma tradicional mientras que adem\u00e1s podr\u00e1n usar tanto la pizarra blanca de un lado como la pizarra negra del otro. Juego multifuncional desarrollado para estimular la motricidad fina y el gusto por el dibujo y la escritura.<\/p>\n<p><p><strong>Material : <\/strong> Madera<\/p>\n<p><strong>C\u00f3digo Aukinko : <\/strong> 18-244545<\/p>\n<p><strong>C\u00f3digo Convenio Marco : <\/strong> x<\/p>\n","protected":false},"excerpt":{"rendered":"<p>Esta hermosa pizarra magn\u00e9tica incluye 26 piezas del alfabeto magn\u00e9ticas (5 cm aprox), 10 piezas de n\u00fameros magn\u00e9ticos (5 cm aprox) y 29 figuras geom\u00e9tricas magn\u00e9ticas (5 cm aprox) para utilizar en ella. Adem\u00e1s incluye 10 tarjetas de instrucciones (10 x 8 cm aprox), una caja de tizas, un borrador, un plum\u00f3n de pizarra, un [&hellip;]<\/p>\n","protected":false},"featured_media":624852,"comment_status":"open","ping_status":"closed","template":"","meta":{"_et_pb_use_builder":"","_et_pb_old_content":"","_et_gb_content_width":""},"product_brand":[],"product_cat":[91,21,151,90],"product_tag":[],"class_list":{"0":"post-583365","1":"product","2":"type-product","3":"status-publish","4":"has-post-thumbnail","6":"product_cat-accesorios-sala","7":"product_cat-arte-y-manipulacion","8":"product_cat-lenguaje","9":"product_cat-matematicas","10":"pa_edad-3-a-4-anos","11":"pa_edad-4-a-5-anos","12":"pa_edad-5-a-6-anos","13":"pa_edad-6-a-8-anos","14":"pa_edad-8-a-10-anos","15":"pa_marca-viga","16":"pa_medidas-51-x-42-x-3-cm","18":"first","19":"instock","20":"shipping-taxable","21":"purchasable","22":"product-type-simple"},"aioseo_notices":[],"_links":{"self":[{"href":"https:\/\/aukinkochile.com\/web\/wp-json\/wp\/v2\/product\/583365","targetHints":{"allow":["GET"]}}],"collection":[{"href":"https:\/\/aukinkochile.com\/web\/wp-json\/wp\/v2\/product"}],"about":[{"href":"https:\/\/aukinkochile.com\/web\/wp-json\/wp\/v2\/types\/product"}],"replies":[{"embeddable":true,"href":"https:\/\/aukinkochile.com\/web\/wp-json\/wp\/v2\/comments?post=583365"}],"wp:featuredmedia":[{"embeddable":true,"href":"https:\/\/aukinkochile.com\/web\/wp-json\/wp\/v2\/media\/624852"}],"wp:attachment":[{"href":"https:\/\/aukinkochile.com\/web\/wp-json\/wp\/v2\/media?parent=583365"}],"wp:term":[{"taxonomy":"product_brand","embeddable":true,"href":"https:\/\/aukinkochile.com\/web\/wp-json\/wp\/v2\/product_brand?post=583365"},{"taxonomy":"product_cat","embeddable":true,"href":"https:\/\/aukinkochile.com\/web\/wp-json\/wp\/v2\/product_cat?post=583365"},{"taxonomy":"product_tag","embeddable":true,"href":"https:\/\/aukinkochile.com\/web\/wp-json\/wp\/v2\/product_tag?post=583365"}],"curies":[{"name":"wp","href":"https:\/\/api.w.org\/{rel}","templated":true}]}}