{"id":580488,"date":"2022-03-29T17:53:44","date_gmt":"2022-03-29T17:53:44","guid":{"rendered":"https:\/\/aukinkochile.com\/web\/producto\/modulos-alfresco-set-escaleras-puente-3-pz\/"},"modified":"2025-06-26T16:14:15","modified_gmt":"2025-06-26T16:14:15","slug":"modulos-alfresco-set-escaleras-puente-3-pz","status":"publish","type":"product","link":"https:\/\/aukinkochile.com\/web\/producto\/modulos-alfresco-set-escaleras-puente-3-pz\/","title":{"rendered":"M\u00f3dulos Pl\u00e1sticos set Escaleras Puente 3 pz"},"content":{"rendered":"<p>Set de 3 m\u00f3dulos pl\u00e1sticos. 2 bloques escaleras de 3 pelda\u00f1os que puede ser utilizado en el principio o final de una pista de obst\u00e1culos. Al rev\u00e9s puede ser utilizado como rampla, tiene anti deslizante para seguridad. Y 1 modulo t\u00fanel que puede ser usado para montar vigas rectas o como t\u00fanel. Con antideslizante en su superficie. Seguro, resistente, liviano, higi\u00e9nico y f\u00e1cil de ensamblar. De excelente calidad y durabilidad. (Stock limitado, preguntar por si necesita mas de un set)<\/p>\n<p><p><strong>Material : <\/strong> Pl\u00e1stico suave Polipropileno<\/p>\n<p><strong>C\u00f3digo Aukinko : <\/strong> 08-77100829<\/p>\n<p><strong>C\u00f3digo Convenio Marco : <\/strong> x<\/p>\n","protected":false},"excerpt":{"rendered":"<p>Set de 3 m\u00f3dulos pl\u00e1sticos. 2 bloques escaleras de 3 pelda\u00f1os que puede ser utilizado en el principio o final de una pista de obst\u00e1culos. Al rev\u00e9s puede ser utilizado como rampla, tiene anti deslizante para seguridad. Y 1 modulo t\u00fanel que puede ser usado para montar vigas rectas o como t\u00fanel. Con antideslizante en [&hellip;]<\/p>\n","protected":false},"featured_media":580487,"comment_status":"open","ping_status":"closed","template":"","meta":{"_et_pb_use_builder":"","_et_pb_old_content":"","_et_gb_content_width":""},"product_brand":[],"product_cat":[91,7385,18],"product_tag":[],"class_list":{"0":"post-580488","1":"product","2":"type-product","3":"status-publish","4":"has-post-thumbnail","6":"product_cat-accesorios-sala","7":"product_cat-estimulacion-cognitiva-y-motora-para-adultos-mayores","8":"product_cat-motricidad-gruesa","9":"pa_edad-2-a-3-anos","10":"pa_edad-3-a-4-anos","11":"pa_edad-4-a-5-anos","12":"pa_edad-5-a-6-anos","13":"pa_marca-wesco","14":"pa_medidas-escalera-75-x-30-x-45-cm","15":"pa_medidas-tunel-80-x-60-x-60-cm","17":"first","18":"instock","19":"shipping-taxable","20":"purchasable","21":"product-type-simple"},"aioseo_notices":[],"_links":{"self":[{"href":"https:\/\/aukinkochile.com\/web\/wp-json\/wp\/v2\/product\/580488","targetHints":{"allow":["GET"]}}],"collection":[{"href":"https:\/\/aukinkochile.com\/web\/wp-json\/wp\/v2\/product"}],"about":[{"href":"https:\/\/aukinkochile.com\/web\/wp-json\/wp\/v2\/types\/product"}],"replies":[{"embeddable":true,"href":"https:\/\/aukinkochile.com\/web\/wp-json\/wp\/v2\/comments?post=580488"}],"wp:featuredmedia":[{"embeddable":true,"href":"https:\/\/aukinkochile.com\/web\/wp-json\/wp\/v2\/media\/580487"}],"wp:attachment":[{"href":"https:\/\/aukinkochile.com\/web\/wp-json\/wp\/v2\/media?parent=580488"}],"wp:term":[{"taxonomy":"product_brand","embeddable":true,"href":"https:\/\/aukinkochile.com\/web\/wp-json\/wp\/v2\/product_brand?post=580488"},{"taxonomy":"product_cat","embeddable":true,"href":"https:\/\/aukinkochile.com\/web\/wp-json\/wp\/v2\/product_cat?post=580488"},{"taxonomy":"product_tag","embeddable":true,"href":"https:\/\/aukinkochile.com\/web\/wp-json\/wp\/v2\/product_tag?post=580488"}],"curies":[{"name":"wp","href":"https:\/\/api.w.org\/{rel}","templated":true}]}}