{"id":580313,"date":"2022-03-29T17:51:36","date_gmt":"2022-03-29T17:51:36","guid":{"rendered":"https:\/\/aukinkochile.com\/web\/producto\/silla-de-madera\/"},"modified":"2024-04-29T21:44:46","modified_gmt":"2024-04-29T21:44:46","slug":"silla-de-madera","status":"publish","type":"product","link":"https:\/\/aukinkochile.com\/web\/producto\/silla-de-madera\/","title":{"rendered":"Silla Madera"},"content":{"rendered":"<p>Esta silla para ni\u00f1os ofrece un asiento c\u00f3modo y seguro. Muy estable con respaldo anat\u00f3mico y de madera de haya. Stock limitado, preguntar por si necesita mas de una unidad)<\/p>\n<p><strong>Material : <\/strong> Madera<\/p>\n<p><strong>C\u00f3digo Aukinko : <\/strong> 08-7134319<\/p>\n<p><strong>C\u00f3digo Convenio Marco : <\/strong> x<\/p>\n","protected":false},"excerpt":{"rendered":"<p>Esta silla para ni\u00f1os ofrece un asiento c\u00f3modo y seguro. Muy estable con respaldo anat\u00f3mico y de madera de haya. Stock limitado, preguntar por si necesita mas de una unidad) Material : Madera C\u00f3digo Aukinko : 08-7134319 C\u00f3digo Convenio Marco : x<\/p>\n","protected":false},"featured_media":580312,"comment_status":"open","ping_status":"closed","template":"","meta":{"_et_pb_use_builder":"","_et_pb_old_content":"","_et_gb_content_width":""},"product_brand":[],"product_cat":[91],"product_tag":[],"class_list":{"0":"post-580313","1":"product","2":"type-product","3":"status-publish","4":"has-post-thumbnail","6":"product_cat-accesorios-sala","7":"pa_edad-1-a-2-anos","8":"pa_edad-2-a-3-anos","9":"pa_edad-3-a-4-anos","10":"pa_edad-4-a-5-anos","11":"pa_marca-wesco","12":"pa_medidas-21-cm","14":"first","15":"instock","16":"shipping-taxable","17":"purchasable","18":"product-type-simple"},"aioseo_notices":[],"_links":{"self":[{"href":"https:\/\/aukinkochile.com\/web\/wp-json\/wp\/v2\/product\/580313","targetHints":{"allow":["GET"]}}],"collection":[{"href":"https:\/\/aukinkochile.com\/web\/wp-json\/wp\/v2\/product"}],"about":[{"href":"https:\/\/aukinkochile.com\/web\/wp-json\/wp\/v2\/types\/product"}],"replies":[{"embeddable":true,"href":"https:\/\/aukinkochile.com\/web\/wp-json\/wp\/v2\/comments?post=580313"}],"wp:featuredmedia":[{"embeddable":true,"href":"https:\/\/aukinkochile.com\/web\/wp-json\/wp\/v2\/media\/580312"}],"wp:attachment":[{"href":"https:\/\/aukinkochile.com\/web\/wp-json\/wp\/v2\/media?parent=580313"}],"wp:term":[{"taxonomy":"product_brand","embeddable":true,"href":"https:\/\/aukinkochile.com\/web\/wp-json\/wp\/v2\/product_brand?post=580313"},{"taxonomy":"product_cat","embeddable":true,"href":"https:\/\/aukinkochile.com\/web\/wp-json\/wp\/v2\/product_cat?post=580313"},{"taxonomy":"product_tag","embeddable":true,"href":"https:\/\/aukinkochile.com\/web\/wp-json\/wp\/v2\/product_tag?post=580313"}],"curies":[{"name":"wp","href":"https:\/\/api.w.org\/{rel}","templated":true}]}}