{"id":580305,"date":"2022-03-29T17:51:32","date_gmt":"2022-03-29T17:51:32","guid":{"rendered":"https:\/\/aukinkochile.com\/web\/producto\/modulo-tiny-mat-cuadrado\/"},"modified":"2025-06-26T16:13:45","modified_gmt":"2025-06-26T16:13:45","slug":"modulo-tiny-mat-cuadrado","status":"publish","type":"product","link":"https:\/\/aukinkochile.com\/web\/producto\/modulo-tiny-mat-cuadrado\/","title":{"rendered":"Modulo Espuma Tiny Mat Cuadrado"},"content":{"rendered":"<p>Modulo cuadrado de espuma de alta densidad forrado en vinil. De gran calidad y dise\u00f1o. Base antideslizante. Material retarda fuego. Con garant\u00eda de 3 a\u00f1os. M\u00f3dulos livianos, f\u00e1cil de mover. Dise\u00f1ado para los mas peque\u00f1os. Colores verdes y azules surtidos. (Stock limitado, preguntar por si necesita mas de una unidad).<\/p>\n<p><p><strong>Material : <\/strong> Espuma alta densidad cubierta Vinyl<\/p>\n<p><strong>C\u00f3digo Aukinko : <\/strong> 08-7133616<\/p>\n<p><strong>C\u00f3digo Convenio Marco : <\/strong> x<\/p>\n","protected":false},"excerpt":{"rendered":"<p>Modulo cuadrado de espuma de alta densidad forrado en vinil. De gran calidad y dise\u00f1o. Base antideslizante. Material retarda fuego. Con garant\u00eda de 3 a\u00f1os. M\u00f3dulos livianos, f\u00e1cil de mover. Dise\u00f1ado para los mas peque\u00f1os. Colores verdes y azules surtidos. (Stock limitado, preguntar por si necesita mas de una unidad). Material : Espuma alta densidad [&hellip;]<\/p>\n","protected":false},"featured_media":625848,"comment_status":"open","ping_status":"closed","template":"","meta":{"_et_pb_use_builder":"","_et_pb_old_content":"","_et_gb_content_width":""},"product_brand":[],"product_cat":[91,7385,18],"product_tag":[],"class_list":{"0":"post-580305","1":"product","2":"type-product","3":"status-publish","4":"has-post-thumbnail","6":"product_cat-accesorios-sala","7":"product_cat-estimulacion-cognitiva-y-motora-para-adultos-mayores","8":"product_cat-motricidad-gruesa","9":"pa_edad-0-a-1-ano","10":"pa_edad-1-a-2-anos","11":"pa_edad-2-a-3-anos","12":"pa_edad-3-a-4-anos","13":"pa_marca-wesco","14":"pa_medidas-48-x-48-x-6-cm","16":"first","17":"instock","18":"shipping-taxable","19":"purchasable","20":"product-type-simple"},"aioseo_notices":[],"_links":{"self":[{"href":"https:\/\/aukinkochile.com\/web\/wp-json\/wp\/v2\/product\/580305","targetHints":{"allow":["GET"]}}],"collection":[{"href":"https:\/\/aukinkochile.com\/web\/wp-json\/wp\/v2\/product"}],"about":[{"href":"https:\/\/aukinkochile.com\/web\/wp-json\/wp\/v2\/types\/product"}],"replies":[{"embeddable":true,"href":"https:\/\/aukinkochile.com\/web\/wp-json\/wp\/v2\/comments?post=580305"}],"wp:featuredmedia":[{"embeddable":true,"href":"https:\/\/aukinkochile.com\/web\/wp-json\/wp\/v2\/media\/625848"}],"wp:attachment":[{"href":"https:\/\/aukinkochile.com\/web\/wp-json\/wp\/v2\/media?parent=580305"}],"wp:term":[{"taxonomy":"product_brand","embeddable":true,"href":"https:\/\/aukinkochile.com\/web\/wp-json\/wp\/v2\/product_brand?post=580305"},{"taxonomy":"product_cat","embeddable":true,"href":"https:\/\/aukinkochile.com\/web\/wp-json\/wp\/v2\/product_cat?post=580305"},{"taxonomy":"product_tag","embeddable":true,"href":"https:\/\/aukinkochile.com\/web\/wp-json\/wp\/v2\/product_tag?post=580305"}],"curies":[{"name":"wp","href":"https:\/\/api.w.org\/{rel}","templated":true}]}}