{"id":580275,"date":"2022-03-29T17:51:17","date_gmt":"2022-03-29T17:51:17","guid":{"rendered":"https:\/\/aukinkochile.com\/web\/producto\/laberinto-madera-magnetico\/"},"modified":"2024-04-29T20:48:24","modified_gmt":"2024-04-29T20:48:24","slug":"laberinto-madera-magnetico","status":"publish","type":"product","link":"https:\/\/aukinkochile.com\/web\/producto\/laberinto-madera-magnetico\/","title":{"rendered":"Laberinto Madera Magn\u00e9tico"},"content":{"rendered":"<p>Laberinto magn\u00e9tico para desarrollar destrezas en la motricidad fina, juego individual de gran tama\u00f1o que permite el desarrollo de la escritura y pre escritura. Contiene 6 diferentes planillas y 36 peque\u00f1as bolas de madera. (Stock limitado, preguntar por si necesita mas de una unidad)<\/p>\n<p><p><strong>Material : <\/strong> Madera y Plastico<\/p>\n<p><strong>C\u00f3digo Aukinko : <\/strong> 08-7128409<\/p>\n<p><strong>C\u00f3digo Convenio Marco : <\/strong> x<\/p>\n","protected":false},"excerpt":{"rendered":"<p>Laberinto magn\u00e9tico para desarrollar destrezas en la motricidad fina, juego individual de gran tama\u00f1o que permite el desarrollo de la escritura y pre escritura. Contiene 6 diferentes planillas y 36 peque\u00f1as bolas de madera. (Stock limitado, preguntar por si necesita mas de una unidad) Material : Madera y Plastico C\u00f3digo Aukinko : 08-7128409 C\u00f3digo Convenio [&hellip;]<\/p>\n","protected":false},"featured_media":625827,"comment_status":"open","ping_status":"closed","template":"","meta":{"_et_pb_use_builder":"","_et_pb_old_content":"","_et_gb_content_width":""},"product_brand":[],"product_cat":[91,20],"product_tag":[],"class_list":{"0":"post-580275","1":"product","2":"type-product","3":"status-publish","4":"has-post-thumbnail","6":"product_cat-accesorios-sala","7":"product_cat-motricidad-fina","8":"pa_edad-3-a-4-anos","9":"pa_edad-4-a-5-anos","10":"pa_edad-5-a-6-anos","11":"pa_marca-wesco","12":"pa_medidas-37-x-37-x-3-cm","14":"first","15":"instock","16":"shipping-taxable","17":"purchasable","18":"product-type-simple"},"aioseo_notices":[],"_links":{"self":[{"href":"https:\/\/aukinkochile.com\/web\/wp-json\/wp\/v2\/product\/580275","targetHints":{"allow":["GET"]}}],"collection":[{"href":"https:\/\/aukinkochile.com\/web\/wp-json\/wp\/v2\/product"}],"about":[{"href":"https:\/\/aukinkochile.com\/web\/wp-json\/wp\/v2\/types\/product"}],"replies":[{"embeddable":true,"href":"https:\/\/aukinkochile.com\/web\/wp-json\/wp\/v2\/comments?post=580275"}],"wp:featuredmedia":[{"embeddable":true,"href":"https:\/\/aukinkochile.com\/web\/wp-json\/wp\/v2\/media\/625827"}],"wp:attachment":[{"href":"https:\/\/aukinkochile.com\/web\/wp-json\/wp\/v2\/media?parent=580275"}],"wp:term":[{"taxonomy":"product_brand","embeddable":true,"href":"https:\/\/aukinkochile.com\/web\/wp-json\/wp\/v2\/product_brand?post=580275"},{"taxonomy":"product_cat","embeddable":true,"href":"https:\/\/aukinkochile.com\/web\/wp-json\/wp\/v2\/product_cat?post=580275"},{"taxonomy":"product_tag","embeddable":true,"href":"https:\/\/aukinkochile.com\/web\/wp-json\/wp\/v2\/product_tag?post=580275"}],"curies":[{"name":"wp","href":"https:\/\/api.w.org\/{rel}","templated":true}]}}