{"id":580187,"date":"2022-03-29T17:50:37","date_gmt":"2022-03-29T17:50:37","guid":{"rendered":"https:\/\/aukinkochile.com\/web\/producto\/ruedas-set-6-pz\/"},"modified":"2024-04-29T20:48:14","modified_gmt":"2024-04-29T20:48:14","slug":"ruedas-set-6-pz","status":"publish","type":"product","link":"https:\/\/aukinkochile.com\/web\/producto\/ruedas-set-6-pz\/","title":{"rendered":"Modulo Pl\u00e1stico Ruedas set 6 pz"},"content":{"rendered":"<p>Set de 2 ruedas de 40 cm de di\u00e1metro interior. Pueden ser usadas de diversas formas, montadas, con los 6 anexos para detenerlas, y los ni\u00f1os pueden esconderse en ellas. Incluye 4 puentes de pl\u00e1stico resistente y seguro en color amarillo para darles la posici\u00f3n deseada. Seguras, resistentes, ligeras, higi\u00e9nicas y f\u00e1ciles de ensamblar. (Stock limitado, preguntar por si necesita m\u00e1s de una unidad)<\/p>\n<p><p><strong>Material : <\/strong> Plastico suave Polipropileno<\/p>\n<p><strong>C\u00f3digo Aukinko : <\/strong> 08-7104715<\/p>\n<p><strong>C\u00f3digo Convenio Marco : <\/strong> x<\/p>\n","protected":false},"excerpt":{"rendered":"<p>Set de 2 ruedas de 40 cm de di\u00e1metro interior. Pueden ser usadas de diversas formas, montadas, con los 6 anexos para detenerlas, y los ni\u00f1os pueden esconderse en ellas. Incluye 4 puentes de pl\u00e1stico resistente y seguro en color amarillo para darles la posici\u00f3n deseada. Seguras, resistentes, ligeras, higi\u00e9nicas y f\u00e1ciles de ensamblar. (Stock [&hellip;]<\/p>\n","protected":false},"featured_media":580186,"comment_status":"open","ping_status":"closed","template":"","meta":{"_et_pb_use_builder":"","_et_pb_old_content":"","_et_gb_content_width":""},"product_brand":[],"product_cat":[91,18],"product_tag":[],"class_list":{"0":"post-580187","1":"product","2":"type-product","3":"status-publish","4":"has-post-thumbnail","6":"product_cat-accesorios-sala","7":"product_cat-motricidad-gruesa","8":"pa_edad-2-a-3-anos","9":"pa_edad-3-a-4-anos","10":"pa_edad-4-a-5-anos","11":"pa_edad-5-a-6-anos","12":"pa_marca-wesco","13":"pa_medidas-30-x-70-cm-ruedas","14":"pa_medidas-40-x-30-x-30-cm-puentes","16":"first","17":"instock","18":"shipping-taxable","19":"purchasable","20":"product-type-simple"},"aioseo_notices":[],"_links":{"self":[{"href":"https:\/\/aukinkochile.com\/web\/wp-json\/wp\/v2\/product\/580187","targetHints":{"allow":["GET"]}}],"collection":[{"href":"https:\/\/aukinkochile.com\/web\/wp-json\/wp\/v2\/product"}],"about":[{"href":"https:\/\/aukinkochile.com\/web\/wp-json\/wp\/v2\/types\/product"}],"replies":[{"embeddable":true,"href":"https:\/\/aukinkochile.com\/web\/wp-json\/wp\/v2\/comments?post=580187"}],"wp:featuredmedia":[{"embeddable":true,"href":"https:\/\/aukinkochile.com\/web\/wp-json\/wp\/v2\/media\/580186"}],"wp:attachment":[{"href":"https:\/\/aukinkochile.com\/web\/wp-json\/wp\/v2\/media?parent=580187"}],"wp:term":[{"taxonomy":"product_brand","embeddable":true,"href":"https:\/\/aukinkochile.com\/web\/wp-json\/wp\/v2\/product_brand?post=580187"},{"taxonomy":"product_cat","embeddable":true,"href":"https:\/\/aukinkochile.com\/web\/wp-json\/wp\/v2\/product_cat?post=580187"},{"taxonomy":"product_tag","embeddable":true,"href":"https:\/\/aukinkochile.com\/web\/wp-json\/wp\/v2\/product_tag?post=580187"}],"curies":[{"name":"wp","href":"https:\/\/api.w.org\/{rel}","templated":true}]}}