{"id":580167,"date":"2022-03-29T17:50:26","date_gmt":"2022-03-29T17:50:26","guid":{"rendered":"https:\/\/aukinkochile.com\/web\/producto\/enlazar-hoja-madera\/"},"modified":"2024-04-29T20:48:10","modified_gmt":"2024-04-29T20:48:10","slug":"enlazar-hoja-madera","status":"publish","type":"product","link":"https:\/\/aukinkochile.com\/web\/producto\/enlazar-hoja-madera\/","title":{"rendered":"Enlazar Hoja Madera"},"content":{"rendered":"<p>Juego de enlace que ejercita atar, desarrolla la destreza, mejora la coordinaci\u00f3n ojo-mano, introduce la noci\u00f3n de color, la forma, la direcci\u00f3n y prepara para la escritura al hacer movimientos espec\u00edficos. (Stock limitado, preguntar por si necesita mas de una unidad)<\/p>\n<p><p><strong>Material : <\/strong> Madera<\/p>\n<p><strong>C\u00f3digo Aukinko : <\/strong> 08-7102063<\/p>\n<p><strong>C\u00f3digo Convenio Marco : <\/strong> x<\/p>\n","protected":false},"excerpt":{"rendered":"<p>Juego de enlace que ejercita atar, desarrolla la destreza, mejora la coordinaci\u00f3n ojo-mano, introduce la noci\u00f3n de color, la forma, la direcci\u00f3n y prepara para la escritura al hacer movimientos espec\u00edficos. (Stock limitado, preguntar por si necesita mas de una unidad) Material : Madera C\u00f3digo Aukinko : 08-7102063 C\u00f3digo Convenio Marco : x<\/p>\n","protected":false},"featured_media":625822,"comment_status":"open","ping_status":"closed","template":"","meta":{"_et_pb_use_builder":"","_et_pb_old_content":"","_et_gb_content_width":""},"product_brand":[],"product_cat":[91,21,20],"product_tag":[],"class_list":{"0":"post-580167","1":"product","2":"type-product","3":"status-publish","4":"has-post-thumbnail","6":"product_cat-accesorios-sala","7":"product_cat-arte-y-manipulacion","8":"product_cat-motricidad-fina","9":"pa_edad-3-a-4-anos","10":"pa_edad-4-a-5-anos","11":"pa_marca-wesco","12":"pa_medidas-27-x-22-x-0","13":"pa_medidas-8-cm","15":"first","16":"instock","17":"shipping-taxable","18":"purchasable","19":"product-type-simple"},"aioseo_notices":[],"_links":{"self":[{"href":"https:\/\/aukinkochile.com\/web\/wp-json\/wp\/v2\/product\/580167","targetHints":{"allow":["GET"]}}],"collection":[{"href":"https:\/\/aukinkochile.com\/web\/wp-json\/wp\/v2\/product"}],"about":[{"href":"https:\/\/aukinkochile.com\/web\/wp-json\/wp\/v2\/types\/product"}],"replies":[{"embeddable":true,"href":"https:\/\/aukinkochile.com\/web\/wp-json\/wp\/v2\/comments?post=580167"}],"wp:featuredmedia":[{"embeddable":true,"href":"https:\/\/aukinkochile.com\/web\/wp-json\/wp\/v2\/media\/625822"}],"wp:attachment":[{"href":"https:\/\/aukinkochile.com\/web\/wp-json\/wp\/v2\/media?parent=580167"}],"wp:term":[{"taxonomy":"product_brand","embeddable":true,"href":"https:\/\/aukinkochile.com\/web\/wp-json\/wp\/v2\/product_brand?post=580167"},{"taxonomy":"product_cat","embeddable":true,"href":"https:\/\/aukinkochile.com\/web\/wp-json\/wp\/v2\/product_cat?post=580167"},{"taxonomy":"product_tag","embeddable":true,"href":"https:\/\/aukinkochile.com\/web\/wp-json\/wp\/v2\/product_tag?post=580167"}],"curies":[{"name":"wp","href":"https:\/\/api.w.org\/{rel}","templated":true}]}}