{"id":580121,"date":"2022-03-29T17:50:05","date_gmt":"2022-03-29T17:50:05","guid":{"rendered":"https:\/\/aukinkochile.com\/web\/producto\/huellas-manos-set-de-12\/"},"modified":"2025-06-26T16:12:55","modified_gmt":"2025-06-26T16:12:55","slug":"huellas-manos-set-de-12","status":"publish","type":"product","link":"https:\/\/aukinkochile.com\/web\/producto\/huellas-manos-set-de-12\/","title":{"rendered":"Huellas Manos set 12"},"content":{"rendered":"<p>Set de 12 huellas de manos, 6 derechas y 6 izquierdas, ideales para actividades motoras. Estas huellas tienen una base antideslizante para mayor seguridad durante su uso. (Stock limitado, preguntar si necesita m\u00e1s de una unidad)<\/p>\n<p><p><strong>Material : <\/strong> Goma<\/p>\n<p><strong>C\u00f3digo Aukinko : <\/strong> 08-7100341<\/p>\n<p><strong>C\u00f3digo Convenio Marco : <\/strong> x<\/p>\n","protected":false},"excerpt":{"rendered":"<p>Set de 12 huellas de manos, 6 derechas y 6 izquierdas, ideales para actividades motoras. Estas huellas tienen una base antideslizante para mayor seguridad durante su uso. (Stock limitado, preguntar si necesita m\u00e1s de una unidad) Material : Goma C\u00f3digo Aukinko : 08-7100341 C\u00f3digo Convenio Marco : x<\/p>\n","protected":false},"featured_media":625824,"comment_status":"open","ping_status":"closed","template":"","meta":{"_et_pb_use_builder":"","_et_pb_old_content":"","_et_gb_content_width":""},"product_brand":[],"product_cat":[91,7385,18],"product_tag":[],"class_list":{"0":"post-580121","1":"product","2":"type-product","3":"status-publish","4":"has-post-thumbnail","6":"product_cat-accesorios-sala","7":"product_cat-estimulacion-cognitiva-y-motora-para-adultos-mayores","8":"product_cat-motricidad-gruesa","9":"pa_edad-3-a-4-anos","10":"pa_edad-4-a-5-anos","11":"pa_edad-5-a-6-anos","12":"pa_edad-6-a-8-anos","13":"pa_marca-wesco","14":"pa_medidas-4389","15":"pa_medidas-4-cm","16":"pa_medidas-5-x-16-x-0","18":"first","19":"instock","20":"shipping-taxable","21":"purchasable","22":"product-type-simple"},"aioseo_notices":[],"_links":{"self":[{"href":"https:\/\/aukinkochile.com\/web\/wp-json\/wp\/v2\/product\/580121","targetHints":{"allow":["GET"]}}],"collection":[{"href":"https:\/\/aukinkochile.com\/web\/wp-json\/wp\/v2\/product"}],"about":[{"href":"https:\/\/aukinkochile.com\/web\/wp-json\/wp\/v2\/types\/product"}],"replies":[{"embeddable":true,"href":"https:\/\/aukinkochile.com\/web\/wp-json\/wp\/v2\/comments?post=580121"}],"wp:featuredmedia":[{"embeddable":true,"href":"https:\/\/aukinkochile.com\/web\/wp-json\/wp\/v2\/media\/625824"}],"wp:attachment":[{"href":"https:\/\/aukinkochile.com\/web\/wp-json\/wp\/v2\/media?parent=580121"}],"wp:term":[{"taxonomy":"product_brand","embeddable":true,"href":"https:\/\/aukinkochile.com\/web\/wp-json\/wp\/v2\/product_brand?post=580121"},{"taxonomy":"product_cat","embeddable":true,"href":"https:\/\/aukinkochile.com\/web\/wp-json\/wp\/v2\/product_cat?post=580121"},{"taxonomy":"product_tag","embeddable":true,"href":"https:\/\/aukinkochile.com\/web\/wp-json\/wp\/v2\/product_tag?post=580121"}],"curies":[{"name":"wp","href":"https:\/\/api.w.org\/{rel}","templated":true}]}}