{"id":580105,"date":"2022-03-29T17:49:58","date_gmt":"2022-03-29T17:49:58","guid":{"rendered":"https:\/\/aukinkochile.com\/web\/producto\/deportes-set-de-6-pinzas-pica-pica\/"},"modified":"2025-06-26T16:12:52","modified_gmt":"2025-06-26T16:12:52","slug":"deportes-set-de-6-pinzas-pica-pica","status":"publish","type":"product","link":"https:\/\/aukinkochile.com\/web\/producto\/deportes-set-de-6-pinzas-pica-pica\/","title":{"rendered":"Pinzas Pica-Pica 6 pz"},"content":{"rendered":"<p>Set de 6 pinzas para enlazar todo tipo de aros y picas. Con rotaci\u00f3n de 180\u00ba. De material resistente y duradero. (Stock limitado, preguntar por si necesita mas de una unidad)<\/p>\n<p><p><strong>Material : <\/strong> Pl\u00e1stico Resistente<\/p>\n<p><strong>C\u00f3digo Aukinko : <\/strong> 08-7100143<\/p>\n<p><strong>C\u00f3digo Convenio Marco : <\/strong> x<\/p>\n","protected":false},"excerpt":{"rendered":"<p>Set de 6 pinzas para enlazar todo tipo de aros y picas. Con rotaci\u00f3n de 180\u00ba. De material resistente y duradero. (Stock limitado, preguntar por si necesita mas de una unidad) Material : Pl\u00e1stico Resistente C\u00f3digo Aukinko : 08-7100143 C\u00f3digo Convenio Marco : x<\/p>\n","protected":false},"featured_media":625812,"comment_status":"open","ping_status":"closed","template":"","meta":{"_et_pb_use_builder":"","_et_pb_old_content":"","_et_gb_content_width":""},"product_brand":[],"product_cat":[148,7385,18],"product_tag":[],"class_list":{"0":"post-580105","1":"product","2":"type-product","3":"status-publish","4":"has-post-thumbnail","6":"product_cat-deportes","7":"product_cat-estimulacion-cognitiva-y-motora-para-adultos-mayores","8":"product_cat-motricidad-gruesa","9":"pa_edad-3-a-4-anos","10":"pa_edad-4-a-5-anos","11":"pa_edad-5-a-6-anos","12":"pa_edad-6-a-8-anos","13":"pa_marca-wesco","14":"pa_medidas-4578","15":"pa_medidas-5-cm-diametro","17":"first","18":"instock","19":"shipping-taxable","20":"purchasable","21":"product-type-simple"},"aioseo_notices":[],"_links":{"self":[{"href":"https:\/\/aukinkochile.com\/web\/wp-json\/wp\/v2\/product\/580105","targetHints":{"allow":["GET"]}}],"collection":[{"href":"https:\/\/aukinkochile.com\/web\/wp-json\/wp\/v2\/product"}],"about":[{"href":"https:\/\/aukinkochile.com\/web\/wp-json\/wp\/v2\/types\/product"}],"replies":[{"embeddable":true,"href":"https:\/\/aukinkochile.com\/web\/wp-json\/wp\/v2\/comments?post=580105"}],"wp:featuredmedia":[{"embeddable":true,"href":"https:\/\/aukinkochile.com\/web\/wp-json\/wp\/v2\/media\/625812"}],"wp:attachment":[{"href":"https:\/\/aukinkochile.com\/web\/wp-json\/wp\/v2\/media?parent=580105"}],"wp:term":[{"taxonomy":"product_brand","embeddable":true,"href":"https:\/\/aukinkochile.com\/web\/wp-json\/wp\/v2\/product_brand?post=580105"},{"taxonomy":"product_cat","embeddable":true,"href":"https:\/\/aukinkochile.com\/web\/wp-json\/wp\/v2\/product_cat?post=580105"},{"taxonomy":"product_tag","embeddable":true,"href":"https:\/\/aukinkochile.com\/web\/wp-json\/wp\/v2\/product_tag?post=580105"}],"curies":[{"name":"wp","href":"https:\/\/api.w.org\/{rel}","templated":true}]}}