{"id":578786,"date":"2022-03-14T19:37:07","date_gmt":"2022-03-14T19:37:07","guid":{"rendered":"https:\/\/aukinkochile.com\/web\/producto\/pizarra-magnetica-cuadriculada-plumon-tiza-set-6\/"},"modified":"2025-04-14T17:38:12","modified_gmt":"2025-04-14T17:38:12","slug":"pizarra-magnetica-cuadriculada-plumon-tiza-set-6","status":"publish","type":"product","link":"https:\/\/aukinkochile.com\/web\/producto\/pizarra-magnetica-cuadriculada-plumon-tiza-set-6\/","title":{"rendered":"Pizarra Magn\u00e9tica Cuadriculada Plum\u00f3n\/Tiza set 6"},"content":{"rendered":"<p>6 pizarras magn\u00e9ticas de 23 x 29 cm. cuadriculada. Para escribir con plum\u00f3n y tiza. Imantada para poder poner las letras y n\u00fameros con im\u00e1n.<\/p>\n<p><p><strong>Material : <\/strong> Pl\u00e1stico<\/p>\n<p><strong>C\u00f3digo Aukinko : <\/strong> 07-55102<\/p>\n<p><strong>C\u00f3digo Convenio Marco : <\/strong> <\/p>\n","protected":false},"excerpt":{"rendered":"<p>6 pizarras magn\u00e9ticas de 23 x 29 cm. cuadriculada. Para escribir con plum\u00f3n y tiza. Imantada para poder poner las letras y n\u00fameros con im\u00e1n. Material : Pl\u00e1stico C\u00f3digo Aukinko : 07-55102 C\u00f3digo Convenio Marco :<\/p>\n","protected":false},"featured_media":626508,"comment_status":"open","ping_status":"closed","template":"","meta":{"_et_pb_use_builder":"","_et_pb_old_content":"","_et_gb_content_width":""},"product_brand":[],"product_cat":[91,21],"product_tag":[],"class_list":{"0":"post-578786","1":"product","2":"type-product","3":"status-publish","4":"has-post-thumbnail","6":"product_cat-accesorios-sala","7":"product_cat-arte-y-manipulacion","8":"pa_edad-10-anos","9":"pa_edad-4-a-5-anos","10":"pa_edad-5-a-6-anos","11":"pa_edad-6-a-8-anos","12":"pa_edad-8-a-10-anos","13":"pa_marca-quercetti","14":"pa_medidas-23-x-29-x-2-cm","16":"first","17":"instock","18":"sale","19":"shipping-taxable","20":"purchasable","21":"product-type-simple"},"aioseo_notices":[],"_links":{"self":[{"href":"https:\/\/aukinkochile.com\/web\/wp-json\/wp\/v2\/product\/578786","targetHints":{"allow":["GET"]}}],"collection":[{"href":"https:\/\/aukinkochile.com\/web\/wp-json\/wp\/v2\/product"}],"about":[{"href":"https:\/\/aukinkochile.com\/web\/wp-json\/wp\/v2\/types\/product"}],"replies":[{"embeddable":true,"href":"https:\/\/aukinkochile.com\/web\/wp-json\/wp\/v2\/comments?post=578786"}],"wp:featuredmedia":[{"embeddable":true,"href":"https:\/\/aukinkochile.com\/web\/wp-json\/wp\/v2\/media\/626508"}],"wp:attachment":[{"href":"https:\/\/aukinkochile.com\/web\/wp-json\/wp\/v2\/media?parent=578786"}],"wp:term":[{"taxonomy":"product_brand","embeddable":true,"href":"https:\/\/aukinkochile.com\/web\/wp-json\/wp\/v2\/product_brand?post=578786"},{"taxonomy":"product_cat","embeddable":true,"href":"https:\/\/aukinkochile.com\/web\/wp-json\/wp\/v2\/product_cat?post=578786"},{"taxonomy":"product_tag","embeddable":true,"href":"https:\/\/aukinkochile.com\/web\/wp-json\/wp\/v2\/product_tag?post=578786"}],"curies":[{"name":"wp","href":"https:\/\/api.w.org\/{rel}","templated":true}]}}