{"id":575097,"date":"2022-01-12T15:24:31","date_gmt":"2022-01-12T15:24:31","guid":{"rendered":"https:\/\/aukinkochile.com\/web\/producto\/puzle-acc-maletin-porta-puzle-hasta-1-500-pz\/"},"modified":"2024-11-11T21:10:35","modified_gmt":"2024-11-11T21:10:35","slug":"puzle-acc-maletin-porta-puzle-hasta-1-500-pz","status":"publish","type":"product","link":"https:\/\/aukinkochile.com\/web\/producto\/puzle-acc-maletin-porta-puzle-hasta-1-500-pz\/","title":{"rendered":"Porta Puzle hasta 1.500 pz"},"content":{"rendered":"<p>Malet\u00edn para transportar puzles de hasta 1.500 piezas. Los puzles se arman sobre la carpeta, luego se cierra y se transporta. Pr\u00e1ctico y asegura la protecci\u00f3n del puzle y sus piezas.<\/p>\n<p><p><strong>Material : <\/strong> Pl\u00e1stico<\/p>\n<p><strong>C\u00f3digo Aukinko : <\/strong> 05-7618060<\/p>\n<p><strong>C\u00f3digo Convenio Marco : <\/strong> x<\/p>\n","protected":false},"excerpt":{"rendered":"<p>Malet\u00edn para transportar puzles de hasta 1.500 piezas. Los puzles se arman sobre la carpeta, luego se cierra y se transporta. Pr\u00e1ctico y asegura la protecci\u00f3n del puzle y sus piezas. Material : Pl\u00e1stico C\u00f3digo Aukinko : 05-7618060 C\u00f3digo Convenio Marco : x<\/p>\n","protected":false},"featured_media":623492,"comment_status":"open","ping_status":"closed","template":"","meta":{"_et_pb_use_builder":"","_et_pb_old_content":"","_et_gb_content_width":""},"product_brand":[],"product_cat":[22],"product_tag":[],"class_list":{"0":"post-575097","1":"product","2":"type-product","3":"status-publish","4":"has-post-thumbnail","6":"product_cat-puzzles","7":"pa_edad-10-anos","8":"pa_edad-8-a-10-anos","9":"pa_marca-diset","10":"pa_medidas-67-x-13-x-92-cm","12":"first","13":"instock","14":"shipping-taxable","15":"purchasable","16":"product-type-simple"},"aioseo_notices":[],"_links":{"self":[{"href":"https:\/\/aukinkochile.com\/web\/wp-json\/wp\/v2\/product\/575097","targetHints":{"allow":["GET"]}}],"collection":[{"href":"https:\/\/aukinkochile.com\/web\/wp-json\/wp\/v2\/product"}],"about":[{"href":"https:\/\/aukinkochile.com\/web\/wp-json\/wp\/v2\/types\/product"}],"replies":[{"embeddable":true,"href":"https:\/\/aukinkochile.com\/web\/wp-json\/wp\/v2\/comments?post=575097"}],"wp:featuredmedia":[{"embeddable":true,"href":"https:\/\/aukinkochile.com\/web\/wp-json\/wp\/v2\/media\/623492"}],"wp:attachment":[{"href":"https:\/\/aukinkochile.com\/web\/wp-json\/wp\/v2\/media?parent=575097"}],"wp:term":[{"taxonomy":"product_brand","embeddable":true,"href":"https:\/\/aukinkochile.com\/web\/wp-json\/wp\/v2\/product_brand?post=575097"},{"taxonomy":"product_cat","embeddable":true,"href":"https:\/\/aukinkochile.com\/web\/wp-json\/wp\/v2\/product_cat?post=575097"},{"taxonomy":"product_tag","embeddable":true,"href":"https:\/\/aukinkochile.com\/web\/wp-json\/wp\/v2\/product_tag?post=575097"}],"curies":[{"name":"wp","href":"https:\/\/api.w.org\/{rel}","templated":true}]}}