{"id":573251,"date":"2021-09-22T04:47:14","date_gmt":"2021-09-22T04:47:14","guid":{"rendered":"https:\/\/aukinkochile.com\/web\/producto\/encaje-madera-circulos-de-colores\/"},"modified":"2023-10-19T17:25:04","modified_gmt":"2023-10-19T17:25:04","slug":"encaje-madera-circulos-de-colores","status":"publish","type":"product","link":"https:\/\/aukinkochile.com\/web\/producto\/encaje-madera-circulos-de-colores\/","title":{"rendered":"Encaje Madera C\u00edrculos De Colores"},"content":{"rendered":"<p>Circulo sorter graduado. 5 c\u00edrculos de diferentes tama\u00f1os representados con colores diferentes con tarugo para el f\u00e1cil agarre de las formas. Para encajar y aprender de los colores y tama\u00f1os.<\/p>\n<p><p><strong>Material : <\/strong> MADERA DE CAUCHO<\/p>\n<p><strong>C\u00f3digo Aukinko : <\/strong> 18-6526<\/p>\n<p><strong>C\u00f3digo Convenio Marco : <\/strong> <\/p>\n","protected":false},"excerpt":{"rendered":"<p>Circulo sorter graduado. 5 c\u00edrculos de diferentes tama\u00f1os representados con colores diferentes con tarugo para el f\u00e1cil agarre de las formas. Para encajar y aprender de los colores y tama\u00f1os. Material : MADERA DE CAUCHO C\u00f3digo Aukinko : 18-6526 C\u00f3digo Convenio Marco :<\/p>\n","protected":false},"featured_media":624533,"comment_status":"open","ping_status":"closed","template":"","meta":{"_et_pb_use_builder":"","_et_pb_old_content":"","_et_gb_content_width":""},"product_brand":[],"product_cat":[91,19,20],"product_tag":[],"class_list":{"0":"post-573251","1":"product","2":"type-product","3":"status-publish","4":"has-post-thumbnail","6":"product_cat-accesorios-sala","7":"product_cat-construccion","8":"product_cat-motricidad-fina","9":"pa_edad-2-a-3-anos","10":"pa_edad-3-a-4-anos","11":"pa_edad-4-a-5-anos","12":"pa_marca-guidecraft","13":"pa_medidas-4481","14":"pa_medidas-7-cm-diametro-circulo-mas-grande","16":"first","17":"instock","18":"sale","19":"shipping-taxable","20":"purchasable","21":"product-type-simple"},"aioseo_notices":[],"_links":{"self":[{"href":"https:\/\/aukinkochile.com\/web\/wp-json\/wp\/v2\/product\/573251","targetHints":{"allow":["GET"]}}],"collection":[{"href":"https:\/\/aukinkochile.com\/web\/wp-json\/wp\/v2\/product"}],"about":[{"href":"https:\/\/aukinkochile.com\/web\/wp-json\/wp\/v2\/types\/product"}],"replies":[{"embeddable":true,"href":"https:\/\/aukinkochile.com\/web\/wp-json\/wp\/v2\/comments?post=573251"}],"wp:featuredmedia":[{"embeddable":true,"href":"https:\/\/aukinkochile.com\/web\/wp-json\/wp\/v2\/media\/624533"}],"wp:attachment":[{"href":"https:\/\/aukinkochile.com\/web\/wp-json\/wp\/v2\/media?parent=573251"}],"wp:term":[{"taxonomy":"product_brand","embeddable":true,"href":"https:\/\/aukinkochile.com\/web\/wp-json\/wp\/v2\/product_brand?post=573251"},{"taxonomy":"product_cat","embeddable":true,"href":"https:\/\/aukinkochile.com\/web\/wp-json\/wp\/v2\/product_cat?post=573251"},{"taxonomy":"product_tag","embeddable":true,"href":"https:\/\/aukinkochile.com\/web\/wp-json\/wp\/v2\/product_tag?post=573251"}],"curies":[{"name":"wp","href":"https:\/\/api.w.org\/{rel}","templated":true}]}}