{"id":573102,"date":"2021-09-22T04:46:39","date_gmt":"2021-09-22T04:46:39","guid":{"rendered":"https:\/\/aukinkochile.com\/web\/producto\/bloques-de-transporte\/"},"modified":"2025-11-06T20:12:30","modified_gmt":"2025-11-06T20:12:30","slug":"bloques-de-transporte","status":"publish","type":"product","link":"https:\/\/aukinkochile.com\/web\/producto\/bloques-de-transporte\/","title":{"rendered":"Enlazar Bloques Madera Transporte 12 pz"},"content":{"rendered":"<p>Divertido juego de enlazar con piezas del zool\u00f3gico para pasar horas de diversi\u00f3n. Incluye 12 bloques de madera para enlazar. Los lazos en el borde tiene una barra de madera fina para dar mas facilidad para que los ni\u00f1os jueguen. Un juego ideal para desarrollar las habilidades motoras fina y dejar volar la imaginaci\u00f3n creando historias con estos divertidos personajes. De excelente calidad y dise\u00f1o. Fabricado en material suave y resistente.<\/p>\n<p><p><strong>Material : <\/strong> Madera<\/p>\n<p><strong>C\u00f3digo Aukinko : <\/strong> 18-259851<\/p>\n<p><strong>C\u00f3digo Convenio Marco : <\/strong> x<\/p>\n","protected":false},"excerpt":{"rendered":"<p>Divertido juego de enlazar con piezas del zool\u00f3gico para pasar horas de diversi\u00f3n. Incluye 12 bloques de madera para enlazar. Los lazos en el borde tiene una barra de madera fina para dar mas facilidad para que los ni\u00f1os jueguen. Un juego ideal para desarrollar las habilidades motoras fina y dejar volar la imaginaci\u00f3n creando [&hellip;]<\/p>\n","protected":false},"featured_media":625166,"comment_status":"open","ping_status":"closed","template":"","meta":{"_et_pb_use_builder":"","_et_pb_old_content":"","_et_gb_content_width":""},"product_brand":[],"product_cat":[91,19,20],"product_tag":[],"class_list":{"0":"post-573102","1":"product","2":"type-product","3":"status-publish","4":"has-post-thumbnail","6":"product_cat-accesorios-sala","7":"product_cat-construccion","8":"product_cat-motricidad-fina","9":"pa_edad-3-a-4-anos","10":"pa_edad-4-a-5-anos","11":"pa_marca-viga","12":"pa_medidas-22-x-16-x-3-cm","14":"first","15":"instock","16":"shipping-taxable","17":"purchasable","18":"product-type-simple"},"aioseo_notices":[],"_links":{"self":[{"href":"https:\/\/aukinkochile.com\/web\/wp-json\/wp\/v2\/product\/573102","targetHints":{"allow":["GET"]}}],"collection":[{"href":"https:\/\/aukinkochile.com\/web\/wp-json\/wp\/v2\/product"}],"about":[{"href":"https:\/\/aukinkochile.com\/web\/wp-json\/wp\/v2\/types\/product"}],"replies":[{"embeddable":true,"href":"https:\/\/aukinkochile.com\/web\/wp-json\/wp\/v2\/comments?post=573102"}],"wp:featuredmedia":[{"embeddable":true,"href":"https:\/\/aukinkochile.com\/web\/wp-json\/wp\/v2\/media\/625166"}],"wp:attachment":[{"href":"https:\/\/aukinkochile.com\/web\/wp-json\/wp\/v2\/media?parent=573102"}],"wp:term":[{"taxonomy":"product_brand","embeddable":true,"href":"https:\/\/aukinkochile.com\/web\/wp-json\/wp\/v2\/product_brand?post=573102"},{"taxonomy":"product_cat","embeddable":true,"href":"https:\/\/aukinkochile.com\/web\/wp-json\/wp\/v2\/product_cat?post=573102"},{"taxonomy":"product_tag","embeddable":true,"href":"https:\/\/aukinkochile.com\/web\/wp-json\/wp\/v2\/product_tag?post=573102"}],"curies":[{"name":"wp","href":"https:\/\/api.w.org\/{rel}","templated":true}]}}