{"id":573010,"date":"2021-09-22T04:46:16","date_gmt":"2021-09-22T04:46:16","guid":{"rendered":"https:\/\/aukinkochile.com\/web\/producto\/circuito-motricidad\/"},"modified":"2025-11-06T20:10:09","modified_gmt":"2025-11-06T20:10:09","slug":"circuito-motricidad","status":"publish","type":"product","link":"https:\/\/aukinkochile.com\/web\/producto\/circuito-motricidad\/","title":{"rendered":"Circuito Motricidad Madera"},"content":{"rendered":"<p>Divertido circuito para pasar horas de diversi\u00f3n. Dise\u00f1ado para estimular el desarrollo de la motricidad fina, el reconocimiento de formas y colores, de la orientaci\u00f3n espacial y mucho m\u00e1s. Incluye cuentas de madera de diferentes colores. De gran calidad y dise\u00f1o. Fabricado en material suave y resistente.<\/p>\n<p><p><strong>Material : <\/strong> Madera<\/p>\n<p><strong>C\u00f3digo Aukinko : <\/strong> 18-258374<\/p>\n<p><strong>C\u00f3digo Convenio Marco : <\/strong> x<\/p>\n","protected":false},"excerpt":{"rendered":"<p>Divertido circuito para pasar horas de diversi\u00f3n. Dise\u00f1ado para estimular el desarrollo de la motricidad fina, el reconocimiento de formas y colores, de la orientaci\u00f3n espacial y mucho m\u00e1s. Incluye cuentas de madera de diferentes colores. De gran calidad y dise\u00f1o. Fabricado en material suave y resistente. Material : Madera C\u00f3digo Aukinko : 18-258374 C\u00f3digo [&hellip;]<\/p>\n","protected":false},"featured_media":625120,"comment_status":"open","ping_status":"closed","template":"","meta":{"_et_pb_use_builder":"","_et_pb_old_content":"","_et_gb_content_width":""},"product_brand":[],"product_cat":[91,20],"product_tag":[],"class_list":{"0":"post-573010","1":"product","2":"type-product","3":"status-publish","4":"has-post-thumbnail","6":"product_cat-accesorios-sala","7":"product_cat-motricidad-fina","8":"pa_edad-1-a-2-anos","9":"pa_edad-2-a-3-anos","10":"pa_marca-viga","11":"pa_medidas-34-x-26-x-33-cm","13":"first","14":"instock","15":"shipping-taxable","16":"purchasable","17":"product-type-simple"},"aioseo_notices":[],"_links":{"self":[{"href":"https:\/\/aukinkochile.com\/web\/wp-json\/wp\/v2\/product\/573010","targetHints":{"allow":["GET"]}}],"collection":[{"href":"https:\/\/aukinkochile.com\/web\/wp-json\/wp\/v2\/product"}],"about":[{"href":"https:\/\/aukinkochile.com\/web\/wp-json\/wp\/v2\/types\/product"}],"replies":[{"embeddable":true,"href":"https:\/\/aukinkochile.com\/web\/wp-json\/wp\/v2\/comments?post=573010"}],"wp:featuredmedia":[{"embeddable":true,"href":"https:\/\/aukinkochile.com\/web\/wp-json\/wp\/v2\/media\/625120"}],"wp:attachment":[{"href":"https:\/\/aukinkochile.com\/web\/wp-json\/wp\/v2\/media?parent=573010"}],"wp:term":[{"taxonomy":"product_brand","embeddable":true,"href":"https:\/\/aukinkochile.com\/web\/wp-json\/wp\/v2\/product_brand?post=573010"},{"taxonomy":"product_cat","embeddable":true,"href":"https:\/\/aukinkochile.com\/web\/wp-json\/wp\/v2\/product_cat?post=573010"},{"taxonomy":"product_tag","embeddable":true,"href":"https:\/\/aukinkochile.com\/web\/wp-json\/wp\/v2\/product_tag?post=573010"}],"curies":[{"name":"wp","href":"https:\/\/api.w.org\/{rel}","templated":true}]}}